CREATE TABLE `preventa_detalles` (
  `id` bigint(20) UNSIGNED NOT NULL,
  `preventa_id` bigint(20) UNSIGNED NOT NULL,
  `sucursal_id` bigint(20) UNSIGNED NOT NULL,
  `almacen_id` bigint(20) UNSIGNED NOT NULL,
  `user_id` bigint(20) UNSIGNED NOT NULL,
  `item_id` bigint(20) UNSIGNED NOT NULL,
  `item_movimiento_id` bigint(20) UNSIGNED NOT NULL,
  `producto_id` bigint(20) UNSIGNED NOT NULL,
  `cantidad` decimal(8,2) NOT NULL DEFAULT 0.00,
  `costo` decimal(8,2) NOT NULL,
  `precio_1` decimal(8,2) NOT NULL,
  `precio_2` decimal(8,2) NOT NULL,
  `precio_3` decimal(8,2) NOT NULL,
  `precio_4` decimal(8,2) NOT NULL,
  `descuento` decimal(8,2) NOT NULL,
  `total` decimal(8,2) NOT NULL,
  `estado` tinyint(1) NOT NULL DEFAULT 1,
  `created_at` timestamp NULL DEFAULT NULL,
  `updated_at` timestamp NULL DEFAULT NULL
) ENGINE=InnoDB DEFAULT CHARSET=utf8mb4 COLLATE=utf8mb4_unicode_ci;

--
-- Volcado de datos para la tabla `preventa_detalles`
--

INSERT INTO `preventa_detalles` (`id`, `preventa_id`, `sucursal_id`, `almacen_id`, `user_id`, `item_id`, `item_movimiento_id`, `producto_id`, `cantidad`, `costo`, `precio_1`, `precio_2`, `precio_3`, `precio_4`, `descuento`, `total`, `estado`, `created_at`, `updated_at`) VALUES
(1, 2, 2, 8, 1, 4, 47, 6, '4.00', '2.00', '2.50', '3.00', '4.00', '5.00', '0.00', '20.00', 0, '2024-07-03 03:00:01', '2024-07-06 06:14:17'),
(2, 3, 2, 8, 1, 4, 43, 6, '2.00', '2.00', '2.50', '3.00', '4.00', '5.00', '0.00', '10.00', 0, '2024-07-03 03:19:04', '2024-07-06 05:57:00'),
(3, 2, 2, 8, 1, 4, 48, 6, '8.00', '2.00', '2.50', '3.00', '4.00', '5.00', '0.00', '15.00', 1, '2024-07-06 06:08:48', '2024-07-06 06:14:17'),
(4, 3, 2, 8, 1, 4, 51, 6, '3.00', '2.00', '2.50', '3.00', '4.00', '5.00', '0.00', '20.00', 1, '2024-07-06 06:55:22', '2024-07-06 07:04:09'),
(5, 3, 2, 8, 1, 4, 52, 6, '5.00', '2.00', '2.50', '3.00', '4.00', '5.00', '0.00', '25.00', 1, '2024-07-06 07:04:09', '2024-07-06 07:04:09'),
(6, 1, 2, 8, 1, 4, 53, 6, '1.00', '2.00', '2.50', '3.00', '4.00', '5.00', '0.00', '10.00', 0, '2024-07-14 14:33:30', '2024-07-14 14:35:38'),
(7, 1, 2, 8, 1, 4, 60, 6, '1.00', '2.00', '2.50', '3.00', '4.00', '5.00', '0.00', '5.00', 0, '2024-07-14 14:37:18', '2024-07-14 14:41:17'),
(8, 1, 2, 8, 1, 4, 61, 6, '3.00', '2.00', '2.50', '3.00', '4.00', '5.00', '0.00', '15.00', 1, '2024-07-14 14:42:47', '2024-07-14 14:42:47'),
(9, 4, 2, 8, 1, 4, 72, 6, '1.00', '2.00', '2.50', '3.00', '4.00', '5.00', '0.00', '5.00', 1, '2024-07-18 21:06:43', '2024-07-18 23:22:57'),
(10, 5, 2, 8, 1, 4, 74, 6, '1.00', '2.00', '2.50', '3.00', '4.00', '5.00', '0.00', '5.00', 1, '2024-07-19 00:32:02', '2024-07-19 00:32:02'),
(11, 6, 2, 8, 1, 4, 75, 6, '1.00', '2.00', '2.50', '3.00', '4.00', '5.00', '0.00', '5.00', 1, '2024-07-19 00:40:02', '2024-07-19 00:40:02'),
(12, 7, 2, 8, 1, 4, 76, 6, '1.00', '2.00', '2.50', '3.00', '4.00', '5.00', '0.00', '5.00', 1, '2024-07-19 00:41:21', '2024-07-19 00:41:21'),
(13, 8, 1, 2, 1, 1, 100, 7, '2.00', '23.00', '12.00', '13.00', '14.00', '15.00', '0.00', '30.00', 1, '2024-08-04 21:54:26', '2024-08-04 21:54:26'),
(14, 9, 1, 2, 1, 974, 1167, 973, '1.00', '12.00', '15.00', '17.00', '19.00', '20.00', '0.00', '20.00', 1, '2024-09-15 20:58:48', '2024-09-15 20:58:48'),
(15, 10, 1, 2, 1, 974, 1171, 973, '1.00', '12.00', '15.00', '17.00', '19.00', '20.00', '0.00', '20.00', 1, '2024-09-15 21:03:49', '2024-09-16 00:27:57'),
(16, 11, 1, 2, 1, 974, 1176, 973, '1.00', '12.00', '15.00', '17.00', '19.00', '20.00', '0.00', '40.00', 1, '2024-09-17 22:46:02', '2024-09-17 22:51:24'),
(17, 12, 1, 2, 1, 975, 1179, 973, '7.00', '12.00', '15.00', '17.00', '19.00', '20.00', '0.00', '40.00', 0, '2024-09-17 23:07:07', '2024-09-17 23:39:02'),
(18, 12, 1, 2, 1, 975, 1181, 973, '1.00', '12.00', '15.00', '17.00', '19.00', '20.00', '0.00', '40.00', 0, '2024-09-17 23:58:47', '2024-09-17 23:59:04'),
(19, 13, 1, 2, 1, 976, 1184, 973, '1.00', '12.00', '15.00', '17.00', '19.00', '20.00', '0.00', '40.00', 0, '2024-09-18 00:02:30', '2024-09-18 00:10:29'),
(20, 13, 1, 2, 1, 976, 1186, 973, '2.00', '12.00', '15.00', '17.00', '19.00', '20.00', '0.00', '60.00', 0, '2024-09-18 00:14:14', '2024-09-18 00:19:41'),
(21, 13, 1, 2, 1, 976, 1189, 973, '2.00', '12.00', '15.00', '17.00', '19.00', '20.00', '0.00', '40.00', 1, '2024-09-18 00:20:01', '2024-09-18 00:47:31'),
(22, 14, 1, 2, 1, 975, 1190, 973, '1.00', '12.00', '15.00', '17.00', '19.00', '20.00', '0.00', '20.00', 1, '2024-09-18 00:56:17', '2024-09-18 00:56:17'),
(23, 12, 1, 2, 1, 976, 1192, 973, '1.00', '12.00', '15.00', '17.00', '19.00', '20.00', '0.00', '20.00', 1, '2024-09-18 01:35:09', '2024-09-18 01:35:22'),
(24, 16, 1, 2, 1, 976, 1203, 973, '1.00', '12.00', '15.00', '17.00', '19.00', '20.00', '0.00', '20.00', 1, '2024-09-20 21:01:08', '2024-09-20 21:01:08'),
(25, 17, 1, 2, 1, 987, 1222, 975, '2.00', '20.00', '24.00', '26.00', '28.00', '40.00', '0.00', '80.00', 1, '2024-09-23 22:31:45', '2024-09-23 22:34:21'),
(26, 17, 1, 2, 1, 987, 1223, 975, '1.00', '20.00', '24.00', '26.00', '28.00', '40.00', '0.00', '40.00', 1, '2024-09-23 22:34:21', '2024-09-23 22:34:21'),
(27, 18, 2, 8, 1, 9, 1230, 13, '2.00', '2.00', '3.00', '4.00', '5.00', '6.00', '0.00', '12.00', 1, '2024-09-29 08:29:06', '2024-09-29 08:29:06');

-- --------------------------------------------------------

--
-- Estructura de tabla para la tabla `preventa_servicios`
--

CREATE TABLE `preventa_servicios` (
  `id` bigint(20) UNSIGNED NOT NULL,
  `preventa_id` bigint(20) UNSIGNED NOT NULL,
  `sucursal_id` bigint(20) UNSIGNED NOT NULL,
  `user_id` bigint(20) UNSIGNED NOT NULL,
  `servicio_id` bigint(20) UNSIGNED NOT NULL,
  `cantidad` decimal(8,2) NOT NULL DEFAULT 0.00,
  `costo` decimal(8,2) NOT NULL,
  `precio_1` decimal(8,2) NOT NULL,
  `precio_2` decimal(8,2) NOT NULL,
  `precio_3` decimal(8,2) NOT NULL,
  `precio_4` decimal(8,2) NOT NULL,
  `descuento` decimal(8,2) NOT NULL,
  `total` decimal(8,2) NOT NULL,
  `estado` tinyint(1) NOT NULL DEFAULT 1,
  `created_at` timestamp NULL DEFAULT NULL,
  `updated_at` timestamp NULL DEFAULT NULL
) ENGINE=InnoDB DEFAULT CHARSET=utf8mb4 COLLATE=utf8mb4_unicode_ci;

--
-- Volcado de datos para la tabla `preventa_servicios`
--

INSERT INTO `preventa_servicios` (`id`, `preventa_id`, `sucursal_id`, `user_id`, `servicio_id`, `cantidad`, `costo`, `precio_1`, `precio_2`, `precio_3`, `precio_4`, `descuento`, `total`, `estado`, `created_at`, `updated_at`) VALUES
(1, 4, 2, 1, 2, '3.00', '2.00', '3.00', '4.00', '5.00', '6.00', '0.00', '6.00', 1, '2024-07-18 21:06:43', '2024-07-18 23:19:59'),
(2, 4, 2, 1, 1, '2.00', '1.00', '1.00', '2.00', '3.00', '4.00', '0.00', '8.00', 1, '2024-07-18 23:22:17', '2024-07-18 23:22:17'),
(3, 4, 2, 1, 2, '1.00', '2.00', '3.00', '4.00', '5.00', '6.00', '0.00', '6.00', 1, '2024-07-18 23:22:57', '2024-07-18 23:22:57'),
(4, 5, 2, 1, 2, '2.00', '2.00', '3.00', '4.00', '5.00', '6.00', '0.00', '12.00', 1, '2024-07-19 00:32:02', '2024-07-19 00:32:02'),
(5, 6, 2, 1, 2, '4.00', '2.00', '3.00', '4.00', '5.00', '6.00', '0.00', '24.00', 1, '2024-07-19 00:40:02', '2024-07-19 00:40:02'),
(6, 7, 2, 1, 2, '1.00', '2.00', '3.00', '4.00', '5.00', '6.00', '0.00', '6.00', 1, '2024-07-19 00:41:21', '2024-07-19 00:41:21'),
(7, 9, 1, 1, 2, '1.00', '2.00', '3.00', '4.00', '5.00', '6.00', '0.00', '6.00', 1, '2024-09-15 20:58:48', '2024-09-15 20:58:48'),
(8, 10, 1, 1, 2, '1.00', '2.00', '3.00', '4.00', '5.00', '6.00', '0.00', '6.00', 1, '2024-09-15 21:03:49', '2024-09-15 21:03:49'),
(9, 16, 1, 1, 2, '1.00', '2.00', '3.00', '4.00', '5.00', '6.00', '0.00', '6.00', 1, '2024-09-20 21:01:08', '2024-09-20 21:01:08');

-- --------------------------------------------------------

--
-- Estructura de tabla para la tabla `productos`
--

CREATE TABLE `productos` (
  `id` bigint(20) UNSIGNED NOT NULL,
  `nombre` text DEFAULT NULL,
  `codigo_barra` text DEFAULT NULL,
  `detalle` text DEFAULT NULL,
  `medida_id` bigint(20) UNSIGNED NOT NULL,
  `proveedor_id` int(11) DEFAULT NULL,
  `marca_id` bigint(20) UNSIGNED NOT NULL,
  `categoria_id` bigint(20) UNSIGNED NOT NULL,
  `costo` decimal(8,2) NOT NULL,
  `precio_1` decimal(8,2) NOT NULL,
  `precio_2` decimal(8,2) NOT NULL,
  `precio_3` decimal(8,2) NOT NULL,
  `precio_4` decimal(8,2) NOT NULL,
  `stock_minimo` decimal(8,2) NOT NULL,
  `stock_medio` decimal(8,2) NOT NULL,
  `stock_moderado` decimal(8,2) NOT NULL,
  `is_perecedero` tinyint(1) NOT NULL DEFAULT 1,
  `is_lote` tinyint(1) NOT NULL DEFAULT 1,
  `is_servicio` tinyint(1) NOT NULL DEFAULT 1,
  `is_exento` tinyint(1) NOT NULL DEFAULT 1,
  `estado` tinyint(1) NOT NULL DEFAULT 1,
  `created_at` timestamp NULL DEFAULT NULL,
  `updated_at` timestamp NULL DEFAULT NULL
) ENGINE=InnoDB DEFAULT CHARSET=utf8mb4 COLLATE=utf8mb4_unicode_ci;

--
-- Volcado de datos para la tabla `productos`
--

INSERT INTO `productos` (`id`, `nombre`, `codigo_barra`, `detalle`, `medida_id`, `proveedor_id`, `marca_id`, `categoria_id`, `costo`, `precio_1`, `precio_2`, `precio_3`, `precio_4`, `stock_minimo`, `stock_medio`, `stock_moderado`, `is_perecedero`, `is_lote`, `is_servicio`, `is_exento`, `estado`, `created_at`, `updated_at`) VALUES
(1, 'n', 'co', 'de', 1, NULL, 1, 1, '1.00', '2.00', '3.00', '4.00', '5.00', '1.00', '2.00', '3.00', 1, 1, 1, 1, 0, '2024-02-22 23:47:51', '2024-02-23 10:23:11'),
(2, '6', '233', 'ss', 1, NULL, 1, 1, '2.00', '2.00', '2.00', '2.00', '2.00', '2.00', '3.00', '5.00', 1, 0, 1, 1, 1, '2024-02-23 01:09:03', '2024-04-03 14:11:26'),
(3, '5', '2333', '33', 1, NULL, 1, 1, '2.00', '3.00', '4.00', '4.00', '4.00', '2.00', '3.00', '4.00', 1, 1, 1, 1, 1, '2024-02-23 01:23:08', '2024-04-03 14:11:09'),
(4, '4', '2333', '33', 1, NULL, 1, 1, '2.00', '3.00', '4.00', '4.00', '4.00', '2.00', '3.00', '4.00', 1, 1, 1, 1, 1, '2024-02-23 01:46:09', '2024-04-03 14:10:52'),
(5, 'Producto 3', '233333', '2332', 1, NULL, 1, 1, '2.00', '5.00', '6.00', '7.00', '8.00', '10.00', '15.00', '20.00', 1, 0, 1, 0, 1, '2024-02-23 04:25:18', '2024-06-08 01:00:29'),
(6, 'Producto 2', '231122112', '2332', 1, NULL, 1, 1, '2.00', '2.50', '3.00', '4.00', '5.00', '1.00', '10.00', '15.00', 0, 0, 1, 1, 1, '2024-02-23 04:25:25', '2024-06-08 00:59:53'),
(7, 'Producto 1', '2332', '2323', 1, 1, 1, 1, '23.00', '12.00', '13.00', '14.00', '15.00', '43.00', '43.00', '34.00', 0, 1, 1, 0, 1, '2024-02-23 06:56:34', '2024-06-08 00:54:02'),
(8, 'Producto 2', '12344', 'dasd', 1, 1, 1, 1, '12.00', '14.00', '15.00', '16.00', '17.00', '10.00', '20.00', '30.00', 0, 0, 0, 0, 1, '2024-06-10 12:01:57', '2024-06-10 12:01:57'),
(9, 'Producto 1234', '12345', '----', 1, 1, 1, 1, '23.00', '24.00', '28.00', '30.00', '38.00', '10.00', '20.00', '30.00', 0, 1, 0, 0, 0, '2024-07-16 18:27:16', '2024-07-16 18:30:15'),
(10, 'Producto 1234', '12345', '----', 1, 1, 1, 1, '23.00', '24.00', '28.00', '30.00', '38.00', '10.00', '20.00', '30.00', 0, 1, 0, 0, 0, '2024-07-16 18:29:35', '2024-07-16 18:30:12'),
(11, 'Producto 1234', '12345', '----', 1, 1, 1, 1, '23.00', '24.00', '28.00', '30.00', '38.00', '10.00', '20.00', '30.00', 0, 1, 0, 0, 0, '2024-07-16 18:29:38', '2024-07-16 18:30:10'),
(12, 'Producto 1234', '12345', '----', 1, 1, 1, 1, '23.00', '24.00', '28.00', '30.00', '38.00', '10.00', '20.00', '30.00', 0, 1, 0, 0, 1, '2024-07-16 18:29:55', '2024-07-16 18:29:55'),
(13, 'Producto 55', '153814852342', '--', 1, 1, 1, 1, '2.00', '3.00', '4.00', '5.00', '6.00', '1.00', '5.00', '10.00', 0, 1, 0, 0, 1, '2024-07-16 18:34:31', '2024-07-20 09:31:11'),
(16, 'Prueba de importacion 1', '1212', 'Prueba de importacion 1', 1, 1, 2, 1, '1.00', '2.00', '3.00', '43.00', '4.00', '1.00', '2.00', '3.00', 1, 1, 1, 0, 1, '2024-08-06 20:05:13', '2024-08-06 20:05:13'),
(17, 'Prueba de importacion 2', '12312', 'Prueba de importacion 2', 1, 1, 2, 1, '1.00', '2.00', '3.00', '43.00', '4.00', '1.00', '2.00', '3.00', 1, 1, 1, 0, 1, '2024-08-06 20:05:13', '2024-08-06 20:05:13'),
(18, 'Producto 100', '758001', 'fg', 1, 1, 1, 1, '50.00', '1.00', '1.00', '2.00', '110.00', '10.00', '25.00', '50.00', 0, 0, 1, 0, 1, '2024-08-16 16:03:23', '2024-09-04 12:59:12'),
(19, 'Producto 101', '758002', NULL, 1, 1, 1, 1, '50.00', '0.00', '0.00', '0.00', '100.00', '10.00', '25.00', '50.00', 0, 0, 1, 0, 1, '2024-08-16 16:03:23', '2024-08-16 16:03:23'),
(20, 'Producto 102', '758003', NULL, 1, 1, 1, 1, '50.00', '0.00', '0.00', '0.00', '100.00', '10.00', '25.00', '50.00', 0, 0, 1, 0, 1, '2024-08-16 16:03:23', '2024-08-16 16:03:23'),
(21, 'Producto 103', '758004', NULL, 1, 1, 1, 1, '50.00', '0.00', '0.00', '0.00', '100.00', '10.00', '25.00', '50.00', 0, 0, 1, 0, 1, '2024-08-16 16:03:23', '2024-08-16 16:03:23'),
(22, 'Producto 104', '758005', NULL, 1, 1, 1, 1, '50.00', '0.00', '0.00', '0.00', '100.00', '10.00', '25.00', '50.00', 0, 0, 1, 0, 1, '2024-08-16 16:03:23', '2024-08-16 16:03:23'),
(23, 'Producto 105', '758006', NULL, 1, 1, 1, 1, '50.00', '0.00', '0.00', '0.00', '100.00', '10.00', '25.00', '50.00', 0, 0, 1, 0, 1, '2024-08-16 16:03:23', '2024-08-16 16:03:23'),
(24, 'Producto 106', '758007', NULL, 1, 1, 1, 1, '50.00', '0.00', '0.00', '0.00', '100.00', '10.00', '25.00', '50.00', 0, 0, 1, 0, 1, '2024-08-16 16:03:23', '2024-08-16 16:03:23'),
(25, 'Producto 107', '758008', NULL, 1, 1, 1, 1, '50.00', '0.00', '0.00', '0.00', '100.00', '10.00', '25.00', '50.00', 0, 0, 1, 0, 1, '2024-08-16 16:03:23', '2024-08-16 16:03:23'),
(26, 'Producto 108', '758009', NULL, 1, 1, 1, 1, '50.00', '0.00', '0.00', '0.00', '100.00', '10.00', '25.00', '50.00', 0, 0, 1, 0, 1, '2024-08-16 16:03:23', '2024-08-16 16:03:23'),
(27, 'Producto 109', '758010', NULL, 1, 1, 1, 1, '50.00', '0.00', '0.00', '0.00', '100.00', '10.00', '25.00', '50.00', 0, 0, 1, 0, 1, '2024-08-16 16:03:23', '2024-08-16 16:03:23'),
(28, 'Producto 110', '758011', NULL, 1, 1, 1, 1, '50.00', '0.00', '0.00', '0.00', '100.00', '10.00', '25.00', '50.00', 0, 0, 1, 0, 1, '2024-08-16 16:03:23', '2024-08-16 16:03:23'),
(29, 'Producto 111', '758012', NULL, 1, 1, 1, 1, '50.00', '0.00', '0.00', '0.00', '100.00', '10.00', '25.00', '50.00', 0, 0, 1, 0, 1, '2024-08-16 16:03:23', '2024-08-16 16:03:23'),
(30, 'Producto 112', '758013', NULL, 1, 1, 1, 1, '50.00', '0.00', '0.00', '0.00', '100.00', '10.00', '25.00', '50.00', 0, 0, 1, 0, 1, '2024-08-16 16:03:23', '2024-08-16 16:03:23'),
(31, 'Producto 113', '758014', NULL, 1, 1, 1, 1, '50.00', '0.00', '0.00', '0.00', '100.00', '10.00', '25.00', '50.00', 0, 0, 1, 0, 1, '2024-08-16 16:03:23', '2024-08-16 16:03:23'),
(32, 'Producto 114', '758015', NULL, 1, 1, 1, 1, '50.00', '0.00', '0.00', '0.00', '100.00', '10.00', '25.00', '50.00', 0, 0, 1, 0, 1, '2024-08-16 16:03:23', '2024-08-16 16:03:23'),
(33, 'Producto 115', '758016', NULL, 1, 1, 1, 1, '50.00', '0.00', '0.00', '0.00', '100.00', '10.00', '25.00', '50.00', 0, 0, 1, 0, 1, '2024-08-16 16:03:23', '2024-08-16 16:03:23'),
(34, 'Producto 116', '758017', NULL, 1, 1, 1, 1, '50.00', '0.00', '0.00', '0.00', '100.00', '10.00', '25.00', '50.00', 0, 0, 1, 0, 1, '2024-08-16 16:03:23', '2024-08-16 16:03:23'),
(35, 'Producto 117', '758018', NULL, 1, 1, 1, 1, '50.00', '0.00', '0.00', '0.00', '100.00', '10.00', '25.00', '50.00', 0, 0, 1, 0, 1, '2024-08-16 16:03:23', '2024-08-16 16:03:23'),
(36, 'Producto 118', '758019', NULL, 1, 1, 1, 1, '50.00', '0.00', '0.00', '0.00', '100.00', '10.00', '25.00', '50.00', 0, 0, 1, 0, 1, '2024-08-16 16:03:23', '2024-08-16 16:03:23'),
(37, 'Producto 119', '758020', NULL, 1, 1, 1, 1, '50.00', '0.00', '0.00', '0.00', '100.00', '10.00', '25.00', '50.00', 0, 0, 1, 0, 1, '2024-08-16 16:03:23', '2024-08-16 16:03:23'),
(38, 'Producto 120', '758021', NULL, 1, 1, 1, 1, '50.00', '0.00', '0.00', '0.00', '100.00', '10.00', '25.00', '50.00', 0, 0, 1, 0, 1, '2024-08-16 16:03:23', '2024-08-16 16:03:23'),
(39, 'Producto 121', '758022', NULL, 1, 1, 1, 1, '50.00', '0.00', '0.00', '0.00', '100.00', '10.00', '25.00', '50.00', 0, 0, 1, 0, 1, '2024-08-16 16:03:23', '2024-08-16 16:03:23'),
(40, 'Producto 122', '758023', NULL, 1, 1, 1, 1, '50.00', '0.00', '0.00', '0.00', '100.00', '10.00', '25.00', '50.00', 0, 0, 1, 0, 1, '2024-08-16 16:03:23', '2024-08-16 16:03:23'),
(41, 'Producto 123', '758024', NULL, 1, 1, 1, 1, '50.00', '0.00', '0.00', '0.00', '100.00', '10.00', '25.00', '50.00', 0, 0, 1, 0, 1, '2024-08-16 16:03:23', '2024-08-16 16:03:23'),
(42, 'Producto 124', '758025', NULL, 1, 1, 1, 1, '50.00', '0.00', '0.00', '0.00', '100.00', '10.00', '25.00', '50.00', 0, 0, 1, 0, 1, '2024-08-16 16:03:23', '2024-08-16 16:03:23'),
(43, 'Producto 125', '758026', NULL, 1, 1, 1, 1, '50.00', '0.00', '0.00', '0.00', '100.00', '10.00', '25.00', '50.00', 0, 0, 1, 0, 1, '2024-08-16 16:03:23', '2024-08-16 16:03:23'),
(44, 'Producto 126', '758027', NULL, 1, 1, 1, 1, '50.00', '0.00', '0.00', '0.00', '100.00', '10.00', '25.00', '50.00', 0, 0, 1, 0, 1, '2024-08-16 16:03:23', '2024-08-16 16:03:23'),
(45, 'Producto 127', '758028', NULL, 1, 1, 1, 1, '50.00', '0.00', '0.00', '0.00', '100.00', '10.00', '25.00', '50.00', 0, 0, 1, 0, 1, '2024-08-16 16:03:23', '2024-08-16 16:03:23'),
(46, 'Producto 128', '758029', NULL, 1, 1, 1, 1, '50.00', '0.00', '0.00', '0.00', '100.00', '10.00', '25.00', '50.00', 0, 0, 1, 0, 1, '2024-08-16 16:03:23', '2024-08-16 16:03:23'),
(47, 'Producto 129', '758030', NULL, 1, 1, 1, 1, '50.00', '0.00', '0.00', '0.00', '100.00', '10.00', '25.00', '50.00', 0, 0, 1, 0, 1, '2024-08-16 16:03:23', '2024-08-16 16:03:23'),
(48, 'Producto 130', '758031', NULL, 1, 1, 1, 1, '50.00', '0.00', '0.00', '0.00', '100.00', '10.00', '25.00', '50.00', 0, 0, 1, 0, 1, '2024-08-16 16:03:23', '2024-08-16 16:03:23'),
(49, 'Producto 131', '758032', NULL, 1, 1, 1, 1, '50.00', '0.00', '0.00', '0.00', '100.00', '10.00', '25.00', '50.00', 0, 0, 1, 0, 1, '2024-08-16 16:03:23', '2024-08-16 16:03:23'),
(50, 'Producto 132', '758033', NULL, 1, 1, 1, 1, '50.00', '0.00', '0.00', '0.00', '100.00', '10.00', '25.00', '50.00', 0, 0, 1, 0, 1, '2024-08-16 16:03:23', '2024-08-16 16:03:23'),
(51, 'Producto 133', '758034', NULL, 1, 1, 1, 1, '50.00', '0.00', '0.00', '0.00', '100.00', '10.00', '25.00', '50.00', 0, 0, 1, 0, 1, '2024-08-16 16:03:23', '2024-08-16 16:03:23'),
(52, 'Producto 134', '758035', NULL, 1, 1, 1, 1, '50.00', '0.00', '0.00', '0.00', '100.00', '10.00', '25.00', '50.00', 0, 0, 1, 0, 1, '2024-08-16 16:03:23', '2024-08-16 16:03:23'),
(53, 'Producto 135', '758036', NULL, 1, 1, 1, 1, '50.00', '0.00', '0.00', '0.00', '100.00', '10.00', '25.00', '50.00', 0, 0, 1, 0, 1, '2024-08-16 16:03:23', '2024-08-16 16:03:23'),
(54, 'Producto 136', '758037', NULL, 1, 1, 1, 1, '50.00', '0.00', '0.00', '0.00', '100.00', '10.00', '25.00', '50.00', 0, 0, 1, 0, 1, '2024-08-16 16:03:23', '2024-08-16 16:03:23'),
(55, 'Producto 137', '758038', NULL, 1, 1, 1, 1, '50.00', '0.00', '0.00', '0.00', '100.00', '10.00', '25.00', '50.00', 0, 0, 1, 0, 1, '2024-08-16 16:03:23', '2024-08-16 16:03:23'),
(56, 'Producto 138', '758039', NULL, 1, 1, 1, 1, '50.00', '0.00', '0.00', '0.00', '100.00', '10.00', '25.00', '50.00', 0, 0, 1, 0, 1, '2024-08-16 16:03:23', '2024-08-16 16:03:23'),
(57, 'Producto 139', '758040', NULL, 1, 1, 1, 1, '50.00', '0.00', '0.00', '0.00', '100.00', '10.00', '25.00', '50.00', 0, 0, 1, 0, 1, '2024-08-16 16:03:23', '2024-08-16 16:03:23'),
(58, 'Producto 140', '758041', NULL, 1, 1, 1, 1, '50.00', '0.00', '0.00', '0.00', '100.00', '10.00', '25.00', '50.00', 0, 0, 1, 0, 1, '2024-08-16 16:03:23', '2024-08-16 16:03:23'),
(59, 'Producto 141', '758042', NULL, 1, 1, 1, 1, '50.00', '0.00', '0.00', '0.00', '100.00', '10.00', '25.00', '50.00', 0, 0, 1, 0, 1, '2024-08-16 16:03:23', '2024-08-16 16:03:23'),
(60, 'Producto 142', '758043', NULL, 1, 1, 1, 1, '50.00', '0.00', '0.00', '0.00', '100.00', '10.00', '25.00', '50.00', 0, 0, 1, 0, 1, '2024-08-16 16:03:23', '2024-08-16 16:03:23'),
(61, 'Producto 143', '758044', NULL, 1, 1, 1, 1, '50.00', '0.00', '0.00', '0.00', '100.00', '10.00', '25.00', '50.00', 0, 0, 1, 0, 1, '2024-08-16 16:03:23', '2024-08-16 16:03:23'),
(62, 'Producto 144', '758045', NULL, 1, 1, 1, 1, '50.00', '0.00', '0.00', '0.00', '100.00', '10.00', '25.00', '50.00', 0, 0, 1, 0, 1, '2024-08-16 16:03:23', '2024-08-16 16:03:23'),
(63, 'Producto 145', '758046', NULL, 1, 1, 1, 1, '50.00', '0.00', '0.00', '0.00', '100.00', '10.00', '25.00', '50.00', 0, 0, 1, 0, 1, '2024-08-16 16:03:23', '2024-08-16 16:03:23'),
(64, 'Producto 146', '758047', NULL, 1, 1, 1, 1, '50.00', '0.00', '0.00', '0.00', '100.00', '10.00', '25.00', '50.00', 0, 0, 1, 0, 1, '2024-08-16 16:03:23', '2024-08-16 16:03:23'),
(65, 'Producto 147', '758048', NULL, 1, 1, 1, 1, '50.00', '0.00', '0.00', '0.00', '100.00', '10.00', '25.00', '50.00', 0, 0, 1, 0, 1, '2024-08-16 16:03:23', '2024-08-16 16:03:23'),
(66, 'Producto 148', '758049', NULL, 1, 1, 1, 1, '50.00', '0.00', '0.00', '0.00', '100.00', '10.00', '25.00', '50.00', 0, 0, 1, 0, 1, '2024-08-16 16:03:23', '2024-08-16 16:03:23'),
(67, 'Producto 149', '758050', NULL, 1, 1, 1, 1, '50.00', '0.00', '0.00', '0.00', '100.00', '10.00', '25.00', '50.00', 0, 0, 1, 0, 1, '2024-08-16 16:03:23', '2024-08-16 16:03:23'),
(68, 'Producto 150', '758051', NULL, 1, 1, 1, 1, '50.00', '0.00', '0.00', '0.00', '100.00', '10.00', '25.00', '50.00', 0, 0, 1, 0, 1, '2024-08-16 16:03:23', '2024-08-16 16:03:23'),
(69, 'Producto 151', '758052', NULL, 1, 1, 1, 1, '50.00', '0.00', '0.00', '0.00', '100.00', '10.00', '25.00', '50.00', 0, 0, 1, 0, 1, '2024-08-16 16:03:23', '2024-08-16 16:03:23'),
(70, 'Producto 152', '758053', NULL, 1, 1, 1, 1, '50.00', '0.00', '0.00', '0.00', '100.00', '10.00', '25.00', '50.00', 0, 0, 1, 0, 1, '2024-08-16 16:03:23', '2024-08-16 16:03:23'),
(71, 'Producto 153', '758054', NULL, 1, 1, 1, 1, '50.00', '0.00', '0.00', '0.00', '100.00', '10.00', '25.00', '50.00', 0, 0, 1, 0, 1, '2024-08-16 16:03:23', '2024-08-16 16:03:23'),
(72, 'Producto 154', '758055', NULL, 1, 1, 1, 1, '50.00', '0.00', '0.00', '0.00', '100.00', '10.00', '25.00', '50.00', 0, 0, 1, 0, 1, '2024-08-16 16:03:23', '2024-08-16 16:03:23'),
(73, 'Producto 155', '758056', NULL, 1, 1, 1, 1, '50.00', '0.00', '0.00', '0.00', '100.00', '10.00', '25.00', '50.00', 0, 0, 1, 0, 1, '2024-08-16 16:03:23', '2024-08-16 16:03:23'),
(74, 'Producto 156', '758057', NULL, 1, 1, 1, 1, '50.00', '0.00', '0.00', '0.00', '100.00', '10.00', '25.00', '50.00', 0, 0, 1, 0, 1, '2024-08-16 16:03:23', '2024-08-16 16:03:23'),
(75, 'Producto 157', '758058', NULL, 1, 1, 1, 1, '50.00', '0.00', '0.00', '0.00', '100.00', '10.00', '25.00', '50.00', 0, 0, 1, 0, 1, '2024-08-16 16:03:23', '2024-08-16 16:03:23'),
(76, 'Producto 158', '758059', NULL, 1, 1, 1, 1, '50.00', '0.00', '0.00', '0.00', '100.00', '10.00', '25.00', '50.00', 0, 0, 1, 0, 1, '2024-08-16 16:03:23', '2024-08-16 16:03:23'),
(77, 'Producto 159', '758060', NULL, 1, 1, 1, 1, '50.00', '0.00', '0.00', '0.00', '100.00', '10.00', '25.00', '50.00', 0, 0, 1, 0, 1, '2024-08-16 16:03:23', '2024-08-16 16:03:23'),
(78, 'Producto 160', '758061', NULL, 1, 1, 1, 1, '50.00', '0.00', '0.00', '0.00', '100.00', '10.00', '25.00', '50.00', 0, 0, 1, 0, 1, '2024-08-16 16:03:23', '2024-08-16 16:03:23'),
(79, 'Producto 161', '758062', NULL, 1, 1, 1, 1, '50.00', '0.00', '0.00', '0.00', '100.00', '10.00', '25.00', '50.00', 0, 0, 1, 0, 1, '2024-08-16 16:03:23', '2024-08-16 16:03:23'),
(80, 'Producto 162', '758063', NULL, 1, 1, 1, 1, '50.00', '0.00', '0.00', '0.00', '100.00', '10.00', '25.00', '50.00', 0, 0, 1, 0, 1, '2024-08-16 16:03:23', '2024-08-16 16:03:23'),
(81, 'Producto 163', '758064', NULL, 1, 1, 1, 1, '50.00', '0.00', '0.00', '0.00', '100.00', '10.00', '25.00', '50.00', 0, 0, 1, 0, 1, '2024-08-16 16:03:23', '2024-08-16 16:03:23'),
(82, 'Producto 164', '758065', NULL, 1, 1, 1, 1, '50.00', '0.00', '0.00', '0.00', '100.00', '10.00', '25.00', '50.00', 0, 0, 1, 0, 1, '2024-08-16 16:03:23', '2024-08-16 16:03:23'),
(83, 'Producto 165', '758066', NULL, 1, 1, 1, 1, '50.00', '0.00', '0.00', '0.00', '100.00', '10.00', '25.00', '50.00', 0, 0, 1, 0, 1, '2024-08-16 16:03:23', '2024-08-16 16:03:23'),
(84, 'Producto 166', '758067', NULL, 1, 1, 1, 1, '50.00', '0.00', '0.00', '0.00', '100.00', '10.00', '25.00', '50.00', 0, 0, 1, 0, 1, '2024-08-16 16:03:23', '2024-08-16 16:03:23'),
(85, 'Producto 167', '758068', NULL, 1, 1, 1, 1, '50.00', '0.00', '0.00', '0.00', '100.00', '10.00', '25.00', '50.00', 0, 0, 1, 0, 1, '2024-08-16 16:03:23', '2024-08-16 16:03:23'),
(86, 'Producto 168', '758069', NULL, 1, 1, 1, 1, '50.00', '0.00', '0.00', '0.00', '100.00', '10.00', '25.00', '50.00', 0, 0, 1, 0, 1, '2024-08-16 16:03:23', '2024-08-16 16:03:23'),
(87, 'Producto 169', '758070', NULL, 1, 1, 1, 1, '50.00', '0.00', '0.00', '0.00', '100.00', '10.00', '25.00', '50.00', 0, 0, 1, 0, 1, '2024-08-16 16:03:23', '2024-08-16 16:03:23'),
(88, 'Producto 170', '758071', NULL, 1, 1, 1, 1, '50.00', '0.00', '0.00', '0.00', '100.00', '10.00', '25.00', '50.00', 0, 0, 1, 0, 1, '2024-08-16 16:03:23', '2024-08-16 16:03:23'),
(89, 'Producto 171', '758072', NULL, 1, 1, 1, 1, '50.00', '0.00', '0.00', '0.00', '100.00', '10.00', '25.00', '50.00', 0, 0, 1, 0, 1, '2024-08-16 16:03:23', '2024-08-16 16:03:23'),
(90, 'Producto 172', '758073', NULL, 1, 1, 1, 1, '50.00', '0.00', '0.00', '0.00', '100.00', '10.00', '25.00', '50.00', 0, 0, 1, 0, 1, '2024-08-16 16:03:23', '2024-08-16 16:03:23'),
(91, 'Producto 173', '758074', NULL, 1, 1, 1, 1, '50.00', '0.00', '0.00', '0.00', '100.00', '10.00', '25.00', '50.00', 0, 0, 1, 0, 1, '2024-08-16 16:03:23', '2024-08-16 16:03:23'),
(92, 'Producto 174', '758075', NULL, 1, 1, 1, 1, '50.00', '0.00', '0.00', '0.00', '100.00', '10.00', '25.00', '50.00', 0, 0, 1, 0, 1, '2024-08-16 16:03:23', '2024-08-16 16:03:23'),
(93, 'Producto 175', '758076', NULL, 1, 1, 1, 1, '50.00', '0.00', '0.00', '0.00', '100.00', '10.00', '25.00', '50.00', 0, 0, 1, 0, 1, '2024-08-16 16:03:23', '2024-08-16 16:03:23'),
(94, 'Producto 176', '758077', NULL, 1, 1, 1, 1, '50.00', '0.00', '0.00', '0.00', '100.00', '10.00', '25.00', '50.00', 0, 0, 1, 0, 1, '2024-08-16 16:03:23', '2024-08-16 16:03:23'),
(95, 'Producto 177', '758078', NULL, 1, 1, 1, 1, '50.00', '0.00', '0.00', '0.00', '100.00', '10.00', '25.00', '50.00', 0, 0, 1, 0, 1, '2024-08-16 16:03:23', '2024-08-16 16:03:23'),
(96, 'Producto 178', '758079', NULL, 1, 1, 1, 1, '50.00', '0.00', '0.00', '0.00', '100.00', '10.00', '25.00', '50.00', 0, 0, 1, 0, 1, '2024-08-16 16:03:23', '2024-08-16 16:03:23'),
(97, 'Producto 179', '758080', NULL, 1, 1, 1, 1, '50.00', '0.00', '0.00', '0.00', '100.00', '10.00', '25.00', '50.00', 0, 0, 1, 0, 1, '2024-08-16 16:03:23', '2024-08-16 16:03:23'),
(98, 'Producto 180', '758081', NULL, 1, 1, 1, 1, '50.00', '0.00', '0.00', '0.00', '100.00', '10.00', '25.00', '50.00', 0, 0, 1, 0, 1, '2024-08-16 16:03:23', '2024-08-16 16:03:23'),
(99, 'Producto 181', '758082', NULL, 1, 1, 1, 1, '50.00', '0.00', '0.00', '0.00', '100.00', '10.00', '25.00', '50.00', 0, 0, 1, 0, 1, '2024-08-16 16:03:23', '2024-08-16 16:03:23'),
(100, 'Producto 182', '758083', NULL, 1, 1, 1, 1, '50.00', '0.00', '0.00', '0.00', '100.00', '10.00', '25.00', '50.00', 0, 0, 1, 0, 1, '2024-08-16 16:03:23', '2024-08-16 16:03:23'),
(101, 'Producto 183', '758084', NULL, 1, 1, 1, 1, '50.00', '0.00', '0.00', '0.00', '100.00', '10.00', '25.00', '50.00', 0, 0, 1, 0, 1, '2024-08-16 16:03:23', '2024-08-16 16:03:23'),
(102, 'Producto 184', '758085', NULL, 1, 1, 1, 1, '50.00', '0.00', '0.00', '0.00', '100.00', '10.00', '25.00', '50.00', 0, 0, 1, 0, 1, '2024-08-16 16:03:23', '2024-08-16 16:03:23'),
(103, 'Producto 185', '758086', NULL, 1, 1, 1, 1, '50.00', '0.00', '0.00', '0.00', '100.00', '10.00', '25.00', '50.00', 0, 0, 1, 0, 1, '2024-08-16 16:03:23', '2024-08-16 16:03:23'),
(104, 'Producto 186', '758087', NULL, 1, 1, 1, 1, '50.00', '0.00', '0.00', '0.00', '100.00', '10.00', '25.00', '50.00', 0, 0, 1, 0, 1, '2024-08-16 16:03:23', '2024-08-16 16:03:23'),
(105, 'Producto 187', '758088', NULL, 1, 1, 1, 1, '50.00', '0.00', '0.00', '0.00', '100.00', '10.00', '25.00', '50.00', 0, 0, 1, 0, 1, '2024-08-16 16:03:23', '2024-08-16 16:03:23'),
(106, 'Producto 188', '758089', NULL, 1, 1, 1, 1, '50.00', '0.00', '0.00', '0.00', '100.00', '10.00', '25.00', '50.00', 0, 0, 1, 0, 1, '2024-08-16 16:03:23', '2024-08-16 16:03:23'),
(107, 'Producto 189', '758090', NULL, 1, 1, 1, 1, '50.00', '0.00', '0.00', '0.00', '100.00', '10.00', '25.00', '50.00', 0, 0, 1, 0, 1, '2024-08-16 16:03:23', '2024-08-16 16:03:23'),
(108, 'Producto 190', '758091', NULL, 1, 1, 1, 1, '50.00', '0.00', '0.00', '0.00', '100.00', '10.00', '25.00', '50.00', 0, 0, 1, 0, 1, '2024-08-16 16:03:23', '2024-08-16 16:03:23'),
(109, 'Producto 191', '758092', NULL, 1, 1, 1, 1, '50.00', '0.00', '0.00', '0.00', '100.00', '10.00', '25.00', '50.00', 0, 0, 1, 0, 1, '2024-08-16 16:03:23', '2024-08-16 16:03:23'),
(110, 'Producto 192', '758093', NULL, 1, 1, 1, 1, '50.00', '0.00', '0.00', '0.00', '100.00', '10.00', '25.00', '50.00', 0, 0, 1, 0, 1, '2024-08-16 16:03:23', '2024-08-16 16:03:23'),
(111, 'Producto 193', '758094', NULL, 1, 1, 1, 1, '50.00', '0.00', '0.00', '0.00', '100.00', '10.00', '25.00', '50.00', 0, 0, 1, 0, 1, '2024-08-16 16:03:23', '2024-08-16 16:03:23'),
(112, 'Producto 194', '758095', NULL, 1, 1, 1, 1, '50.00', '0.00', '0.00', '0.00', '100.00', '10.00', '25.00', '50.00', 0, 0, 1, 0, 1, '2024-08-16 16:03:23', '2024-08-16 16:03:23'),
(113, 'Producto 195', '758096', NULL, 1, 1, 1, 1, '50.00', '0.00', '0.00', '0.00', '100.00', '10.00', '25.00', '50.00', 0, 0, 1, 0, 1, '2024-08-16 16:03:23', '2024-08-16 16:03:23'),
(114, 'Producto 196', '758097', NULL, 1, 1, 1, 1, '50.00', '0.00', '0.00', '0.00', '100.00', '10.00', '25.00', '50.00', 0, 0, 1, 0, 1, '2024-08-16 16:03:23', '2024-08-16 16:03:23'),
(115, 'Producto 197', '758098', NULL, 1, 1, 1, 1, '50.00', '0.00', '0.00', '0.00', '100.00', '10.00', '25.00', '50.00', 0, 0, 1, 0, 1, '2024-08-16 16:03:23', '2024-08-16 16:03:23'),
(116, 'Producto 198', '758099', NULL, 1, 1, 1, 1, '50.00', '0.00', '0.00', '0.00', '100.00', '10.00', '25.00', '50.00', 0, 0, 1, 0, 1, '2024-08-16 16:03:23', '2024-08-16 16:03:23'),
(117, 'Producto 199', '758100', NULL, 1, 1, 1, 1, '50.00', '0.00', '0.00', '0.00', '100.00', '10.00', '25.00', '50.00', 0, 0, 1, 0, 1, '2024-08-16 16:03:23', '2024-08-16 16:03:23'),
(118, 'Producto 200', '758101', NULL, 1, 1, 1, 1, '50.00', '0.00', '0.00', '0.00', '100.00', '10.00', '25.00', '50.00', 0, 0, 1, 0, 1, '2024-08-16 16:03:23', '2024-08-16 16:03:23'),
(119, 'Producto 201', '758102', NULL, 1, 1, 1, 1, '50.00', '0.00', '0.00', '0.00', '100.00', '10.00', '25.00', '50.00', 0, 0, 1, 0, 1, '2024-08-16 16:03:23', '2024-08-16 16:03:23'),
(120, 'Producto 202', '758103', NULL, 1, 1, 1, 1, '50.00', '0.00', '0.00', '0.00', '100.00', '10.00', '25.00', '50.00', 0, 0, 1, 0, 1, '2024-08-16 16:03:23', '2024-08-16 16:03:23'),
(121, 'Producto 203', '758104', NULL, 1, 1, 1, 1, '50.00', '0.00', '0.00', '0.00', '100.00', '10.00', '25.00', '50.00', 0, 0, 1, 0, 1, '2024-08-16 16:03:23', '2024-08-16 16:03:23'),
(122, 'Producto 204', '758105', NULL, 1, 1, 1, 1, '50.00', '0.00', '0.00', '0.00', '100.00', '10.00', '25.00', '50.00', 0, 0, 1, 0, 1, '2024-08-16 16:03:23', '2024-08-16 16:03:23'),
(123, 'Producto 205', '758106', NULL, 1, 1, 1, 1, '50.00', '0.00', '0.00', '0.00', '100.00', '10.00', '25.00', '50.00', 0, 0, 1, 0, 1, '2024-08-16 16:03:23', '2024-08-16 16:03:23'),
(124, 'Producto 206', '758107', NULL, 1, 1, 1, 1, '50.00', '0.00', '0.00', '0.00', '100.00', '10.00', '25.00', '50.00', 0, 0, 1, 0, 1, '2024-08-16 16:03:23', '2024-08-16 16:03:23'),
(125, 'Producto 207', '758108', NULL, 1, 1, 1, 1, '50.00', '0.00', '0.00', '0.00', '100.00', '10.00', '25.00', '50.00', 0, 0, 1, 0, 1, '2024-08-16 16:03:23', '2024-08-16 16:03:23'),
(126, 'Producto 208', '758109', NULL, 1, 1, 1, 1, '50.00', '0.00', '0.00', '0.00', '100.00', '10.00', '25.00', '50.00', 0, 0, 1, 0, 1, '2024-08-16 16:03:23', '2024-08-16 16:03:23'),
(127, 'Producto 209', '758110', NULL, 1, 1, 1, 1, '50.00', '0.00', '0.00', '0.00', '100.00', '10.00', '25.00', '50.00', 0, 0, 1, 0, 1, '2024-08-16 16:03:23', '2024-08-16 16:03:23'),
(128, 'Producto 210', '758111', NULL, 1, 1, 1, 1, '50.00', '0.00', '0.00', '0.00', '100.00', '10.00', '25.00', '50.00', 0, 0, 1, 0, 1, '2024-08-16 16:03:23', '2024-08-16 16:03:23'),
(129, 'Producto 211', '758112', NULL, 1, 1, 1, 1, '50.00', '0.00', '0.00', '0.00', '100.00', '10.00', '25.00', '50.00', 0, 0, 1, 0, 1, '2024-08-16 16:03:23', '2024-08-16 16:03:23'),
(130, 'Producto 212', '758113', NULL, 1, 1, 1, 1, '50.00', '0.00', '0.00', '0.00', '100.00', '10.00', '25.00', '50.00', 0, 0, 1, 0, 1, '2024-08-16 16:03:23', '2024-08-16 16:03:23'),
(131, 'Producto 213', '758114', NULL, 1, 1, 1, 1, '50.00', '0.00', '0.00', '0.00', '100.00', '10.00', '25.00', '50.00', 0, 0, 1, 0, 1, '2024-08-16 16:03:23', '2024-08-16 16:03:23'),
(132, 'Producto 214', '758115', NULL, 1, 1, 1, 1, '50.00', '0.00', '0.00', '0.00', '100.00', '10.00', '25.00', '50.00', 0, 0, 1, 0, 1, '2024-08-16 16:03:23', '2024-08-16 16:03:23'),
(133, 'Producto 215', '758116', NULL, 1, 1, 1, 1, '50.00', '0.00', '0.00', '0.00', '100.00', '10.00', '25.00', '50.00', 0, 0, 1, 0, 1, '2024-08-16 16:03:23', '2024-08-16 16:03:23'),
(134, 'Producto 216', '758117', NULL, 1, 1, 1, 1, '50.00', '0.00', '0.00', '0.00', '100.00', '10.00', '25.00', '50.00', 0, 0, 1, 0, 1, '2024-08-16 16:03:23', '2024-08-16 16:03:23'),
(135, 'Producto 217', '758118', NULL, 1, 1, 1, 1, '50.00', '0.00', '0.00', '0.00', '100.00', '10.00', '25.00', '50.00', 0, 0, 1, 0, 1, '2024-08-16 16:03:23', '2024-08-16 16:03:23'),
(136, 'Producto 218', '758119', NULL, 1, 1, 1, 1, '50.00', '0.00', '0.00', '0.00', '100.00', '10.00', '25.00', '50.00', 0, 0, 1, 0, 1, '2024-08-16 16:03:23', '2024-08-16 16:03:23'),
(137, 'Producto 219', '758120', NULL, 1, 1, 1, 1, '50.00', '0.00', '0.00', '0.00', '100.00', '10.00', '25.00', '50.00', 0, 0, 1, 0, 1, '2024-08-16 16:03:23', '2024-08-16 16:03:23'),
(138, 'Producto 220', '758121', NULL, 1, 1, 1, 1, '50.00', '0.00', '0.00', '0.00', '100.00', '10.00', '25.00', '50.00', 0, 0, 1, 0, 1, '2024-08-16 16:03:23', '2024-08-16 16:03:23'),
(139, 'Producto 221', '758122', NULL, 1, 1, 1, 1, '50.00', '0.00', '0.00', '0.00', '100.00', '10.00', '25.00', '50.00', 0, 0, 1, 0, 1, '2024-08-16 16:03:23', '2024-08-16 16:03:23'),
(140, 'Producto 222', '758123', NULL, 1, 1, 1, 1, '50.00', '0.00', '0.00', '0.00', '100.00', '10.00', '25.00', '50.00', 0, 0, 1, 0, 1, '2024-08-16 16:03:24', '2024-08-16 16:03:24'),
(141, 'Producto 223', '758124', NULL, 1, 1, 1, 1, '50.00', '0.00', '0.00', '0.00', '100.00', '10.00', '25.00', '50.00', 0, 0, 1, 0, 1, '2024-08-16 16:03:24', '2024-08-16 16:03:24'),
(142, 'Producto 224', '758125', NULL, 1, 1, 1, 1, '50.00', '0.00', '0.00', '0.00', '100.00', '10.00', '25.00', '50.00', 0, 0, 1, 0, 1, '2024-08-16 16:03:24', '2024-08-16 16:03:24'),
(143, 'Producto 225', '758126', NULL, 1, 1, 1, 1, '50.00', '0.00', '0.00', '0.00', '100.00', '10.00', '25.00', '50.00', 0, 0, 1, 0, 1, '2024-08-16 16:03:24', '2024-08-16 16:03:24'),
(144, 'Producto 226', '758127', NULL, 1, 1, 1, 1, '50.00', '0.00', '0.00', '0.00', '100.00', '10.00', '25.00', '50.00', 0, 0, 1, 0, 1, '2024-08-16 16:03:24', '2024-08-16 16:03:24'),
(145, 'Producto 227', '758128', NULL, 1, 1, 1, 1, '50.00', '0.00', '0.00', '0.00', '100.00', '10.00', '25.00', '50.00', 0, 0, 1, 0, 1, '2024-08-16 16:03:24', '2024-08-16 16:03:24'),
(146, 'Producto 228', '758129', NULL, 1, 1, 1, 1, '50.00', '0.00', '0.00', '0.00', '100.00', '10.00', '25.00', '50.00', 0, 0, 1, 0, 1, '2024-08-16 16:03:24', '2024-08-16 16:03:24'),
(147, 'Producto 229', '758130', NULL, 1, 1, 1, 1, '50.00', '0.00', '0.00', '0.00', '100.00', '10.00', '25.00', '50.00', 0, 0, 1, 0, 1, '2024-08-16 16:03:24', '2024-08-16 16:03:24'),
(148, 'Producto 230', '758131', NULL, 1, 1, 1, 1, '50.00', '0.00', '0.00', '0.00', '100.00', '10.00', '25.00', '50.00', 0, 0, 1, 0, 1, '2024-08-16 16:03:24', '2024-08-16 16:03:24'),
(149, 'Producto 231', '758132', NULL, 1, 1, 1, 1, '50.00', '0.00', '0.00', '0.00', '100.00', '10.00', '25.00', '50.00', 0, 0, 1, 0, 1, '2024-08-16 16:03:24', '2024-08-16 16:03:24'),
(150, 'Producto 232', '758133', NULL, 1, 1, 1, 1, '50.00', '0.00', '0.00', '0.00', '100.00', '10.00', '25.00', '50.00', 0, 0, 1, 0, 1, '2024-08-16 16:03:24', '2024-08-16 16:03:24'),
(151, 'Producto 233', '758134', NULL, 1, 1, 1, 1, '50.00', '0.00', '0.00', '0.00', '100.00', '10.00', '25.00', '50.00', 0, 0, 1, 0, 1, '2024-08-16 16:03:24', '2024-08-16 16:03:24'),
(152, 'Producto 234', '758135', NULL, 1, 1, 1, 1, '50.00', '0.00', '0.00', '0.00', '100.00', '10.00', '25.00', '50.00', 0, 0, 1, 0, 1, '2024-08-16 16:03:24', '2024-08-16 16:03:24'),
(153, 'Producto 235', '758136', NULL, 1, 1, 1, 1, '50.00', '0.00', '0.00', '0.00', '100.00', '10.00', '25.00', '50.00', 0, 0, 1, 0, 1, '2024-08-16 16:03:24', '2024-08-16 16:03:24'),
(154, 'Producto 236', '758137', NULL, 1, 1, 1, 1, '50.00', '0.00', '0.00', '0.00', '100.00', '10.00', '25.00', '50.00', 0, 0, 1, 0, 1, '2024-08-16 16:03:24', '2024-08-16 16:03:24'),
(155, 'Producto 237', '758138', NULL, 1, 1, 1, 1, '50.00', '0.00', '0.00', '0.00', '100.00', '10.00', '25.00', '50.00', 0, 0, 1, 0, 1, '2024-08-16 16:03:24', '2024-08-16 16:03:24'),
(156, 'Producto 238', '758139', NULL, 1, 1, 1, 1, '50.00', '0.00', '0.00', '0.00', '100.00', '10.00', '25.00', '50.00', 0, 0, 1, 0, 1, '2024-08-16 16:03:24', '2024-08-16 16:03:24'),
(157, 'Producto 239', '758140', NULL, 1, 1, 1, 1, '50.00', '0.00', '0.00', '0.00', '100.00', '10.00', '25.00', '50.00', 0, 0, 1, 0, 1, '2024-08-16 16:03:24', '2024-08-16 16:03:24'),
(158, 'Producto 240', '758141', NULL, 1, 1, 1, 1, '50.00', '0.00', '0.00', '0.00', '100.00', '10.00', '25.00', '50.00', 0, 0, 1, 0, 1, '2024-08-16 16:03:24', '2024-08-16 16:03:24'),
(159, 'Producto 241', '758142', NULL, 1, 1, 1, 1, '50.00', '0.00', '0.00', '0.00', '100.00', '10.00', '25.00', '50.00', 0, 0, 1, 0, 1, '2024-08-16 16:03:24', '2024-08-16 16:03:24'),
(160, 'Producto 242', '758143', NULL, 1, 1, 1, 1, '50.00', '0.00', '0.00', '0.00', '100.00', '10.00', '25.00', '50.00', 0, 0, 1, 0, 1, '2024-08-16 16:03:24', '2024-08-16 16:03:24'),
(161, 'Producto 243', '758144', NULL, 1, 1, 1, 1, '50.00', '0.00', '0.00', '0.00', '100.00', '10.00', '25.00', '50.00', 0, 0, 1, 0, 1, '2024-08-16 16:03:24', '2024-08-16 16:03:24'),
(162, 'Producto 244', '758145', NULL, 1, 1, 1, 1, '50.00', '0.00', '0.00', '0.00', '100.00', '10.00', '25.00', '50.00', 0, 0, 1, 0, 1, '2024-08-16 16:03:24', '2024-08-16 16:03:24'),
(163, 'Producto 245', '758146', NULL, 1, 1, 1, 1, '50.00', '0.00', '0.00', '0.00', '100.00', '10.00', '25.00', '50.00', 0, 0, 1, 0, 1, '2024-08-16 16:03:24', '2024-08-16 16:03:24'),
(164, 'Producto 246', '758147', NULL, 1, 1, 1, 1, '50.00', '0.00', '0.00', '0.00', '100.00', '10.00', '25.00', '50.00', 0, 0, 1, 0, 1, '2024-08-16 16:03:24', '2024-08-16 16:03:24'),
(165, 'Producto 247', '758148', NULL, 1, 1, 1, 1, '50.00', '0.00', '0.00', '0.00', '100.00', '10.00', '25.00', '50.00', 0, 0, 1, 0, 1, '2024-08-16 16:03:24', '2024-08-16 16:03:24'),
(166, 'Producto 248', '758149', NULL, 1, 1, 1, 1, '50.00', '0.00', '0.00', '0.00', '100.00', '10.00', '25.00', '50.00', 0, 0, 1, 0, 1, '2024-08-16 16:03:24', '2024-08-16 16:03:24'),
(167, 'Producto 249', '758150', NULL, 1, 1, 1, 1, '50.00', '0.00', '0.00', '0.00', '100.00', '10.00', '25.00', '50.00', 0, 0, 1, 0, 1, '2024-08-16 16:03:24', '2024-08-16 16:03:24'),
(168, 'Producto 250', '758151', NULL, 1, 1, 1, 1, '50.00', '0.00', '0.00', '0.00', '100.00', '10.00', '25.00', '50.00', 0, 0, 1, 0, 1, '2024-08-16 16:03:24', '2024-08-16 16:03:24'),
(169, 'Producto 251', '758152', NULL, 1, 1, 1, 1, '50.00', '0.00', '0.00', '0.00', '100.00', '10.00', '25.00', '50.00', 0, 0, 1, 0, 1, '2024-08-16 16:03:24', '2024-08-16 16:03:24'),
(170, 'Producto 252', '758153', NULL, 1, 1, 1, 1, '50.00', '0.00', '0.00', '0.00', '100.00', '10.00', '25.00', '50.00', 0, 0, 1, 0, 1, '2024-08-16 16:03:24', '2024-08-16 16:03:24'),
(171, 'Producto 253', '758154', NULL, 1, 1, 1, 1, '50.00', '0.00', '0.00', '0.00', '100.00', '10.00', '25.00', '50.00', 0, 0, 1, 0, 1, '2024-08-16 16:03:24', '2024-08-16 16:03:24'),
(172, 'Producto 254', '758155', NULL, 1, 1, 1, 1, '50.00', '0.00', '0.00', '0.00', '100.00', '10.00', '25.00', '50.00', 0, 0, 1, 0, 1, '2024-08-16 16:03:24', '2024-08-16 16:03:24'),
(173, 'Producto 255', '758156', NULL, 1, 1, 1, 1, '50.00', '0.00', '0.00', '0.00', '100.00', '10.00', '25.00', '50.00', 0, 0, 1, 0, 1, '2024-08-16 16:03:24', '2024-08-16 16:03:24'),
(174, 'Producto 256', '758157', NULL, 1, 1, 1, 1, '50.00', '0.00', '0.00', '0.00', '100.00', '10.00', '25.00', '50.00', 0, 0, 1, 0, 1, '2024-08-16 16:03:24', '2024-08-16 16:03:24'),
(175, 'Producto 257', '758158', NULL, 1, 1, 1, 1, '50.00', '0.00', '0.00', '0.00', '100.00', '10.00', '25.00', '50.00', 0, 0, 1, 0, 1, '2024-08-16 16:03:24', '2024-08-16 16:03:24'),
(176, 'Producto 258', '758159', NULL, 1, 1, 1, 1, '50.00', '0.00', '0.00', '0.00', '100.00', '10.00', '25.00', '50.00', 0, 0, 1, 0, 1, '2024-08-16 16:03:24', '2024-08-16 16:03:24'),
(177, 'Producto 259', '758160', NULL, 1, 1, 1, 1, '50.00', '0.00', '0.00', '0.00', '100.00', '10.00', '25.00', '50.00', 0, 0, 1, 0, 1, '2024-08-16 16:03:24', '2024-08-16 16:03:24'),
(178, 'Producto 260', '758161', NULL, 1, 1, 1, 1, '50.00', '0.00', '0.00', '0.00', '100.00', '10.00', '25.00', '50.00', 0, 0, 1, 0, 1, '2024-08-16 16:03:24', '2024-08-16 16:03:24'),
(179, 'Producto 261', '758162', NULL, 1, 1, 1, 1, '50.00', '0.00', '0.00', '0.00', '100.00', '10.00', '25.00', '50.00', 0, 0, 1, 0, 1, '2024-08-16 16:03:24', '2024-08-16 16:03:24'),
(180, 'Producto 262', '758163', NULL, 1, 1, 1, 1, '50.00', '0.00', '0.00', '0.00', '100.00', '10.00', '25.00', '50.00', 0, 0, 1, 0, 1, '2024-08-16 16:03:24', '2024-08-16 16:03:24'),
(181, 'Producto 263', '758164', NULL, 1, 1, 1, 1, '50.00', '0.00', '0.00', '0.00', '100.00', '10.00', '25.00', '50.00', 0, 0, 1, 0, 1, '2024-08-16 16:03:24', '2024-08-16 16:03:24'),
(182, 'Producto 264', '758165', NULL, 1, 1, 1, 1, '50.00', '0.00', '0.00', '0.00', '100.00', '10.00', '25.00', '50.00', 0, 0, 1, 0, 1, '2024-08-16 16:03:24', '2024-08-16 16:03:24'),
(183, 'Producto 265', '758166', NULL, 1, 1, 1, 1, '50.00', '0.00', '0.00', '0.00', '100.00', '10.00', '25.00', '50.00', 0, 0, 1, 0, 1, '2024-08-16 16:03:24', '2024-08-16 16:03:24'),
(184, 'Producto 266', '758167', NULL, 1, 1, 1, 1, '50.00', '0.00', '0.00', '0.00', '100.00', '10.00', '25.00', '50.00', 0, 0, 1, 0, 1, '2024-08-16 16:03:24', '2024-08-16 16:03:24'),
(185, 'Producto 267', '758168', NULL, 1, 1, 1, 1, '50.00', '0.00', '0.00', '0.00', '100.00', '10.00', '25.00', '50.00', 0, 0, 1, 0, 1, '2024-08-16 16:03:24', '2024-08-16 16:03:24'),
(186, 'Producto 268', '758169', NULL, 1, 1, 1, 1, '50.00', '0.00', '0.00', '0.00', '100.00', '10.00', '25.00', '50.00', 0, 0, 1, 0, 1, '2024-08-16 16:03:24', '2024-08-16 16:03:24'),
(187, 'Producto 269', '758170', NULL, 1, 1, 1, 1, '50.00', '0.00', '0.00', '0.00', '100.00', '10.00', '25.00', '50.00', 0, 0, 1, 0, 1, '2024-08-16 16:03:24', '2024-08-16 16:03:24'),
(188, 'Producto 270', '758171', NULL, 1, 1, 1, 1, '50.00', '0.00', '0.00', '0.00', '100.00', '10.00', '25.00', '50.00', 0, 0, 1, 0, 1, '2024-08-16 16:03:24', '2024-08-16 16:03:24'),
(189, 'Producto 271', '758172', NULL, 1, 1, 1, 1, '50.00', '0.00', '0.00', '0.00', '100.00', '10.00', '25.00', '50.00', 0, 0, 1, 0, 1, '2024-08-16 16:03:24', '2024-08-16 16:03:24'),
(190, 'Producto 272', '758173', NULL, 1, 1, 1, 1, '50.00', '0.00', '0.00', '0.00', '100.00', '10.00', '25.00', '50.00', 0, 0, 1, 0, 1, '2024-08-16 16:03:24', '2024-08-16 16:03:24'),
(191, 'Producto 273', '758174', NULL, 1, 1, 1, 1, '50.00', '0.00', '0.00', '0.00', '100.00', '10.00', '25.00', '50.00', 0, 0, 1, 0, 1, '2024-08-16 16:03:24', '2024-08-16 16:03:24'),
(192, 'Producto 274', '758175', NULL, 1, 1, 1, 1, '50.00', '0.00', '0.00', '0.00', '100.00', '10.00', '25.00', '50.00', 0, 0, 1, 0, 1, '2024-08-16 16:03:24', '2024-08-16 16:03:24'),
(193, 'Producto 275', '758176', NULL, 1, 1, 1, 1, '50.00', '0.00', '0.00', '0.00', '100.00', '10.00', '25.00', '50.00', 0, 0, 1, 0, 1, '2024-08-16 16:03:24', '2024-08-16 16:03:24'),
(194, 'Producto 276', '758177', NULL, 1, 1, 1, 1, '50.00', '0.00', '0.00', '0.00', '100.00', '10.00', '25.00', '50.00', 0, 0, 1, 0, 1, '2024-08-16 16:03:24', '2024-08-16 16:03:24'),
(195, 'Producto 277', '758178', NULL, 1, 1, 1, 1, '50.00', '0.00', '0.00', '0.00', '100.00', '10.00', '25.00', '50.00', 0, 0, 1, 0, 1, '2024-08-16 16:03:24', '2024-08-16 16:03:24'),
(196, 'Producto 278', '758179', NULL, 1, 1, 1, 1, '50.00', '0.00', '0.00', '0.00', '100.00', '10.00', '25.00', '50.00', 0, 0, 1, 0, 1, '2024-08-16 16:03:24', '2024-08-16 16:03:24'),
(197, 'Producto 279', '758180', NULL, 1, 1, 1, 1, '50.00', '0.00', '0.00', '0.00', '100.00', '10.00', '25.00', '50.00', 0, 0, 1, 0, 1, '2024-08-16 16:03:24', '2024-08-16 16:03:24'),
(198, 'Producto 280', '758181', NULL, 1, 1, 1, 1, '50.00', '0.00', '0.00', '0.00', '100.00', '10.00', '25.00', '50.00', 0, 0, 1, 0, 1, '2024-08-16 16:03:24', '2024-08-16 16:03:24'),
(199, 'Producto 281', '758182', NULL, 1, 1, 1, 1, '50.00', '0.00', '0.00', '0.00', '100.00', '10.00', '25.00', '50.00', 0, 0, 1, 0, 1, '2024-08-16 16:03:24', '2024-08-16 16:03:24'),
(200, 'Producto 282', '758183', NULL, 1, 1, 1, 1, '50.00', '0.00', '0.00', '0.00', '100.00', '10.00', '25.00', '50.00', 0, 0, 1, 0, 1, '2024-08-16 16:03:24', '2024-08-16 16:03:24'),
(201, 'Producto 283', '758184', NULL, 1, 1, 1, 1, '50.00', '0.00', '0.00', '0.00', '100.00', '10.00', '25.00', '50.00', 0, 0, 1, 0, 1, '2024-08-16 16:03:24', '2024-08-16 16:03:24'),
(202, 'Producto 284', '758185', NULL, 1, 1, 1, 1, '50.00', '0.00', '0.00', '0.00', '100.00', '10.00', '25.00', '50.00', 0, 0, 1, 0, 1, '2024-08-16 16:03:24', '2024-08-16 16:03:24'),
(203, 'Producto 285', '758186', NULL, 1, 1, 1, 1, '50.00', '0.00', '0.00', '0.00', '100.00', '10.00', '25.00', '50.00', 0, 0, 1, 0, 1, '2024-08-16 16:03:24', '2024-08-16 16:03:24'),
(204, 'Producto 286', '758187', NULL, 1, 1, 1, 1, '50.00', '0.00', '0.00', '0.00', '100.00', '10.00', '25.00', '50.00', 0, 0, 1, 0, 1, '2024-08-16 16:03:24', '2024-08-16 16:03:24'),
(205, 'Producto 287', '758188', NULL, 1, 1, 1, 1, '50.00', '0.00', '0.00', '0.00', '100.00', '10.00', '25.00', '50.00', 0, 0, 1, 0, 1, '2024-08-16 16:03:24', '2024-08-16 16:03:24'),
(206, 'Producto 288', '758189', NULL, 1, 1, 1, 1, '50.00', '0.00', '0.00', '0.00', '100.00', '10.00', '25.00', '50.00', 0, 0, 1, 0, 1, '2024-08-16 16:03:24', '2024-08-16 16:03:24'),
(207, 'Producto 289', '758190', NULL, 1, 1, 1, 1, '50.00', '0.00', '0.00', '0.00', '100.00', '10.00', '25.00', '50.00', 0, 0, 1, 0, 1, '2024-08-16 16:03:24', '2024-08-16 16:03:24'),
(208, 'Producto 290', '758191', NULL, 1, 1, 1, 1, '50.00', '0.00', '0.00', '0.00', '100.00', '10.00', '25.00', '50.00', 0, 0, 1, 0, 1, '2024-08-16 16:03:24', '2024-08-16 16:03:24'),
(209, 'Producto 291', '758192', NULL, 1, 1, 1, 1, '50.00', '0.00', '0.00', '0.00', '100.00', '10.00', '25.00', '50.00', 0, 0, 1, 0, 1, '2024-08-16 16:03:24', '2024-08-16 16:03:24'),
(210, 'Producto 292', '758193', NULL, 1, 1, 1, 1, '50.00', '0.00', '0.00', '0.00', '100.00', '10.00', '25.00', '50.00', 0, 0, 1, 0, 1, '2024-08-16 16:03:24', '2024-08-16 16:03:24'),
(211, 'Producto 293', '758194', NULL, 1, 1, 1, 1, '50.00', '0.00', '0.00', '0.00', '100.00', '10.00', '25.00', '50.00', 0, 0, 1, 0, 1, '2024-08-16 16:03:24', '2024-08-16 16:03:24'),
(212, 'Producto 294', '758195', NULL, 1, 1, 1, 1, '50.00', '0.00', '0.00', '0.00', '100.00', '10.00', '25.00', '50.00', 0, 0, 1, 0, 1, '2024-08-16 16:03:24', '2024-08-16 16:03:24'),
(213, 'Producto 295', '758196', NULL, 1, 1, 1, 1, '50.00', '0.00', '0.00', '0.00', '100.00', '10.00', '25.00', '50.00', 0, 0, 1, 0, 1, '2024-08-16 16:03:24', '2024-08-16 16:03:24'),
(214, 'Producto 296', '758197', NULL, 1, 1, 1, 1, '50.00', '0.00', '0.00', '0.00', '100.00', '10.00', '25.00', '50.00', 0, 0, 1, 0, 1, '2024-08-16 16:03:24', '2024-08-16 16:03:24'),
(215, 'Producto 297', '758198', NULL, 1, 1, 1, 1, '50.00', '0.00', '0.00', '0.00', '100.00', '10.00', '25.00', '50.00', 0, 0, 1, 0, 1, '2024-08-16 16:03:24', '2024-08-16 16:03:24'),
(216, 'Producto 298', '758199', NULL, 1, 1, 1, 1, '50.00', '0.00', '0.00', '0.00', '100.00', '10.00', '25.00', '50.00', 0, 0, 1, 0, 1, '2024-08-16 16:03:24', '2024-08-16 16:03:24'),
(217, 'Producto 299', '758200', NULL, 1, 1, 1, 1, '50.00', '0.00', '0.00', '0.00', '100.00', '10.00', '25.00', '50.00', 0, 0, 1, 0, 1, '2024-08-16 16:03:24', '2024-08-16 16:03:24'),
(218, 'Producto 300', '758201', NULL, 1, 1, 1, 1, '50.00', '0.00', '0.00', '0.00', '100.00', '10.00', '25.00', '50.00', 0, 0, 1, 0, 1, '2024-08-16 16:03:24', '2024-08-16 16:03:24'),
(219, 'Producto 301', '758202', NULL, 1, 1, 1, 1, '50.00', '0.00', '0.00', '0.00', '100.00', '10.00', '25.00', '50.00', 0, 0, 1, 0, 1, '2024-08-16 16:03:24', '2024-08-16 16:03:24'),
(220, 'Producto 302', '758203', NULL, 1, 1, 1, 1, '50.00', '0.00', '0.00', '0.00', '100.00', '10.00', '25.00', '50.00', 0, 0, 1, 0, 1, '2024-08-16 16:03:24', '2024-08-16 16:03:24'),
(221, 'Producto 303', '758204', NULL, 1, 1, 1, 1, '50.00', '0.00', '0.00', '0.00', '100.00', '10.00', '25.00', '50.00', 0, 0, 1, 0, 1, '2024-08-16 16:03:24', '2024-08-16 16:03:24'),
(222, 'Producto 304', '758205', NULL, 1, 1, 1, 1, '50.00', '0.00', '0.00', '0.00', '100.00', '10.00', '25.00', '50.00', 0, 0, 1, 0, 1, '2024-08-16 16:03:24', '2024-08-16 16:03:24'),
(223, 'Producto 305', '758206', NULL, 1, 1, 1, 1, '50.00', '0.00', '0.00', '0.00', '100.00', '10.00', '25.00', '50.00', 0, 0, 1, 0, 1, '2024-08-16 16:03:24', '2024-08-16 16:03:24'),
(224, 'Producto 306', '758207', NULL, 1, 1, 1, 1, '50.00', '0.00', '0.00', '0.00', '100.00', '10.00', '25.00', '50.00', 0, 0, 1, 0, 1, '2024-08-16 16:03:24', '2024-08-16 16:03:24'),
(225, 'Producto 307', '758208', NULL, 1, 1, 1, 1, '50.00', '0.00', '0.00', '0.00', '100.00', '10.00', '25.00', '50.00', 0, 0, 1, 0, 1, '2024-08-16 16:03:24', '2024-08-16 16:03:24'),
(226, 'Producto 308', '758209', NULL, 1, 1, 1, 1, '50.00', '0.00', '0.00', '0.00', '100.00', '10.00', '25.00', '50.00', 0, 0, 1, 0, 1, '2024-08-16 16:03:24', '2024-08-16 16:03:24'),
(227, 'Producto 309', '758210', NULL, 1, 1, 1, 1, '50.00', '0.00', '0.00', '0.00', '100.00', '10.00', '25.00', '50.00', 0, 0, 1, 0, 1, '2024-08-16 16:03:24', '2024-08-16 16:03:24'),
(228, 'Producto 310', '758211', NULL, 1, 1, 1, 1, '50.00', '0.00', '0.00', '0.00', '100.00', '10.00', '25.00', '50.00', 0, 0, 1, 0, 1, '2024-08-16 16:03:24', '2024-08-16 16:03:24'),
(229, 'Producto 311', '758212', NULL, 1, 1, 1, 1, '50.00', '0.00', '0.00', '0.00', '100.00', '10.00', '25.00', '50.00', 0, 0, 1, 0, 1, '2024-08-16 16:03:24', '2024-08-16 16:03:24'),
(230, 'Producto 312', '758213', NULL, 1, 1, 1, 1, '50.00', '0.00', '0.00', '0.00', '100.00', '10.00', '25.00', '50.00', 0, 0, 1, 0, 1, '2024-08-16 16:03:24', '2024-08-16 16:03:24'),
(231, 'Producto 313', '758214', NULL, 1, 1, 1, 1, '50.00', '0.00', '0.00', '0.00', '100.00', '10.00', '25.00', '50.00', 0, 0, 1, 0, 1, '2024-08-16 16:03:24', '2024-08-16 16:03:24'),
(232, 'Producto 314', '758215', NULL, 1, 1, 1, 1, '50.00', '0.00', '0.00', '0.00', '100.00', '10.00', '25.00', '50.00', 0, 0, 1, 0, 1, '2024-08-16 16:03:24', '2024-08-16 16:03:24'),
(233, 'Producto 315', '758216', NULL, 1, 1, 1, 1, '50.00', '0.00', '0.00', '0.00', '100.00', '10.00', '25.00', '50.00', 0, 0, 1, 0, 1, '2024-08-16 16:03:24', '2024-08-16 16:03:24'),
(234, 'Producto 316', '758217', NULL, 1, 1, 1, 1, '50.00', '0.00', '0.00', '0.00', '100.00', '10.00', '25.00', '50.00', 0, 0, 1, 0, 1, '2024-08-16 16:03:24', '2024-08-16 16:03:24'),
(235, 'Producto 317', '758218', NULL, 1, 1, 1, 1, '50.00', '0.00', '0.00', '0.00', '100.00', '10.00', '25.00', '50.00', 0, 0, 1, 0, 1, '2024-08-16 16:03:24', '2024-08-16 16:03:24'),
(236, 'Producto 318', '758219', NULL, 1, 1, 1, 1, '50.00', '0.00', '0.00', '0.00', '100.00', '10.00', '25.00', '50.00', 0, 0, 1, 0, 1, '2024-08-16 16:03:24', '2024-08-16 16:03:24'),
(237, 'Producto 319', '758220', NULL, 1, 1, 1, 1, '50.00', '0.00', '0.00', '0.00', '100.00', '10.00', '25.00', '50.00', 0, 0, 1, 0, 1, '2024-08-16 16:03:24', '2024-08-16 16:03:24'),
(238, 'Producto 320', '758221', NULL, 1, 1, 1, 1, '50.00', '0.00', '0.00', '0.00', '100.00', '10.00', '25.00', '50.00', 0, 0, 1, 0, 1, '2024-08-16 16:03:24', '2024-08-16 16:03:24'),
(239, 'Producto 321', '758222', NULL, 1, 1, 1, 1, '50.00', '0.00', '0.00', '0.00', '100.00', '10.00', '25.00', '50.00', 0, 0, 1, 0, 1, '2024-08-16 16:03:24', '2024-08-16 16:03:24'),
(240, 'Producto 322', '758223', NULL, 1, 1, 1, 1, '50.00', '0.00', '0.00', '0.00', '100.00', '10.00', '25.00', '50.00', 0, 0, 1, 0, 1, '2024-08-16 16:03:24', '2024-08-16 16:03:24'),
(241, 'Producto 323', '758224', NULL, 1, 1, 1, 1, '50.00', '0.00', '0.00', '0.00', '100.00', '10.00', '25.00', '50.00', 0, 0, 1, 0, 1, '2024-08-16 16:03:24', '2024-08-16 16:03:24'),
(242, 'Producto 324', '758225', NULL, 1, 1, 1, 1, '50.00', '0.00', '0.00', '0.00', '100.00', '10.00', '25.00', '50.00', 0, 0, 1, 0, 1, '2024-08-16 16:03:24', '2024-08-16 16:03:24'),
(243, 'Producto 325', '758226', NULL, 1, 1, 1, 1, '50.00', '0.00', '0.00', '0.00', '100.00', '10.00', '25.00', '50.00', 0, 0, 1, 0, 1, '2024-08-16 16:03:24', '2024-08-16 16:03:24'),
(244, 'Producto 326', '758227', NULL, 1, 1, 1, 1, '50.00', '0.00', '0.00', '0.00', '100.00', '10.00', '25.00', '50.00', 0, 0, 1, 0, 1, '2024-08-16 16:03:24', '2024-08-16 16:03:24'),
(245, 'Producto 327', '758228', NULL, 1, 1, 1, 1, '50.00', '0.00', '0.00', '0.00', '100.00', '10.00', '25.00', '50.00', 0, 0, 1, 0, 1, '2024-08-16 16:03:24', '2024-08-16 16:03:24'),
(246, 'Producto 328', '758229', NULL, 1, 1, 1, 1, '50.00', '0.00', '0.00', '0.00', '100.00', '10.00', '25.00', '50.00', 0, 0, 1, 0, 1, '2024-08-16 16:03:24', '2024-08-16 16:03:24'),
(247, 'Producto 329', '758230', NULL, 1, 1, 1, 1, '50.00', '0.00', '0.00', '0.00', '100.00', '10.00', '25.00', '50.00', 0, 0, 1, 0, 1, '2024-08-16 16:03:24', '2024-08-16 16:03:24'),
(248, 'Producto 330', '758231', NULL, 1, 1, 1, 1, '50.00', '0.00', '0.00', '0.00', '100.00', '10.00', '25.00', '50.00', 0, 0, 1, 0, 1, '2024-08-16 16:03:24', '2024-08-16 16:03:24'),
(249, 'Producto 331', '758232', NULL, 1, 1, 1, 1, '50.00', '0.00', '0.00', '0.00', '100.00', '10.00', '25.00', '50.00', 0, 0, 1, 0, 1, '2024-08-16 16:03:24', '2024-08-16 16:03:24'),
(250, 'Producto 332', '758233', NULL, 1, 1, 1, 1, '50.00', '0.00', '0.00', '0.00', '100.00', '10.00', '25.00', '50.00', 0, 0, 1, 0, 1, '2024-08-16 16:03:24', '2024-08-16 16:03:24'),
(251, 'Producto 333', '758234', NULL, 1, 1, 1, 1, '50.00', '0.00', '0.00', '0.00', '100.00', '10.00', '25.00', '50.00', 0, 0, 1, 0, 1, '2024-08-16 16:03:24', '2024-08-16 16:03:24'),
(252, 'Producto 334', '758235', NULL, 1, 1, 1, 1, '50.00', '0.00', '0.00', '0.00', '100.00', '10.00', '25.00', '50.00', 0, 0, 1, 0, 1, '2024-08-16 16:03:24', '2024-08-16 16:03:24'),
(253, 'Producto 335', '758236', NULL, 1, 1, 1, 1, '50.00', '0.00', '0.00', '0.00', '100.00', '10.00', '25.00', '50.00', 0, 0, 1, 0, 1, '2024-08-16 16:03:24', '2024-08-16 16:03:24'),
(254, 'Producto 336', '758237', NULL, 1, 1, 1, 1, '50.00', '0.00', '0.00', '0.00', '100.00', '10.00', '25.00', '50.00', 0, 0, 1, 0, 1, '2024-08-16 16:03:24', '2024-08-16 16:03:24'),
(255, 'Producto 337', '758238', NULL, 1, 1, 1, 1, '50.00', '0.00', '0.00', '0.00', '100.00', '10.00', '25.00', '50.00', 0, 0, 1, 0, 1, '2024-08-16 16:03:24', '2024-08-16 16:03:24'),
(256, 'Producto 338', '758239', NULL, 1, 1, 1, 1, '50.00', '0.00', '0.00', '0.00', '100.00', '10.00', '25.00', '50.00', 0, 0, 1, 0, 1, '2024-08-16 16:03:24', '2024-08-16 16:03:24'),
(257, 'Producto 339', '758240', NULL, 1, 1, 1, 1, '50.00', '0.00', '0.00', '0.00', '100.00', '10.00', '25.00', '50.00', 0, 0, 1, 0, 1, '2024-08-16 16:03:24', '2024-08-16 16:03:24'),
(258, 'Producto 340', '758241', NULL, 1, 1, 1, 1, '50.00', '0.00', '0.00', '0.00', '100.00', '10.00', '25.00', '50.00', 0, 0, 1, 0, 1, '2024-08-16 16:03:24', '2024-08-16 16:03:24'),
(259, 'Producto 341', '758242', NULL, 1, 1, 1, 1, '50.00', '0.00', '0.00', '0.00', '100.00', '10.00', '25.00', '50.00', 0, 0, 1, 0, 1, '2024-08-16 16:03:24', '2024-08-16 16:03:24'),
(260, 'Producto 342', '758243', NULL, 1, 1, 1, 1, '50.00', '0.00', '0.00', '0.00', '100.00', '10.00', '25.00', '50.00', 0, 0, 1, 0, 1, '2024-08-16 16:03:24', '2024-08-16 16:03:24'),
(261, 'Producto 343', '758244', NULL, 1, 1, 1, 1, '50.00', '0.00', '0.00', '0.00', '100.00', '10.00', '25.00', '50.00', 0, 0, 1, 0, 1, '2024-08-16 16:03:24', '2024-08-16 16:03:24'),
(262, 'Producto 344', '758245', NULL, 1, 1, 1, 1, '50.00', '0.00', '0.00', '0.00', '100.00', '10.00', '25.00', '50.00', 0, 0, 1, 0, 1, '2024-08-16 16:03:24', '2024-08-16 16:03:24'),
(263, 'Producto 345', '758246', NULL, 1, 1, 1, 1, '50.00', '0.00', '0.00', '0.00', '100.00', '10.00', '25.00', '50.00', 0, 0, 1, 0, 1, '2024-08-16 16:03:24', '2024-08-16 16:03:24'),
(264, 'Producto 346', '758247', NULL, 1, 1, 1, 1, '50.00', '0.00', '0.00', '0.00', '100.00', '10.00', '25.00', '50.00', 0, 0, 1, 0, 1, '2024-08-16 16:03:24', '2024-08-16 16:03:24'),
(265, 'Producto 347', '758248', NULL, 1, 1, 1, 1, '50.00', '0.00', '0.00', '0.00', '100.00', '10.00', '25.00', '50.00', 0, 0, 1, 0, 1, '2024-08-16 16:03:24', '2024-08-16 16:03:24'),
(266, 'Producto 348', '758249', NULL, 1, 1, 1, 1, '50.00', '0.00', '0.00', '0.00', '100.00', '10.00', '25.00', '50.00', 0, 0, 1, 0, 1, '2024-08-16 16:03:24', '2024-08-16 16:03:24'),
(267, 'Producto 349', '758250', NULL, 1, 1, 1, 1, '50.00', '0.00', '0.00', '0.00', '100.00', '10.00', '25.00', '50.00', 0, 0, 1, 0, 1, '2024-08-16 16:03:24', '2024-08-16 16:03:24'),
(268, 'Producto 350', '758251', NULL, 1, 1, 1, 1, '50.00', '0.00', '0.00', '0.00', '100.00', '10.00', '25.00', '50.00', 0, 0, 1, 0, 1, '2024-08-16 16:03:24', '2024-08-16 16:03:24'),
(269, 'Producto 351', '758252', NULL, 1, 1, 1, 1, '50.00', '0.00', '0.00', '0.00', '100.00', '10.00', '25.00', '50.00', 0, 0, 1, 0, 1, '2024-08-16 16:03:24', '2024-08-16 16:03:24'),
(270, 'Producto 352', '758253', NULL, 1, 1, 1, 1, '50.00', '0.00', '0.00', '0.00', '100.00', '10.00', '25.00', '50.00', 0, 0, 1, 0, 1, '2024-08-16 16:03:24', '2024-08-16 16:03:24'),
(271, 'Producto 353', '758254', NULL, 1, 1, 1, 1, '50.00', '0.00', '0.00', '0.00', '100.00', '10.00', '25.00', '50.00', 0, 0, 1, 0, 1, '2024-08-16 16:03:24', '2024-08-16 16:03:24'),
(272, 'Producto 354', '758255', NULL, 1, 1, 1, 1, '50.00', '0.00', '0.00', '0.00', '100.00', '10.00', '25.00', '50.00', 0, 0, 1, 0, 1, '2024-08-16 16:03:24', '2024-08-16 16:03:24'),
(273, 'Producto 355', '758256', NULL, 1, 1, 1, 1, '50.00', '0.00', '0.00', '0.00', '100.00', '10.00', '25.00', '50.00', 0, 0, 1, 0, 1, '2024-08-16 16:03:24', '2024-08-16 16:03:24'),
(274, 'Producto 356', '758257', NULL, 1, 1, 1, 1, '50.00', '0.00', '0.00', '0.00', '100.00', '10.00', '25.00', '50.00', 0, 0, 1, 0, 1, '2024-08-16 16:03:24', '2024-08-16 16:03:24'),
(275, 'Producto 357', '758258', NULL, 1, 1, 1, 1, '50.00', '0.00', '0.00', '0.00', '100.00', '10.00', '25.00', '50.00', 0, 0, 1, 0, 1, '2024-08-16 16:03:24', '2024-08-16 16:03:24'),
(276, 'Producto 358', '758259', NULL, 1, 1, 1, 1, '50.00', '0.00', '0.00', '0.00', '100.00', '10.00', '25.00', '50.00', 0, 0, 1, 0, 1, '2024-08-16 16:03:24', '2024-08-16 16:03:24'),
(277, 'Producto 359', '758260', NULL, 1, 1, 1, 1, '50.00', '0.00', '0.00', '0.00', '100.00', '10.00', '25.00', '50.00', 0, 0, 1, 0, 1, '2024-08-16 16:03:24', '2024-08-16 16:03:24'),
(278, 'Producto 360', '758261', NULL, 1, 1, 1, 1, '50.00', '0.00', '0.00', '0.00', '100.00', '10.00', '25.00', '50.00', 0, 0, 1, 0, 1, '2024-08-16 16:03:24', '2024-08-16 16:03:24');
INSERT INTO `productos` (`id`, `nombre`, `codigo_barra`, `detalle`, `medida_id`, `proveedor_id`, `marca_id`, `categoria_id`, `costo`, `precio_1`, `precio_2`, `precio_3`, `precio_4`, `stock_minimo`, `stock_medio`, `stock_moderado`, `is_perecedero`, `is_lote`, `is_servicio`, `is_exento`, `estado`, `created_at`, `updated_at`) VALUES
(279, 'Producto 361', '758262', NULL, 1, 1, 1, 1, '50.00', '0.00', '0.00', '0.00', '100.00', '10.00', '25.00', '50.00', 0, 0, 1, 0, 1, '2024-08-16 16:03:24', '2024-08-16 16:03:24'),
(280, 'Producto 362', '758263', NULL, 1, 1, 1, 1, '50.00', '0.00', '0.00', '0.00', '100.00', '10.00', '25.00', '50.00', 0, 0, 1, 0, 1, '2024-08-16 16:03:24', '2024-08-16 16:03:24'),
(281, 'Producto 363', '758264', NULL, 1, 1, 1, 1, '50.00', '0.00', '0.00', '0.00', '100.00', '10.00', '25.00', '50.00', 0, 0, 1, 0, 1, '2024-08-16 16:03:24', '2024-08-16 16:03:24'),
(282, 'Producto 364', '758265', NULL, 1, 1, 1, 1, '50.00', '0.00', '0.00', '0.00', '100.00', '10.00', '25.00', '50.00', 0, 0, 1, 0, 1, '2024-08-16 16:03:24', '2024-08-16 16:03:24'),
(283, 'Producto 365', '758266', NULL, 1, 1, 1, 1, '50.00', '0.00', '0.00', '0.00', '100.00', '10.00', '25.00', '50.00', 0, 0, 1, 0, 1, '2024-08-16 16:03:24', '2024-08-16 16:03:24'),
(284, 'Producto 366', '758267', NULL, 1, 1, 1, 1, '50.00', '0.00', '0.00', '0.00', '100.00', '10.00', '25.00', '50.00', 0, 0, 1, 0, 1, '2024-08-16 16:03:24', '2024-08-16 16:03:24'),
(285, 'Producto 367', '758268', NULL, 1, 1, 1, 1, '50.00', '0.00', '0.00', '0.00', '100.00', '10.00', '25.00', '50.00', 0, 0, 1, 0, 1, '2024-08-16 16:03:24', '2024-08-16 16:03:24'),
(286, 'Producto 368', '758269', NULL, 1, 1, 1, 1, '50.00', '0.00', '0.00', '0.00', '100.00', '10.00', '25.00', '50.00', 0, 0, 1, 0, 1, '2024-08-16 16:03:24', '2024-08-16 16:03:24'),
(287, 'Producto 369', '758270', NULL, 1, 1, 1, 1, '50.00', '0.00', '0.00', '0.00', '100.00', '10.00', '25.00', '50.00', 0, 0, 1, 0, 1, '2024-08-16 16:03:24', '2024-08-16 16:03:24'),
(288, 'Producto 370', '758271', NULL, 1, 1, 1, 1, '50.00', '0.00', '0.00', '0.00', '100.00', '10.00', '25.00', '50.00', 0, 0, 1, 0, 1, '2024-08-16 16:03:24', '2024-08-16 16:03:24'),
(289, 'Producto 371', '758272', NULL, 1, 1, 1, 1, '50.00', '0.00', '0.00', '0.00', '100.00', '10.00', '25.00', '50.00', 0, 0, 1, 0, 1, '2024-08-16 16:03:24', '2024-08-16 16:03:24'),
(290, 'Producto 372', '758273', NULL, 1, 1, 1, 1, '50.00', '0.00', '0.00', '0.00', '100.00', '10.00', '25.00', '50.00', 0, 0, 1, 0, 1, '2024-08-16 16:03:24', '2024-08-16 16:03:24'),
(291, 'Producto 373', '758274', NULL, 1, 1, 1, 1, '50.00', '0.00', '0.00', '0.00', '100.00', '10.00', '25.00', '50.00', 0, 0, 1, 0, 1, '2024-08-16 16:03:24', '2024-08-16 16:03:24'),
(292, 'Producto 374', '758275', NULL, 1, 1, 1, 1, '50.00', '0.00', '0.00', '0.00', '100.00', '10.00', '25.00', '50.00', 0, 0, 1, 0, 1, '2024-08-16 16:03:24', '2024-08-16 16:03:24'),
(293, 'Producto 375', '758276', NULL, 1, 1, 1, 1, '50.00', '0.00', '0.00', '0.00', '100.00', '10.00', '25.00', '50.00', 0, 0, 1, 0, 1, '2024-08-16 16:03:24', '2024-08-16 16:03:24'),
(294, 'Producto 376', '758277', NULL, 1, 1, 1, 1, '50.00', '0.00', '0.00', '0.00', '100.00', '10.00', '25.00', '50.00', 0, 0, 1, 0, 1, '2024-08-16 16:03:24', '2024-08-16 16:03:24'),
(295, 'Producto 377', '758278', NULL, 1, 1, 1, 1, '50.00', '0.00', '0.00', '0.00', '100.00', '10.00', '25.00', '50.00', 0, 0, 1, 0, 1, '2024-08-16 16:03:24', '2024-08-16 16:03:24'),
(296, 'Producto 378', '758279', NULL, 1, 1, 1, 1, '50.00', '0.00', '0.00', '0.00', '100.00', '10.00', '25.00', '50.00', 0, 0, 1, 0, 1, '2024-08-16 16:03:24', '2024-08-16 16:03:24'),
(297, 'Producto 379', '758280', NULL, 1, 1, 1, 1, '50.00', '0.00', '0.00', '0.00', '100.00', '10.00', '25.00', '50.00', 0, 0, 1, 0, 1, '2024-08-16 16:03:24', '2024-08-16 16:03:24'),
(298, 'Producto 380', '758281', NULL, 1, 1, 1, 1, '50.00', '0.00', '0.00', '0.00', '100.00', '10.00', '25.00', '50.00', 0, 0, 1, 0, 1, '2024-08-16 16:03:24', '2024-08-16 16:03:24'),
(299, 'Producto 381', '758282', NULL, 1, 1, 1, 1, '50.00', '0.00', '0.00', '0.00', '100.00', '10.00', '25.00', '50.00', 0, 0, 1, 0, 1, '2024-08-16 16:03:24', '2024-08-16 16:03:24'),
(300, 'Producto 382', '758283', NULL, 1, 1, 1, 1, '50.00', '0.00', '0.00', '0.00', '100.00', '10.00', '25.00', '50.00', 0, 0, 1, 0, 1, '2024-08-16 16:03:24', '2024-08-16 16:03:24'),
(301, 'Producto 383', '758284', NULL, 1, 1, 1, 1, '50.00', '0.00', '0.00', '0.00', '100.00', '10.00', '25.00', '50.00', 0, 0, 1, 0, 1, '2024-08-16 16:03:24', '2024-08-16 16:03:24'),
(302, 'Producto 384', '758285', NULL, 1, 1, 1, 1, '50.00', '0.00', '0.00', '0.00', '100.00', '10.00', '25.00', '50.00', 0, 0, 1, 0, 1, '2024-08-16 16:03:24', '2024-08-16 16:03:24'),
(303, 'Producto 385', '758286', NULL, 1, 1, 1, 1, '50.00', '0.00', '0.00', '0.00', '100.00', '10.00', '25.00', '50.00', 0, 0, 1, 0, 1, '2024-08-16 16:03:24', '2024-08-16 16:03:24'),
(304, 'Producto 386', '758287', NULL, 1, 1, 1, 1, '50.00', '0.00', '0.00', '0.00', '100.00', '10.00', '25.00', '50.00', 0, 0, 1, 0, 1, '2024-08-16 16:03:24', '2024-08-16 16:03:24'),
(305, 'Producto 387', '758288', NULL, 1, 1, 1, 1, '50.00', '0.00', '0.00', '0.00', '100.00', '10.00', '25.00', '50.00', 0, 0, 1, 0, 1, '2024-08-16 16:03:24', '2024-08-16 16:03:24'),
(306, 'Producto 388', '758289', NULL, 1, 1, 1, 1, '50.00', '0.00', '0.00', '0.00', '100.00', '10.00', '25.00', '50.00', 0, 0, 1, 0, 1, '2024-08-16 16:03:24', '2024-08-16 16:03:24'),
(307, 'Producto 389', '758290', NULL, 1, 1, 1, 1, '50.00', '0.00', '0.00', '0.00', '100.00', '10.00', '25.00', '50.00', 0, 0, 1, 0, 1, '2024-08-16 16:03:24', '2024-08-16 16:03:24'),
(308, 'Producto 390', '758291', NULL, 1, 1, 1, 1, '50.00', '0.00', '0.00', '0.00', '100.00', '10.00', '25.00', '50.00', 0, 0, 1, 0, 1, '2024-08-16 16:03:24', '2024-08-16 16:03:24'),
(309, 'Producto 391', '758292', NULL, 1, 1, 1, 1, '50.00', '0.00', '0.00', '0.00', '100.00', '10.00', '25.00', '50.00', 0, 0, 1, 0, 1, '2024-08-16 16:03:24', '2024-08-16 16:03:24'),
(310, 'Producto 392', '758293', NULL, 1, 1, 1, 1, '50.00', '0.00', '0.00', '0.00', '100.00', '10.00', '25.00', '50.00', 0, 0, 1, 0, 1, '2024-08-16 16:03:24', '2024-08-16 16:03:24'),
(311, 'Producto 393', '758294', NULL, 1, 1, 1, 1, '50.00', '0.00', '0.00', '0.00', '100.00', '10.00', '25.00', '50.00', 0, 0, 1, 0, 1, '2024-08-16 16:03:24', '2024-08-16 16:03:24'),
(312, 'Producto 394', '758295', NULL, 1, 1, 1, 1, '50.00', '0.00', '0.00', '0.00', '100.00', '10.00', '25.00', '50.00', 0, 0, 1, 0, 1, '2024-08-16 16:03:24', '2024-08-16 16:03:24'),
(313, 'Producto 395', '758296', NULL, 1, 1, 1, 1, '50.00', '0.00', '0.00', '0.00', '100.00', '10.00', '25.00', '50.00', 0, 0, 1, 0, 1, '2024-08-16 16:03:24', '2024-08-16 16:03:24'),
(314, 'Producto 396', '758297', NULL, 1, 1, 1, 1, '50.00', '0.00', '0.00', '0.00', '100.00', '10.00', '25.00', '50.00', 0, 0, 1, 0, 1, '2024-08-16 16:03:24', '2024-08-16 16:03:24'),
(315, 'Producto 397', '758298', NULL, 1, 1, 1, 1, '50.00', '0.00', '0.00', '0.00', '100.00', '10.00', '25.00', '50.00', 0, 0, 1, 0, 1, '2024-08-16 16:03:24', '2024-08-16 16:03:24'),
(316, 'Producto 398', '758299', NULL, 1, 1, 1, 1, '50.00', '0.00', '0.00', '0.00', '100.00', '10.00', '25.00', '50.00', 0, 0, 1, 0, 1, '2024-08-16 16:03:24', '2024-08-16 16:03:24'),
(317, 'Producto 399', '758300', NULL, 1, 1, 1, 1, '50.00', '0.00', '0.00', '0.00', '100.00', '10.00', '25.00', '50.00', 0, 0, 1, 0, 1, '2024-08-16 16:03:24', '2024-08-16 16:03:24'),
(318, 'Producto 400', '758301', NULL, 1, 1, 1, 1, '50.00', '0.00', '0.00', '0.00', '100.00', '10.00', '25.00', '50.00', 0, 0, 1, 0, 1, '2024-08-16 16:03:24', '2024-08-16 16:03:24'),
(319, 'Producto 401', '758302', NULL, 1, 1, 1, 1, '50.00', '0.00', '0.00', '0.00', '100.00', '10.00', '25.00', '50.00', 0, 0, 1, 0, 1, '2024-08-16 16:03:24', '2024-08-16 16:03:24'),
(320, 'Producto 402', '758303', NULL, 1, 1, 1, 1, '50.00', '0.00', '0.00', '0.00', '100.00', '10.00', '25.00', '50.00', 0, 0, 1, 0, 1, '2024-08-16 16:03:24', '2024-08-16 16:03:24'),
(321, 'Producto 403', '758304', NULL, 1, 1, 1, 1, '50.00', '0.00', '0.00', '0.00', '100.00', '10.00', '25.00', '50.00', 0, 0, 1, 0, 1, '2024-08-16 16:03:24', '2024-08-16 16:03:24'),
(322, 'Producto 404', '758305', NULL, 1, 1, 1, 1, '50.00', '0.00', '0.00', '0.00', '100.00', '10.00', '25.00', '50.00', 0, 0, 1, 0, 1, '2024-08-16 16:03:24', '2024-08-16 16:03:24'),
(323, 'Producto 405', '758306', NULL, 1, 1, 1, 1, '50.00', '0.00', '0.00', '0.00', '100.00', '10.00', '25.00', '50.00', 0, 0, 1, 0, 1, '2024-08-16 16:03:24', '2024-08-16 16:03:24'),
(324, 'Producto 406', '758307', NULL, 1, 1, 1, 1, '50.00', '0.00', '0.00', '0.00', '100.00', '10.00', '25.00', '50.00', 0, 0, 1, 0, 1, '2024-08-16 16:03:24', '2024-08-16 16:03:24'),
(325, 'Producto 407', '758308', NULL, 1, 1, 1, 1, '50.00', '0.00', '0.00', '0.00', '100.00', '10.00', '25.00', '50.00', 0, 0, 1, 0, 1, '2024-08-16 16:03:24', '2024-08-16 16:03:24'),
(326, 'Producto 408', '758309', NULL, 1, 1, 1, 1, '50.00', '0.00', '0.00', '0.00', '100.00', '10.00', '25.00', '50.00', 0, 0, 1, 0, 1, '2024-08-16 16:03:24', '2024-08-16 16:03:24'),
(327, 'Producto 409', '758310', NULL, 1, 1, 1, 1, '50.00', '0.00', '0.00', '0.00', '100.00', '10.00', '25.00', '50.00', 0, 0, 1, 0, 1, '2024-08-16 16:03:24', '2024-08-16 16:03:24'),
(328, 'Producto 410', '758311', NULL, 1, 1, 1, 1, '50.00', '0.00', '0.00', '0.00', '100.00', '10.00', '25.00', '50.00', 0, 0, 1, 0, 1, '2024-08-16 16:03:24', '2024-08-16 16:03:24'),
(329, 'Producto 411', '758312', NULL, 1, 1, 1, 1, '50.00', '0.00', '0.00', '0.00', '100.00', '10.00', '25.00', '50.00', 0, 0, 1, 0, 1, '2024-08-16 16:03:24', '2024-08-16 16:03:24'),
(330, 'Producto 412', '758313', NULL, 1, 1, 1, 1, '50.00', '0.00', '0.00', '0.00', '100.00', '10.00', '25.00', '50.00', 0, 0, 1, 0, 1, '2024-08-16 16:03:24', '2024-08-16 16:03:24'),
(331, 'Producto 413', '758314', NULL, 1, 1, 1, 1, '50.00', '0.00', '0.00', '0.00', '100.00', '10.00', '25.00', '50.00', 0, 0, 1, 0, 1, '2024-08-16 16:03:24', '2024-08-16 16:03:24'),
(332, 'Producto 414', '758315', NULL, 1, 1, 1, 1, '50.00', '0.00', '0.00', '0.00', '100.00', '10.00', '25.00', '50.00', 0, 0, 1, 0, 1, '2024-08-16 16:03:24', '2024-08-16 16:03:24'),
(333, 'Producto 415', '758316', NULL, 1, 1, 1, 1, '50.00', '0.00', '0.00', '0.00', '100.00', '10.00', '25.00', '50.00', 0, 0, 1, 0, 1, '2024-08-16 16:03:24', '2024-08-16 16:03:24'),
(334, 'Producto 416', '758317', NULL, 1, 1, 1, 1, '50.00', '0.00', '0.00', '0.00', '100.00', '10.00', '25.00', '50.00', 0, 0, 1, 0, 1, '2024-08-16 16:03:24', '2024-08-16 16:03:24'),
(335, 'Producto 417', '758318', NULL, 1, 1, 1, 1, '50.00', '0.00', '0.00', '0.00', '100.00', '10.00', '25.00', '50.00', 0, 0, 1, 0, 1, '2024-08-16 16:03:24', '2024-08-16 16:03:24'),
(336, 'Producto 418', '758319', NULL, 1, 1, 1, 1, '50.00', '0.00', '0.00', '0.00', '100.00', '10.00', '25.00', '50.00', 0, 0, 1, 0, 1, '2024-08-16 16:03:24', '2024-08-16 16:03:24'),
(337, 'Producto 419', '758320', NULL, 1, 1, 1, 1, '50.00', '0.00', '0.00', '0.00', '100.00', '10.00', '25.00', '50.00', 0, 0, 1, 0, 1, '2024-08-16 16:03:24', '2024-08-16 16:03:24'),
(338, 'Producto 420', '758321', NULL, 1, 1, 1, 1, '50.00', '0.00', '0.00', '0.00', '100.00', '10.00', '25.00', '50.00', 0, 0, 1, 0, 1, '2024-08-16 16:03:24', '2024-08-16 16:03:24'),
(339, 'Producto 421', '758322', NULL, 1, 1, 1, 1, '50.00', '0.00', '0.00', '0.00', '100.00', '10.00', '25.00', '50.00', 0, 0, 1, 0, 1, '2024-08-16 16:03:24', '2024-08-16 16:03:24'),
(340, 'Producto 422', '758323', NULL, 1, 1, 1, 1, '50.00', '0.00', '0.00', '0.00', '100.00', '10.00', '25.00', '50.00', 0, 0, 1, 0, 1, '2024-08-16 16:03:24', '2024-08-16 16:03:24'),
(341, 'Producto 423', '758324', NULL, 1, 1, 1, 1, '50.00', '0.00', '0.00', '0.00', '100.00', '10.00', '25.00', '50.00', 0, 0, 1, 0, 1, '2024-08-16 16:03:24', '2024-08-16 16:03:24'),
(342, 'Producto 424', '758325', NULL, 1, 1, 1, 1, '50.00', '0.00', '0.00', '0.00', '100.00', '10.00', '25.00', '50.00', 0, 0, 1, 0, 1, '2024-08-16 16:03:24', '2024-08-16 16:03:24'),
(343, 'Producto 425', '758326', NULL, 1, 1, 1, 1, '50.00', '0.00', '0.00', '0.00', '100.00', '10.00', '25.00', '50.00', 0, 0, 1, 0, 1, '2024-08-16 16:03:24', '2024-08-16 16:03:24'),
(344, 'Producto 426', '758327', NULL, 1, 1, 1, 1, '50.00', '0.00', '0.00', '0.00', '100.00', '10.00', '25.00', '50.00', 0, 0, 1, 0, 1, '2024-08-16 16:03:24', '2024-08-16 16:03:24'),
(345, 'Producto 427', '758328', NULL, 1, 1, 1, 1, '50.00', '0.00', '0.00', '0.00', '100.00', '10.00', '25.00', '50.00', 0, 0, 1, 0, 1, '2024-08-16 16:03:24', '2024-08-16 16:03:24'),
(346, 'Producto 428', '758329', NULL, 1, 1, 1, 1, '50.00', '0.00', '0.00', '0.00', '100.00', '10.00', '25.00', '50.00', 0, 0, 1, 0, 1, '2024-08-16 16:03:24', '2024-08-16 16:03:24'),
(347, 'Producto 429', '758330', NULL, 1, 1, 1, 1, '50.00', '0.00', '0.00', '0.00', '100.00', '10.00', '25.00', '50.00', 0, 0, 1, 0, 1, '2024-08-16 16:03:24', '2024-08-16 16:03:24'),
(348, 'Producto 430', '758331', NULL, 1, 1, 1, 1, '50.00', '0.00', '0.00', '0.00', '100.00', '10.00', '25.00', '50.00', 0, 0, 1, 0, 1, '2024-08-16 16:03:24', '2024-08-16 16:03:24'),
(349, 'Producto 431', '758332', NULL, 1, 1, 1, 1, '50.00', '0.00', '0.00', '0.00', '100.00', '10.00', '25.00', '50.00', 0, 0, 1, 0, 1, '2024-08-16 16:03:24', '2024-08-16 16:03:24'),
(350, 'Producto 432', '758333', NULL, 1, 1, 1, 1, '50.00', '0.00', '0.00', '0.00', '100.00', '10.00', '25.00', '50.00', 0, 0, 1, 0, 1, '2024-08-16 16:03:24', '2024-08-16 16:03:24'),
(351, 'Producto 433', '758334', NULL, 1, 1, 1, 1, '50.00', '0.00', '0.00', '0.00', '100.00', '10.00', '25.00', '50.00', 0, 0, 1, 0, 1, '2024-08-16 16:03:24', '2024-08-16 16:03:24'),
(352, 'Producto 434', '758335', NULL, 1, 1, 1, 1, '50.00', '0.00', '0.00', '0.00', '100.00', '10.00', '25.00', '50.00', 0, 0, 1, 0, 1, '2024-08-16 16:03:24', '2024-08-16 16:03:24'),
(353, 'Producto 435', '758336', NULL, 1, 1, 1, 1, '50.00', '0.00', '0.00', '0.00', '100.00', '10.00', '25.00', '50.00', 0, 0, 1, 0, 1, '2024-08-16 16:03:24', '2024-08-16 16:03:24'),
(354, 'Producto 436', '758337', NULL, 1, 1, 1, 1, '50.00', '0.00', '0.00', '0.00', '100.00', '10.00', '25.00', '50.00', 0, 0, 1, 0, 1, '2024-08-16 16:03:24', '2024-08-16 16:03:24'),
(355, 'Producto 437', '758338', NULL, 1, 1, 1, 1, '50.00', '0.00', '0.00', '0.00', '100.00', '10.00', '25.00', '50.00', 0, 0, 1, 0, 1, '2024-08-16 16:03:24', '2024-08-16 16:03:24'),
(356, 'Producto 438', '758339', NULL, 1, 1, 1, 1, '50.00', '0.00', '0.00', '0.00', '100.00', '10.00', '25.00', '50.00', 0, 0, 1, 0, 1, '2024-08-16 16:03:24', '2024-08-16 16:03:24'),
(357, 'Producto 439', '758340', NULL, 1, 1, 1, 1, '50.00', '0.00', '0.00', '0.00', '100.00', '10.00', '25.00', '50.00', 0, 0, 1, 0, 1, '2024-08-16 16:03:24', '2024-08-16 16:03:24'),
(358, 'Producto 440', '758341', NULL, 1, 1, 1, 1, '50.00', '0.00', '0.00', '0.00', '100.00', '10.00', '25.00', '50.00', 0, 0, 1, 0, 1, '2024-08-16 16:03:24', '2024-08-16 16:03:24'),
(359, 'Producto 441', '758342', NULL, 1, 1, 1, 1, '50.00', '0.00', '0.00', '0.00', '100.00', '10.00', '25.00', '50.00', 0, 0, 1, 0, 1, '2024-08-16 16:03:24', '2024-08-16 16:03:24'),
(360, 'Producto 442', '758343', NULL, 1, 1, 1, 1, '50.00', '0.00', '0.00', '0.00', '100.00', '10.00', '25.00', '50.00', 0, 0, 1, 0, 1, '2024-08-16 16:03:24', '2024-08-16 16:03:24'),
(361, 'Producto 443', '758344', NULL, 1, 1, 1, 1, '50.00', '0.00', '0.00', '0.00', '100.00', '10.00', '25.00', '50.00', 0, 0, 1, 0, 1, '2024-08-16 16:03:24', '2024-08-16 16:03:24'),
(362, 'Producto 444', '758345', NULL, 1, 1, 1, 1, '50.00', '0.00', '0.00', '0.00', '100.00', '10.00', '25.00', '50.00', 0, 0, 1, 0, 1, '2024-08-16 16:03:24', '2024-08-16 16:03:24'),
(363, 'Producto 445', '758346', NULL, 1, 1, 1, 1, '50.00', '0.00', '0.00', '0.00', '100.00', '10.00', '25.00', '50.00', 0, 0, 1, 0, 1, '2024-08-16 16:03:24', '2024-08-16 16:03:24'),
(364, 'Producto 446', '758347', NULL, 1, 1, 1, 1, '50.00', '0.00', '0.00', '0.00', '100.00', '10.00', '25.00', '50.00', 0, 0, 1, 0, 1, '2024-08-16 16:03:24', '2024-08-16 16:03:24'),
(365, 'Producto 447', '758348', NULL, 1, 1, 1, 1, '50.00', '0.00', '0.00', '0.00', '100.00', '10.00', '25.00', '50.00', 0, 0, 1, 0, 1, '2024-08-16 16:03:24', '2024-08-16 16:03:24'),
(366, 'Producto 448', '758349', NULL, 1, 1, 1, 1, '50.00', '0.00', '0.00', '0.00', '100.00', '10.00', '25.00', '50.00', 0, 0, 1, 0, 1, '2024-08-16 16:03:24', '2024-08-16 16:03:24'),
(367, 'Producto 449', '758350', NULL, 1, 1, 1, 1, '50.00', '0.00', '0.00', '0.00', '100.00', '10.00', '25.00', '50.00', 0, 0, 1, 0, 1, '2024-08-16 16:03:24', '2024-08-16 16:03:24'),
(368, 'Producto 450', '758351', NULL, 1, 1, 1, 1, '50.00', '0.00', '0.00', '0.00', '100.00', '10.00', '25.00', '50.00', 0, 0, 1, 0, 1, '2024-08-16 16:03:24', '2024-08-16 16:03:24'),
(369, 'Producto 451', '758352', NULL, 1, 1, 1, 1, '50.00', '0.00', '0.00', '0.00', '100.00', '10.00', '25.00', '50.00', 0, 0, 1, 0, 1, '2024-08-16 16:03:24', '2024-08-16 16:03:24'),
(370, 'Producto 452', '758353', NULL, 1, 1, 1, 1, '50.00', '0.00', '0.00', '0.00', '100.00', '10.00', '25.00', '50.00', 0, 0, 1, 0, 1, '2024-08-16 16:03:24', '2024-08-16 16:03:24'),
(371, 'Producto 453', '758354', NULL, 1, 1, 1, 1, '50.00', '0.00', '0.00', '0.00', '100.00', '10.00', '25.00', '50.00', 0, 0, 1, 0, 1, '2024-08-16 16:03:24', '2024-08-16 16:03:24'),
(372, 'Producto 454', '758355', NULL, 1, 1, 1, 1, '50.00', '0.00', '0.00', '0.00', '100.00', '10.00', '25.00', '50.00', 0, 0, 1, 0, 1, '2024-08-16 16:03:24', '2024-08-16 16:03:24'),
(373, 'Producto 455', '758356', NULL, 1, 1, 1, 1, '50.00', '0.00', '0.00', '0.00', '100.00', '10.00', '25.00', '50.00', 0, 0, 1, 0, 1, '2024-08-16 16:03:24', '2024-08-16 16:03:24'),
(374, 'Producto 456', '758357', NULL, 1, 1, 1, 1, '50.00', '0.00', '0.00', '0.00', '100.00', '10.00', '25.00', '50.00', 0, 0, 1, 0, 1, '2024-08-16 16:03:24', '2024-08-16 16:03:24'),
(375, 'Producto 457', '758358', NULL, 1, 1, 1, 1, '50.00', '0.00', '0.00', '0.00', '100.00', '10.00', '25.00', '50.00', 0, 0, 1, 0, 1, '2024-08-16 16:03:24', '2024-08-16 16:03:24'),
(376, 'Producto 458', '758359', NULL, 1, 1, 1, 1, '50.00', '0.00', '0.00', '0.00', '100.00', '10.00', '25.00', '50.00', 0, 0, 1, 0, 1, '2024-08-16 16:03:24', '2024-08-16 16:03:24'),
(377, 'Producto 459', '758360', NULL, 1, 1, 1, 1, '50.00', '0.00', '0.00', '0.00', '100.00', '10.00', '25.00', '50.00', 0, 0, 1, 0, 1, '2024-08-16 16:03:24', '2024-08-16 16:03:24'),
(378, 'Producto 460', '758361', NULL, 1, 1, 1, 1, '50.00', '0.00', '0.00', '0.00', '100.00', '10.00', '25.00', '50.00', 0, 0, 1, 0, 1, '2024-08-16 16:03:24', '2024-08-16 16:03:24'),
(379, 'Producto 461', '758362', NULL, 1, 1, 1, 1, '50.00', '0.00', '0.00', '0.00', '100.00', '10.00', '25.00', '50.00', 0, 0, 1, 0, 1, '2024-08-16 16:03:24', '2024-08-16 16:03:24'),
(380, 'Producto 462', '758363', NULL, 1, 1, 1, 1, '50.00', '0.00', '0.00', '0.00', '100.00', '10.00', '25.00', '50.00', 0, 0, 1, 0, 1, '2024-08-16 16:03:24', '2024-08-16 16:03:24'),
(381, 'Producto 463', '758364', NULL, 1, 1, 1, 1, '50.00', '0.00', '0.00', '0.00', '100.00', '10.00', '25.00', '50.00', 0, 0, 1, 0, 1, '2024-08-16 16:03:24', '2024-08-16 16:03:24'),
(382, 'Producto 464', '758365', NULL, 1, 1, 1, 1, '50.00', '0.00', '0.00', '0.00', '100.00', '10.00', '25.00', '50.00', 0, 0, 1, 0, 1, '2024-08-16 16:03:24', '2024-08-16 16:03:24'),
(383, 'Producto 465', '758366', NULL, 1, 1, 1, 1, '50.00', '0.00', '0.00', '0.00', '100.00', '10.00', '25.00', '50.00', 0, 0, 1, 0, 1, '2024-08-16 16:03:24', '2024-08-16 16:03:24'),
(384, 'Producto 466', '758367', NULL, 1, 1, 1, 1, '50.00', '0.00', '0.00', '0.00', '100.00', '10.00', '25.00', '50.00', 0, 0, 1, 0, 1, '2024-08-16 16:03:24', '2024-08-16 16:03:24'),
(385, 'Producto 467', '758368', NULL, 1, 1, 1, 1, '50.00', '0.00', '0.00', '0.00', '100.00', '10.00', '25.00', '50.00', 0, 0, 1, 0, 1, '2024-08-16 16:03:24', '2024-08-16 16:03:24'),
(386, 'Producto 468', '758369', NULL, 1, 1, 1, 1, '50.00', '0.00', '0.00', '0.00', '100.00', '10.00', '25.00', '50.00', 0, 0, 1, 0, 1, '2024-08-16 16:03:24', '2024-08-16 16:03:24'),
(387, 'Producto 469', '758370', NULL, 1, 1, 1, 1, '50.00', '0.00', '0.00', '0.00', '100.00', '10.00', '25.00', '50.00', 0, 0, 1, 0, 1, '2024-08-16 16:03:24', '2024-08-16 16:03:24'),
(388, 'Producto 470', '758371', NULL, 1, 1, 1, 1, '50.00', '0.00', '0.00', '0.00', '100.00', '10.00', '25.00', '50.00', 0, 0, 1, 0, 1, '2024-08-16 16:03:24', '2024-08-16 16:03:24'),
(389, 'Producto 471', '758372', NULL, 1, 1, 1, 1, '50.00', '0.00', '0.00', '0.00', '100.00', '10.00', '25.00', '50.00', 0, 0, 1, 0, 1, '2024-08-16 16:03:24', '2024-08-16 16:03:24'),
(390, 'Producto 472', '758373', NULL, 1, 1, 1, 1, '50.00', '0.00', '0.00', '0.00', '100.00', '10.00', '25.00', '50.00', 0, 0, 1, 0, 1, '2024-08-16 16:03:24', '2024-08-16 16:03:24'),
(391, 'Producto 473', '758374', NULL, 1, 1, 1, 1, '50.00', '0.00', '0.00', '0.00', '100.00', '10.00', '25.00', '50.00', 0, 0, 1, 0, 1, '2024-08-16 16:03:24', '2024-08-16 16:03:24'),
(392, 'Producto 474', '758375', NULL, 1, 1, 1, 1, '50.00', '0.00', '0.00', '0.00', '100.00', '10.00', '25.00', '50.00', 0, 0, 1, 0, 1, '2024-08-16 16:03:24', '2024-08-16 16:03:24'),
(393, 'Producto 475', '758376', NULL, 1, 1, 1, 1, '50.00', '0.00', '0.00', '0.00', '100.00', '10.00', '25.00', '50.00', 0, 0, 1, 0, 1, '2024-08-16 16:03:24', '2024-08-16 16:03:24'),
(394, 'Producto 476', '758377', NULL, 1, 1, 1, 1, '50.00', '0.00', '0.00', '0.00', '100.00', '10.00', '25.00', '50.00', 0, 0, 1, 0, 1, '2024-08-16 16:03:24', '2024-08-16 16:03:24'),
(395, 'Producto 477', '758378', NULL, 1, 1, 1, 1, '50.00', '0.00', '0.00', '0.00', '100.00', '10.00', '25.00', '50.00', 0, 0, 1, 0, 1, '2024-08-16 16:03:24', '2024-08-16 16:03:24'),
(396, 'Producto 478', '758379', NULL, 1, 1, 1, 1, '50.00', '0.00', '0.00', '0.00', '100.00', '10.00', '25.00', '50.00', 0, 0, 1, 0, 1, '2024-08-16 16:03:24', '2024-08-16 16:03:24'),
(397, 'Producto 479', '758380', NULL, 1, 1, 1, 1, '50.00', '0.00', '0.00', '0.00', '100.00', '10.00', '25.00', '50.00', 0, 0, 1, 0, 1, '2024-08-16 16:03:24', '2024-08-16 16:03:24'),
(398, 'Producto 480', '758381', NULL, 1, 1, 1, 1, '50.00', '0.00', '0.00', '0.00', '100.00', '10.00', '25.00', '50.00', 0, 0, 1, 0, 1, '2024-08-16 16:03:24', '2024-08-16 16:03:24'),
(399, 'Producto 481', '758382', NULL, 1, 1, 1, 1, '50.00', '0.00', '0.00', '0.00', '100.00', '10.00', '25.00', '50.00', 0, 0, 1, 0, 1, '2024-08-16 16:03:24', '2024-08-16 16:03:24'),
(400, 'Producto 482', '758383', NULL, 1, 1, 1, 1, '50.00', '0.00', '0.00', '0.00', '100.00', '10.00', '25.00', '50.00', 0, 0, 1, 0, 1, '2024-08-16 16:03:24', '2024-08-16 16:03:24'),
(401, 'Producto 483', '758384', NULL, 1, 1, 1, 1, '50.00', '0.00', '0.00', '0.00', '100.00', '10.00', '25.00', '50.00', 0, 0, 1, 0, 1, '2024-08-16 16:03:24', '2024-08-16 16:03:24'),
(402, 'Producto 484', '758385', NULL, 1, 1, 1, 1, '50.00', '0.00', '0.00', '0.00', '100.00', '10.00', '25.00', '50.00', 0, 0, 1, 0, 1, '2024-08-16 16:03:24', '2024-08-16 16:03:24'),
(403, 'Producto 485', '758386', NULL, 1, 1, 1, 1, '50.00', '0.00', '0.00', '0.00', '100.00', '10.00', '25.00', '50.00', 0, 0, 1, 0, 1, '2024-08-16 16:03:24', '2024-08-16 16:03:24'),
(404, 'Producto 486', '758387', NULL, 1, 1, 1, 1, '50.00', '0.00', '0.00', '0.00', '100.00', '10.00', '25.00', '50.00', 0, 0, 1, 0, 1, '2024-08-16 16:03:24', '2024-08-16 16:03:24'),
(405, 'Producto 487', '758388', NULL, 1, 1, 1, 1, '50.00', '0.00', '0.00', '0.00', '100.00', '10.00', '25.00', '50.00', 0, 0, 1, 0, 1, '2024-08-16 16:03:24', '2024-08-16 16:03:24'),
(406, 'Producto 488', '758389', NULL, 1, 1, 1, 1, '50.00', '0.00', '0.00', '0.00', '100.00', '10.00', '25.00', '50.00', 0, 0, 1, 0, 1, '2024-08-16 16:03:24', '2024-08-16 16:03:24'),
(407, 'Producto 489', '758390', NULL, 1, 1, 1, 1, '50.00', '0.00', '0.00', '0.00', '100.00', '10.00', '25.00', '50.00', 0, 0, 1, 0, 1, '2024-08-16 16:03:24', '2024-08-16 16:03:24'),
(408, 'Producto 490', '758391', NULL, 1, 1, 1, 1, '50.00', '0.00', '0.00', '0.00', '100.00', '10.00', '25.00', '50.00', 0, 0, 1, 0, 1, '2024-08-16 16:03:24', '2024-08-16 16:03:24'),
(409, 'Producto 491', '758392', NULL, 1, 1, 1, 1, '50.00', '0.00', '0.00', '0.00', '100.00', '10.00', '25.00', '50.00', 0, 0, 1, 0, 1, '2024-08-16 16:03:24', '2024-08-16 16:03:24'),
(410, 'Producto 492', '758393', NULL, 1, 1, 1, 1, '50.00', '0.00', '0.00', '0.00', '100.00', '10.00', '25.00', '50.00', 0, 0, 1, 0, 1, '2024-08-16 16:03:24', '2024-08-16 16:03:24'),
(411, 'Producto 493', '758394', NULL, 1, 1, 1, 1, '50.00', '0.00', '0.00', '0.00', '100.00', '10.00', '25.00', '50.00', 0, 0, 1, 0, 1, '2024-08-16 16:03:24', '2024-08-16 16:03:24'),
(412, 'Producto 494', '758395', NULL, 1, 1, 1, 1, '50.00', '0.00', '0.00', '0.00', '100.00', '10.00', '25.00', '50.00', 0, 0, 1, 0, 1, '2024-08-16 16:03:24', '2024-08-16 16:03:24'),
(413, 'Producto 495', '758396', NULL, 1, 1, 1, 1, '50.00', '0.00', '0.00', '0.00', '100.00', '10.00', '25.00', '50.00', 0, 0, 1, 0, 1, '2024-08-16 16:03:24', '2024-08-16 16:03:24'),
(414, 'Producto 496', '758397', NULL, 1, 1, 1, 1, '50.00', '0.00', '0.00', '0.00', '100.00', '10.00', '25.00', '50.00', 0, 0, 1, 0, 1, '2024-08-16 16:03:24', '2024-08-16 16:03:24'),
(415, 'Producto 497', '758398', NULL, 1, 1, 1, 1, '50.00', '0.00', '0.00', '0.00', '100.00', '10.00', '25.00', '50.00', 0, 0, 1, 0, 1, '2024-08-16 16:03:24', '2024-08-16 16:03:24'),
(416, 'Producto 498', '758399', NULL, 1, 1, 1, 1, '50.00', '0.00', '0.00', '0.00', '100.00', '10.00', '25.00', '50.00', 0, 0, 1, 0, 1, '2024-08-16 16:03:24', '2024-08-16 16:03:24'),
(417, 'Producto 499', '758400', NULL, 1, 1, 1, 1, '50.00', '0.00', '0.00', '0.00', '100.00', '10.00', '25.00', '50.00', 0, 0, 1, 0, 1, '2024-08-16 16:03:24', '2024-08-16 16:03:24'),
(418, 'Producto 500', '758401', NULL, 1, 1, 1, 1, '50.00', '0.00', '0.00', '0.00', '100.00', '10.00', '25.00', '50.00', 0, 0, 1, 0, 1, '2024-08-16 16:03:24', '2024-08-16 16:03:24'),
(419, 'Producto 501', '758402', NULL, 1, 1, 1, 1, '50.00', '0.00', '0.00', '0.00', '100.00', '10.00', '25.00', '50.00', 0, 0, 1, 0, 1, '2024-08-16 16:03:24', '2024-08-16 16:03:24'),
(420, 'Producto 502', '758403', NULL, 1, 1, 1, 1, '50.00', '0.00', '0.00', '0.00', '100.00', '10.00', '25.00', '50.00', 0, 0, 1, 0, 1, '2024-08-16 16:03:24', '2024-08-16 16:03:24'),
(421, 'Producto 503', '758404', NULL, 1, 1, 1, 1, '50.00', '0.00', '0.00', '0.00', '100.00', '10.00', '25.00', '50.00', 0, 0, 1, 0, 1, '2024-08-16 16:03:24', '2024-08-16 16:03:24'),
(422, 'Producto 504', '758405', NULL, 1, 1, 1, 1, '50.00', '0.00', '0.00', '0.00', '100.00', '10.00', '25.00', '50.00', 0, 0, 1, 0, 1, '2024-08-16 16:03:24', '2024-08-16 16:03:24'),
(423, 'Producto 505', '758406', NULL, 1, 1, 1, 1, '50.00', '0.00', '0.00', '0.00', '100.00', '10.00', '25.00', '50.00', 0, 0, 1, 0, 1, '2024-08-16 16:03:24', '2024-08-16 16:03:24'),
(424, 'Producto 506', '758407', NULL, 1, 1, 1, 1, '50.00', '0.00', '0.00', '0.00', '100.00', '10.00', '25.00', '50.00', 0, 0, 1, 0, 1, '2024-08-16 16:03:24', '2024-08-16 16:03:24'),
(425, 'Producto 507', '758408', NULL, 1, 1, 1, 1, '50.00', '0.00', '0.00', '0.00', '100.00', '10.00', '25.00', '50.00', 0, 0, 1, 0, 1, '2024-08-16 16:03:24', '2024-08-16 16:03:24'),
(426, 'Producto 508', '758409', NULL, 1, 1, 1, 1, '50.00', '0.00', '0.00', '0.00', '100.00', '10.00', '25.00', '50.00', 0, 0, 1, 0, 1, '2024-08-16 16:03:24', '2024-08-16 16:03:24'),
(427, 'Producto 509', '758410', NULL, 1, 1, 1, 1, '50.00', '0.00', '0.00', '0.00', '100.00', '10.00', '25.00', '50.00', 0, 0, 1, 0, 1, '2024-08-16 16:03:24', '2024-08-16 16:03:24'),
(428, 'Producto 510', '758411', NULL, 1, 1, 1, 1, '50.00', '0.00', '0.00', '0.00', '100.00', '10.00', '25.00', '50.00', 0, 0, 1, 0, 1, '2024-08-16 16:03:24', '2024-08-16 16:03:24'),
(429, 'Producto 511', '758412', NULL, 1, 1, 1, 1, '50.00', '0.00', '0.00', '0.00', '100.00', '10.00', '25.00', '50.00', 0, 0, 1, 0, 1, '2024-08-16 16:03:24', '2024-08-16 16:03:24'),
(430, 'Producto 512', '758413', NULL, 1, 1, 1, 1, '50.00', '0.00', '0.00', '0.00', '100.00', '10.00', '25.00', '50.00', 0, 0, 1, 0, 1, '2024-08-16 16:03:24', '2024-08-16 16:03:24'),
(431, 'Producto 513', '758414', NULL, 1, 1, 1, 1, '50.00', '0.00', '0.00', '0.00', '100.00', '10.00', '25.00', '50.00', 0, 0, 1, 0, 1, '2024-08-16 16:03:24', '2024-08-16 16:03:24'),
(432, 'Producto 514', '758415', NULL, 1, 1, 1, 1, '50.00', '0.00', '0.00', '0.00', '100.00', '10.00', '25.00', '50.00', 0, 0, 1, 0, 1, '2024-08-16 16:03:24', '2024-08-16 16:03:24'),
(433, 'Producto 515', '758416', NULL, 1, 1, 1, 1, '50.00', '0.00', '0.00', '0.00', '100.00', '10.00', '25.00', '50.00', 0, 0, 1, 0, 1, '2024-08-16 16:03:24', '2024-08-16 16:03:24'),
(434, 'Producto 516', '758417', NULL, 1, 1, 1, 1, '50.00', '0.00', '0.00', '0.00', '100.00', '10.00', '25.00', '50.00', 0, 0, 1, 0, 1, '2024-08-16 16:03:24', '2024-08-16 16:03:24'),
(435, 'Producto 517', '758418', NULL, 1, 1, 1, 1, '50.00', '0.00', '0.00', '0.00', '100.00', '10.00', '25.00', '50.00', 0, 0, 1, 0, 1, '2024-08-16 16:03:24', '2024-08-16 16:03:24'),
(436, 'Producto 518', '758419', NULL, 1, 1, 1, 1, '50.00', '0.00', '0.00', '0.00', '100.00', '10.00', '25.00', '50.00', 0, 0, 1, 0, 1, '2024-08-16 16:03:24', '2024-08-16 16:03:24'),
(437, 'Producto 519', '758420', NULL, 1, 1, 1, 1, '50.00', '0.00', '0.00', '0.00', '100.00', '10.00', '25.00', '50.00', 0, 0, 1, 0, 1, '2024-08-16 16:03:24', '2024-08-16 16:03:24'),
(438, 'Producto 520', '758421', NULL, 1, 1, 1, 1, '50.00', '0.00', '0.00', '0.00', '100.00', '10.00', '25.00', '50.00', 0, 0, 1, 0, 1, '2024-08-16 16:03:24', '2024-08-16 16:03:24'),
(439, 'Producto 521', '758422', NULL, 1, 1, 1, 1, '50.00', '0.00', '0.00', '0.00', '100.00', '10.00', '25.00', '50.00', 0, 0, 1, 0, 1, '2024-08-16 16:03:24', '2024-08-16 16:03:24'),
(440, 'Producto 522', '758423', NULL, 1, 1, 1, 1, '50.00', '0.00', '0.00', '0.00', '100.00', '10.00', '25.00', '50.00', 0, 0, 1, 0, 1, '2024-08-16 16:03:24', '2024-08-16 16:03:24'),
(441, 'Producto 523', '758424', NULL, 1, 1, 1, 1, '50.00', '0.00', '0.00', '0.00', '100.00', '10.00', '25.00', '50.00', 0, 0, 1, 0, 1, '2024-08-16 16:03:24', '2024-08-16 16:03:24'),
(442, 'Producto 524', '758425', NULL, 1, 1, 1, 1, '50.00', '0.00', '0.00', '0.00', '100.00', '10.00', '25.00', '50.00', 0, 0, 1, 0, 1, '2024-08-16 16:03:24', '2024-08-16 16:03:24'),
(443, 'Producto 525', '758426', NULL, 1, 1, 1, 1, '50.00', '0.00', '0.00', '0.00', '100.00', '10.00', '25.00', '50.00', 0, 0, 1, 0, 1, '2024-08-16 16:03:24', '2024-08-16 16:03:24'),
(444, 'Producto 526', '758427', NULL, 1, 1, 1, 1, '50.00', '0.00', '0.00', '0.00', '100.00', '10.00', '25.00', '50.00', 0, 0, 1, 0, 1, '2024-08-16 16:03:24', '2024-08-16 16:03:24'),
(445, 'Producto 527', '758428', NULL, 1, 1, 1, 1, '50.00', '0.00', '0.00', '0.00', '100.00', '10.00', '25.00', '50.00', 0, 0, 1, 0, 1, '2024-08-16 16:03:24', '2024-08-16 16:03:24'),
(446, 'Producto 528', '758429', NULL, 1, 1, 1, 1, '50.00', '0.00', '0.00', '0.00', '100.00', '10.00', '25.00', '50.00', 0, 0, 1, 0, 1, '2024-08-16 16:03:24', '2024-08-16 16:03:24'),
(447, 'Producto 529', '758430', NULL, 1, 1, 1, 1, '50.00', '0.00', '0.00', '0.00', '100.00', '10.00', '25.00', '50.00', 0, 0, 1, 0, 1, '2024-08-16 16:03:24', '2024-08-16 16:03:24'),
(448, 'Producto 530', '758431', NULL, 1, 1, 1, 1, '50.00', '0.00', '0.00', '0.00', '100.00', '10.00', '25.00', '50.00', 0, 0, 1, 0, 1, '2024-08-16 16:03:24', '2024-08-16 16:03:24'),
(449, 'Producto 531', '758432', NULL, 1, 1, 1, 1, '50.00', '0.00', '0.00', '0.00', '100.00', '10.00', '25.00', '50.00', 0, 0, 1, 0, 1, '2024-08-16 16:03:24', '2024-08-16 16:03:24'),
(450, 'Producto 532', '758433', NULL, 1, 1, 1, 1, '50.00', '0.00', '0.00', '0.00', '100.00', '10.00', '25.00', '50.00', 0, 0, 1, 0, 1, '2024-08-16 16:03:24', '2024-08-16 16:03:24'),
(451, 'Producto 533', '758434', NULL, 1, 1, 1, 1, '50.00', '0.00', '0.00', '0.00', '100.00', '10.00', '25.00', '50.00', 0, 0, 1, 0, 1, '2024-08-16 16:03:24', '2024-08-16 16:03:24'),
(452, 'Producto 534', '758435', NULL, 1, 1, 1, 1, '50.00', '0.00', '0.00', '0.00', '100.00', '10.00', '25.00', '50.00', 0, 0, 1, 0, 1, '2024-08-16 16:03:24', '2024-08-16 16:03:24'),
(453, 'Producto 535', '758436', NULL, 1, 1, 1, 1, '50.00', '0.00', '0.00', '0.00', '100.00', '10.00', '25.00', '50.00', 0, 0, 1, 0, 1, '2024-08-16 16:03:24', '2024-08-16 16:03:24'),
(454, 'Producto 536', '758437', NULL, 1, 1, 1, 1, '50.00', '0.00', '0.00', '0.00', '100.00', '10.00', '25.00', '50.00', 0, 0, 1, 0, 1, '2024-08-16 16:03:24', '2024-08-16 16:03:24'),
(455, 'Producto 537', '758438', NULL, 1, 1, 1, 1, '50.00', '0.00', '0.00', '0.00', '100.00', '10.00', '25.00', '50.00', 0, 0, 1, 0, 1, '2024-08-16 16:03:24', '2024-08-16 16:03:24'),
(456, 'Producto 538', '758439', NULL, 1, 1, 1, 1, '50.00', '0.00', '0.00', '0.00', '100.00', '10.00', '25.00', '50.00', 0, 0, 1, 0, 1, '2024-08-16 16:03:24', '2024-08-16 16:03:24'),
(457, 'Producto 539', '758440', NULL, 1, 1, 1, 1, '50.00', '0.00', '0.00', '0.00', '100.00', '10.00', '25.00', '50.00', 0, 0, 1, 0, 1, '2024-08-16 16:03:24', '2024-08-16 16:03:24'),
(458, 'Producto 540', '758441', NULL, 1, 1, 1, 1, '50.00', '0.00', '0.00', '0.00', '100.00', '10.00', '25.00', '50.00', 0, 0, 1, 0, 1, '2024-08-16 16:03:24', '2024-08-16 16:03:24'),
(459, 'Producto 541', '758442', NULL, 1, 1, 1, 1, '50.00', '0.00', '0.00', '0.00', '100.00', '10.00', '25.00', '50.00', 0, 0, 1, 0, 1, '2024-08-16 16:03:24', '2024-08-16 16:03:24'),
(460, 'Producto 542', '758443', NULL, 1, 1, 1, 1, '50.00', '0.00', '0.00', '0.00', '100.00', '10.00', '25.00', '50.00', 0, 0, 1, 0, 1, '2024-08-16 16:03:24', '2024-08-16 16:03:24'),
(461, 'Producto 543', '758444', NULL, 1, 1, 1, 1, '50.00', '0.00', '0.00', '0.00', '100.00', '10.00', '25.00', '50.00', 0, 0, 1, 0, 1, '2024-08-16 16:03:24', '2024-08-16 16:03:24'),
(462, 'Producto 544', '758445', NULL, 1, 1, 1, 1, '50.00', '0.00', '0.00', '0.00', '100.00', '10.00', '25.00', '50.00', 0, 0, 1, 0, 1, '2024-08-16 16:03:24', '2024-08-16 16:03:24'),
(463, 'Producto 545', '758446', NULL, 1, 1, 1, 1, '50.00', '0.00', '0.00', '0.00', '100.00', '10.00', '25.00', '50.00', 0, 0, 1, 0, 1, '2024-08-16 16:03:24', '2024-08-16 16:03:24'),
(464, 'Producto 546', '758447', NULL, 1, 1, 1, 1, '50.00', '0.00', '0.00', '0.00', '100.00', '10.00', '25.00', '50.00', 0, 0, 1, 0, 1, '2024-08-16 16:03:24', '2024-08-16 16:03:24'),
(465, 'Producto 547', '758448', NULL, 1, 1, 1, 1, '50.00', '0.00', '0.00', '0.00', '100.00', '10.00', '25.00', '50.00', 0, 0, 1, 0, 1, '2024-08-16 16:03:24', '2024-08-16 16:03:24'),
(466, 'Producto 548', '758449', NULL, 1, 1, 1, 1, '50.00', '0.00', '0.00', '0.00', '100.00', '10.00', '25.00', '50.00', 0, 0, 1, 0, 1, '2024-08-16 16:03:24', '2024-08-16 16:03:24'),
(467, 'Producto 549', '758450', NULL, 1, 1, 1, 1, '50.00', '0.00', '0.00', '0.00', '100.00', '10.00', '25.00', '50.00', 0, 0, 1, 0, 1, '2024-08-16 16:03:24', '2024-08-16 16:03:24'),
(468, 'Producto 550', '758451', NULL, 1, 1, 1, 1, '50.00', '0.00', '0.00', '0.00', '100.00', '10.00', '25.00', '50.00', 0, 0, 1, 0, 1, '2024-08-16 16:03:24', '2024-08-16 16:03:24'),
(469, 'Producto 551', '758452', NULL, 1, 1, 1, 1, '50.00', '0.00', '0.00', '0.00', '100.00', '10.00', '25.00', '50.00', 0, 0, 1, 0, 1, '2024-08-16 16:03:24', '2024-08-16 16:03:24'),
(470, 'Producto 552', '758453', NULL, 1, 1, 1, 1, '50.00', '0.00', '0.00', '0.00', '100.00', '10.00', '25.00', '50.00', 0, 0, 1, 0, 1, '2024-08-16 16:03:24', '2024-08-16 16:03:24'),
(471, 'Producto 553', '758454', NULL, 1, 1, 1, 1, '50.00', '0.00', '0.00', '0.00', '100.00', '10.00', '25.00', '50.00', 0, 0, 1, 0, 1, '2024-08-16 16:03:24', '2024-08-16 16:03:24'),
(472, 'Producto 554', '758455', NULL, 1, 1, 1, 1, '50.00', '0.00', '0.00', '0.00', '100.00', '10.00', '25.00', '50.00', 0, 0, 1, 0, 1, '2024-08-16 16:03:24', '2024-08-16 16:03:24'),
(473, 'Producto 555', '758456', NULL, 1, 1, 1, 1, '50.00', '0.00', '0.00', '0.00', '100.00', '10.00', '25.00', '50.00', 0, 0, 1, 0, 1, '2024-08-16 16:03:24', '2024-08-16 16:03:24'),
(474, 'Producto 556', '758457', NULL, 1, 1, 1, 1, '50.00', '0.00', '0.00', '0.00', '100.00', '10.00', '25.00', '50.00', 0, 0, 1, 0, 1, '2024-08-16 16:03:24', '2024-08-16 16:03:24'),
(475, 'Producto 557', '758458', NULL, 1, 1, 1, 1, '50.00', '0.00', '0.00', '0.00', '100.00', '10.00', '25.00', '50.00', 0, 0, 1, 0, 1, '2024-08-16 16:03:24', '2024-08-16 16:03:24'),
(476, 'Producto 558', '758459', NULL, 1, 1, 1, 1, '50.00', '0.00', '0.00', '0.00', '100.00', '10.00', '25.00', '50.00', 0, 0, 1, 0, 1, '2024-08-16 16:03:24', '2024-08-16 16:03:24'),
(477, 'Producto 559', '758460', NULL, 1, 1, 1, 1, '50.00', '0.00', '0.00', '0.00', '100.00', '10.00', '25.00', '50.00', 0, 0, 1, 0, 1, '2024-08-16 16:03:24', '2024-08-16 16:03:24'),
(478, 'Producto 560', '758461', NULL, 1, 1, 1, 1, '50.00', '0.00', '0.00', '0.00', '100.00', '10.00', '25.00', '50.00', 0, 0, 1, 0, 1, '2024-08-16 16:03:24', '2024-08-16 16:03:24'),
(479, 'Producto 561', '758462', NULL, 1, 1, 1, 1, '50.00', '0.00', '0.00', '0.00', '100.00', '10.00', '25.00', '50.00', 0, 0, 1, 0, 1, '2024-08-16 16:03:24', '2024-08-16 16:03:24'),
(480, 'Producto 562', '758463', NULL, 1, 1, 1, 1, '50.00', '0.00', '0.00', '0.00', '100.00', '10.00', '25.00', '50.00', 0, 0, 1, 0, 1, '2024-08-16 16:03:24', '2024-08-16 16:03:24'),
(481, 'Producto 563', '758464', NULL, 1, 1, 1, 1, '50.00', '0.00', '0.00', '0.00', '100.00', '10.00', '25.00', '50.00', 0, 0, 1, 0, 1, '2024-08-16 16:03:24', '2024-08-16 16:03:24'),
(482, 'Producto 564', '758465', NULL, 1, 1, 1, 1, '50.00', '0.00', '0.00', '0.00', '100.00', '10.00', '25.00', '50.00', 0, 0, 1, 0, 1, '2024-08-16 16:03:24', '2024-08-16 16:03:24'),
(483, 'Producto 565', '758466', NULL, 1, 1, 1, 1, '50.00', '0.00', '0.00', '0.00', '100.00', '10.00', '25.00', '50.00', 0, 0, 1, 0, 1, '2024-08-16 16:03:24', '2024-08-16 16:03:24'),
(484, 'Producto 566', '758467', NULL, 1, 1, 1, 1, '50.00', '0.00', '0.00', '0.00', '100.00', '10.00', '25.00', '50.00', 0, 0, 1, 0, 1, '2024-08-16 16:03:24', '2024-08-16 16:03:24'),
(485, 'Producto 567', '758468', NULL, 1, 1, 1, 1, '50.00', '0.00', '0.00', '0.00', '100.00', '10.00', '25.00', '50.00', 0, 0, 1, 0, 1, '2024-08-16 16:03:24', '2024-08-16 16:03:24'),
(486, 'Producto 568', '758469', NULL, 1, 1, 1, 1, '50.00', '0.00', '0.00', '0.00', '100.00', '10.00', '25.00', '50.00', 0, 0, 1, 0, 1, '2024-08-16 16:03:24', '2024-08-16 16:03:24'),
(487, 'Producto 569', '758470', NULL, 1, 1, 1, 1, '50.00', '0.00', '0.00', '0.00', '100.00', '10.00', '25.00', '50.00', 0, 0, 1, 0, 1, '2024-08-16 16:03:24', '2024-08-16 16:03:24'),
(488, 'Producto 570', '758471', NULL, 1, 1, 1, 1, '50.00', '0.00', '0.00', '0.00', '100.00', '10.00', '25.00', '50.00', 0, 0, 1, 0, 1, '2024-08-16 16:03:24', '2024-08-16 16:03:24'),
(489, 'Producto 571', '758472', NULL, 1, 1, 1, 1, '50.00', '0.00', '0.00', '0.00', '100.00', '10.00', '25.00', '50.00', 0, 0, 1, 0, 1, '2024-08-16 16:03:24', '2024-08-16 16:03:24'),
(490, 'Producto 572', '758473', NULL, 1, 1, 1, 1, '50.00', '0.00', '0.00', '0.00', '100.00', '10.00', '25.00', '50.00', 0, 0, 1, 0, 1, '2024-08-16 16:03:24', '2024-08-16 16:03:24'),
(491, 'Producto 573', '758474', NULL, 1, 1, 1, 1, '50.00', '0.00', '0.00', '0.00', '100.00', '10.00', '25.00', '50.00', 0, 0, 1, 0, 1, '2024-08-16 16:03:24', '2024-08-16 16:03:24'),
(492, 'Producto 574', '758475', NULL, 1, 1, 1, 1, '50.00', '0.00', '0.00', '0.00', '100.00', '10.00', '25.00', '50.00', 0, 0, 1, 0, 1, '2024-08-16 16:03:24', '2024-08-16 16:03:24'),
(493, 'Producto 575', '758476', NULL, 1, 1, 1, 1, '50.00', '0.00', '0.00', '0.00', '100.00', '10.00', '25.00', '50.00', 0, 0, 1, 0, 1, '2024-08-16 16:03:24', '2024-08-16 16:03:24'),
(494, 'Producto 576', '758477', NULL, 1, 1, 1, 1, '50.00', '0.00', '0.00', '0.00', '100.00', '10.00', '25.00', '50.00', 0, 0, 1, 0, 1, '2024-08-16 16:03:24', '2024-08-16 16:03:24'),
(495, 'Producto 577', '758478', NULL, 1, 1, 1, 1, '50.00', '0.00', '0.00', '0.00', '100.00', '10.00', '25.00', '50.00', 0, 0, 1, 0, 1, '2024-08-16 16:03:24', '2024-08-16 16:03:24'),
(496, 'Producto 578', '758479', NULL, 1, 1, 1, 1, '50.00', '0.00', '0.00', '0.00', '100.00', '10.00', '25.00', '50.00', 0, 0, 1, 0, 1, '2024-08-16 16:03:24', '2024-08-16 16:03:24'),
(497, 'Producto 579', '758480', NULL, 1, 1, 1, 1, '50.00', '0.00', '0.00', '0.00', '100.00', '10.00', '25.00', '50.00', 0, 0, 1, 0, 1, '2024-08-16 16:03:24', '2024-08-16 16:03:24'),
(498, 'Producto 580', '758481', NULL, 1, 1, 1, 1, '50.00', '0.00', '0.00', '0.00', '100.00', '10.00', '25.00', '50.00', 0, 0, 1, 0, 1, '2024-08-16 16:03:24', '2024-08-16 16:03:24'),
(499, 'Producto 581', '758482', NULL, 1, 1, 1, 1, '50.00', '0.00', '0.00', '0.00', '100.00', '10.00', '25.00', '50.00', 0, 0, 1, 0, 1, '2024-08-16 16:03:24', '2024-08-16 16:03:24'),
(500, 'Producto 582', '758483', NULL, 1, 1, 1, 1, '50.00', '0.00', '0.00', '0.00', '100.00', '10.00', '25.00', '50.00', 0, 0, 1, 0, 1, '2024-08-16 16:03:25', '2024-08-16 16:03:25'),
(501, 'Producto 583', '758484', NULL, 1, 1, 1, 1, '50.00', '0.00', '0.00', '0.00', '100.00', '10.00', '25.00', '50.00', 0, 0, 1, 0, 1, '2024-08-16 16:03:25', '2024-08-16 16:03:25'),
(502, 'Producto 584', '758485', NULL, 1, 1, 1, 1, '50.00', '0.00', '0.00', '0.00', '100.00', '10.00', '25.00', '50.00', 0, 0, 1, 0, 1, '2024-08-16 16:03:25', '2024-08-16 16:03:25'),
(503, 'Producto 585', '758486', NULL, 1, 1, 1, 1, '50.00', '0.00', '0.00', '0.00', '100.00', '10.00', '25.00', '50.00', 0, 0, 1, 0, 1, '2024-08-16 16:03:25', '2024-08-16 16:03:25'),
(504, 'Producto 586', '758487', NULL, 1, 1, 1, 1, '50.00', '0.00', '0.00', '0.00', '100.00', '10.00', '25.00', '50.00', 0, 0, 1, 0, 1, '2024-08-16 16:03:25', '2024-08-16 16:03:25'),
(505, 'Producto 587', '758488', NULL, 1, 1, 1, 1, '50.00', '0.00', '0.00', '0.00', '100.00', '10.00', '25.00', '50.00', 0, 0, 1, 0, 1, '2024-08-16 16:03:25', '2024-08-16 16:03:25'),
(506, 'Producto 588', '758489', NULL, 1, 1, 1, 1, '50.00', '0.00', '0.00', '0.00', '100.00', '10.00', '25.00', '50.00', 0, 0, 1, 0, 1, '2024-08-16 16:03:25', '2024-08-16 16:03:25'),
(507, 'Producto 589', '758490', NULL, 1, 1, 1, 1, '50.00', '0.00', '0.00', '0.00', '100.00', '10.00', '25.00', '50.00', 0, 0, 1, 0, 1, '2024-08-16 16:03:25', '2024-08-16 16:03:25'),
(508, 'Producto 590', '758491', NULL, 1, 1, 1, 1, '50.00', '0.00', '0.00', '0.00', '100.00', '10.00', '25.00', '50.00', 0, 0, 1, 0, 1, '2024-08-16 16:03:25', '2024-08-16 16:03:25'),
(509, 'Producto 591', '758492', NULL, 1, 1, 1, 1, '50.00', '0.00', '0.00', '0.00', '100.00', '10.00', '25.00', '50.00', 0, 0, 1, 0, 1, '2024-08-16 16:03:25', '2024-08-16 16:03:25'),
(510, 'Producto 592', '758493', NULL, 1, 1, 1, 1, '50.00', '0.00', '0.00', '0.00', '100.00', '10.00', '25.00', '50.00', 0, 0, 1, 0, 1, '2024-08-16 16:03:25', '2024-08-16 16:03:25'),
(511, 'Producto 593', '758494', NULL, 1, 1, 1, 1, '50.00', '0.00', '0.00', '0.00', '100.00', '10.00', '25.00', '50.00', 0, 0, 1, 0, 1, '2024-08-16 16:03:25', '2024-08-16 16:03:25'),
(512, 'Producto 594', '758495', NULL, 1, 1, 1, 1, '50.00', '0.00', '0.00', '0.00', '100.00', '10.00', '25.00', '50.00', 0, 0, 1, 0, 1, '2024-08-16 16:03:25', '2024-08-16 16:03:25'),
(513, 'Producto 595', '758496', NULL, 1, 1, 1, 1, '50.00', '0.00', '0.00', '0.00', '100.00', '10.00', '25.00', '50.00', 0, 0, 1, 0, 1, '2024-08-16 16:03:25', '2024-08-16 16:03:25'),
(514, 'Producto 596', '758497', NULL, 1, 1, 1, 1, '50.00', '0.00', '0.00', '0.00', '100.00', '10.00', '25.00', '50.00', 0, 0, 1, 0, 1, '2024-08-16 16:03:25', '2024-08-16 16:03:25'),
(515, 'Producto 597', '758498', NULL, 1, 1, 1, 1, '50.00', '0.00', '0.00', '0.00', '100.00', '10.00', '25.00', '50.00', 0, 0, 1, 0, 1, '2024-08-16 16:03:25', '2024-08-16 16:03:25'),
(516, 'Producto 598', '758499', NULL, 1, 1, 1, 1, '50.00', '0.00', '0.00', '0.00', '100.00', '10.00', '25.00', '50.00', 0, 0, 1, 0, 1, '2024-08-16 16:03:25', '2024-08-16 16:03:25'),
(517, 'Producto 599', '758500', NULL, 1, 1, 1, 1, '50.00', '0.00', '0.00', '0.00', '100.00', '10.00', '25.00', '50.00', 0, 0, 1, 0, 1, '2024-08-16 16:03:25', '2024-08-16 16:03:25'),
(518, 'Producto 600', '758501', NULL, 1, 1, 1, 1, '50.00', '0.00', '0.00', '0.00', '100.00', '10.00', '25.00', '50.00', 0, 0, 1, 0, 1, '2024-08-16 16:03:25', '2024-08-16 16:03:25'),
(519, 'Producto 601', '758502', NULL, 1, 1, 1, 1, '50.00', '0.00', '0.00', '0.00', '100.00', '10.00', '25.00', '50.00', 0, 0, 1, 0, 1, '2024-08-16 16:03:25', '2024-08-16 16:03:25'),
(520, 'Producto 602', '758503', NULL, 1, 1, 1, 1, '50.00', '0.00', '0.00', '0.00', '100.00', '10.00', '25.00', '50.00', 0, 0, 1, 0, 1, '2024-08-16 16:03:25', '2024-08-16 16:03:25'),
(521, 'Producto 603', '758504', NULL, 1, 1, 1, 1, '50.00', '0.00', '0.00', '0.00', '100.00', '10.00', '25.00', '50.00', 0, 0, 1, 0, 1, '2024-08-16 16:03:25', '2024-08-16 16:03:25'),
(522, 'Producto 604', '758505', NULL, 1, 1, 1, 1, '50.00', '0.00', '0.00', '0.00', '100.00', '10.00', '25.00', '50.00', 0, 0, 1, 0, 1, '2024-08-16 16:03:25', '2024-08-16 16:03:25'),
(523, 'Producto 605', '758506', NULL, 1, 1, 1, 1, '50.00', '0.00', '0.00', '0.00', '100.00', '10.00', '25.00', '50.00', 0, 0, 1, 0, 1, '2024-08-16 16:03:25', '2024-08-16 16:03:25'),
(524, 'Producto 606', '758507', NULL, 1, 1, 1, 1, '50.00', '0.00', '0.00', '0.00', '100.00', '10.00', '25.00', '50.00', 0, 0, 1, 0, 1, '2024-08-16 16:03:25', '2024-08-16 16:03:25'),
(525, 'Producto 607', '758508', NULL, 1, 1, 1, 1, '50.00', '0.00', '0.00', '0.00', '100.00', '10.00', '25.00', '50.00', 0, 0, 1, 0, 1, '2024-08-16 16:03:25', '2024-08-16 16:03:25'),
(526, 'Producto 608', '758509', NULL, 1, 1, 1, 1, '50.00', '0.00', '0.00', '0.00', '100.00', '10.00', '25.00', '50.00', 0, 0, 1, 0, 1, '2024-08-16 16:03:25', '2024-08-16 16:03:25'),
(527, 'Producto 609', '758510', NULL, 1, 1, 1, 1, '50.00', '0.00', '0.00', '0.00', '100.00', '10.00', '25.00', '50.00', 0, 0, 1, 0, 1, '2024-08-16 16:03:25', '2024-08-16 16:03:25'),
(528, 'Producto 610', '758511', NULL, 1, 1, 1, 1, '50.00', '0.00', '0.00', '0.00', '100.00', '10.00', '25.00', '50.00', 0, 0, 1, 0, 1, '2024-08-16 16:03:25', '2024-08-16 16:03:25'),
(529, 'Producto 611', '758512', NULL, 1, 1, 1, 1, '50.00', '0.00', '0.00', '0.00', '100.00', '10.00', '25.00', '50.00', 0, 0, 1, 0, 1, '2024-08-16 16:03:25', '2024-08-16 16:03:25'),
(530, 'Producto 612', '758513', NULL, 1, 1, 1, 1, '50.00', '0.00', '0.00', '0.00', '100.00', '10.00', '25.00', '50.00', 0, 0, 1, 0, 1, '2024-08-16 16:03:25', '2024-08-16 16:03:25'),
(531, 'Producto 613', '758514', NULL, 1, 1, 1, 1, '50.00', '0.00', '0.00', '0.00', '100.00', '10.00', '25.00', '50.00', 0, 0, 1, 0, 1, '2024-08-16 16:03:25', '2024-08-16 16:03:25'),
(532, 'Producto 614', '758515', NULL, 1, 1, 1, 1, '50.00', '0.00', '0.00', '0.00', '100.00', '10.00', '25.00', '50.00', 0, 0, 1, 0, 1, '2024-08-16 16:03:25', '2024-08-16 16:03:25'),
(533, 'Producto 615', '758516', NULL, 1, 1, 1, 1, '50.00', '0.00', '0.00', '0.00', '100.00', '10.00', '25.00', '50.00', 0, 0, 1, 0, 1, '2024-08-16 16:03:25', '2024-08-16 16:03:25'),
(534, 'Producto 616', '758517', NULL, 1, 1, 1, 1, '50.00', '0.00', '0.00', '0.00', '100.00', '10.00', '25.00', '50.00', 0, 0, 1, 0, 1, '2024-08-16 16:03:25', '2024-08-16 16:03:25'),
(535, 'Producto 617', '758518', NULL, 1, 1, 1, 1, '50.00', '0.00', '0.00', '0.00', '100.00', '10.00', '25.00', '50.00', 0, 0, 1, 0, 1, '2024-08-16 16:03:25', '2024-08-16 16:03:25'),
(536, 'Producto 618', '758519', NULL, 1, 1, 1, 1, '50.00', '0.00', '0.00', '0.00', '100.00', '10.00', '25.00', '50.00', 0, 0, 1, 0, 1, '2024-08-16 16:03:25', '2024-08-16 16:03:25'),
(537, 'Producto 619', '758520', NULL, 1, 1, 1, 1, '50.00', '0.00', '0.00', '0.00', '100.00', '10.00', '25.00', '50.00', 0, 0, 1, 0, 1, '2024-08-16 16:03:25', '2024-08-16 16:03:25'),
(538, 'Producto 620', '758521', NULL, 1, 1, 1, 1, '50.00', '0.00', '0.00', '0.00', '100.00', '10.00', '25.00', '50.00', 0, 0, 1, 0, 1, '2024-08-16 16:03:25', '2024-08-16 16:03:25'),
(539, 'Producto 621', '758522', NULL, 1, 1, 1, 1, '50.00', '0.00', '0.00', '0.00', '100.00', '10.00', '25.00', '50.00', 0, 0, 1, 0, 1, '2024-08-16 16:03:25', '2024-08-16 16:03:25'),
(540, 'Producto 622', '758523', NULL, 1, 1, 1, 1, '50.00', '0.00', '0.00', '0.00', '100.00', '10.00', '25.00', '50.00', 0, 0, 1, 0, 1, '2024-08-16 16:03:25', '2024-08-16 16:03:25'),
(541, 'Producto 623', '758524', NULL, 1, 1, 1, 1, '50.00', '0.00', '0.00', '0.00', '100.00', '10.00', '25.00', '50.00', 0, 0, 1, 0, 1, '2024-08-16 16:03:25', '2024-08-16 16:03:25'),
(542, 'Producto 624', '758525', NULL, 1, 1, 1, 1, '50.00', '0.00', '0.00', '0.00', '100.00', '10.00', '25.00', '50.00', 0, 0, 1, 0, 1, '2024-08-16 16:03:25', '2024-08-16 16:03:25'),
(543, 'Producto 625', '758526', NULL, 1, 1, 1, 1, '50.00', '0.00', '0.00', '0.00', '100.00', '10.00', '25.00', '50.00', 0, 0, 1, 0, 1, '2024-08-16 16:03:25', '2024-08-16 16:03:25'),
(544, 'Producto 626', '758527', NULL, 1, 1, 1, 1, '50.00', '0.00', '0.00', '0.00', '100.00', '10.00', '25.00', '50.00', 0, 0, 1, 0, 1, '2024-08-16 16:03:25', '2024-08-16 16:03:25'),
(545, 'Producto 627', '758528', NULL, 1, 1, 1, 1, '50.00', '0.00', '0.00', '0.00', '100.00', '10.00', '25.00', '50.00', 0, 0, 1, 0, 1, '2024-08-16 16:03:25', '2024-08-16 16:03:25'),
(546, 'Producto 628', '758529', NULL, 1, 1, 1, 1, '50.00', '0.00', '0.00', '0.00', '100.00', '10.00', '25.00', '50.00', 0, 0, 1, 0, 1, '2024-08-16 16:03:25', '2024-08-16 16:03:25'),
(547, 'Producto 629', '758530', NULL, 1, 1, 1, 1, '50.00', '0.00', '0.00', '0.00', '100.00', '10.00', '25.00', '50.00', 0, 0, 1, 0, 1, '2024-08-16 16:03:25', '2024-08-16 16:03:25'),
(548, 'Producto 630', '758531', NULL, 1, 1, 1, 1, '50.00', '0.00', '0.00', '0.00', '100.00', '10.00', '25.00', '50.00', 0, 0, 1, 0, 1, '2024-08-16 16:03:25', '2024-08-16 16:03:25'),
(549, 'Producto 631', '758532', NULL, 1, 1, 1, 1, '50.00', '0.00', '0.00', '0.00', '100.00', '10.00', '25.00', '50.00', 0, 0, 1, 0, 1, '2024-08-16 16:03:25', '2024-08-16 16:03:25'),
(550, 'Producto 632', '758533', NULL, 1, 1, 1, 1, '50.00', '0.00', '0.00', '0.00', '100.00', '10.00', '25.00', '50.00', 0, 0, 1, 0, 1, '2024-08-16 16:03:25', '2024-08-16 16:03:25'),
(551, 'Producto 633', '758534', NULL, 1, 1, 1, 1, '50.00', '0.00', '0.00', '0.00', '100.00', '10.00', '25.00', '50.00', 0, 0, 1, 0, 1, '2024-08-16 16:03:25', '2024-08-16 16:03:25'),
(552, 'Producto 634', '758535', NULL, 1, 1, 1, 1, '50.00', '0.00', '0.00', '0.00', '100.00', '10.00', '25.00', '50.00', 0, 0, 1, 0, 1, '2024-08-16 16:03:25', '2024-08-16 16:03:25'),
(553, 'Producto 635', '758536', NULL, 1, 1, 1, 1, '50.00', '0.00', '0.00', '0.00', '100.00', '10.00', '25.00', '50.00', 0, 0, 1, 0, 1, '2024-08-16 16:03:25', '2024-08-16 16:03:25');
INSERT INTO `productos` (`id`, `nombre`, `codigo_barra`, `detalle`, `medida_id`, `proveedor_id`, `marca_id`, `categoria_id`, `costo`, `precio_1`, `precio_2`, `precio_3`, `precio_4`, `stock_minimo`, `stock_medio`, `stock_moderado`, `is_perecedero`, `is_lote`, `is_servicio`, `is_exento`, `estado`, `created_at`, `updated_at`) VALUES
(554, 'Producto 636', '758537', NULL, 1, 1, 1, 1, '50.00', '0.00', '0.00', '0.00', '100.00', '10.00', '25.00', '50.00', 0, 0, 1, 0, 1, '2024-08-16 16:03:25', '2024-08-16 16:03:25'),
(555, 'Producto 637', '758538', NULL, 1, 1, 1, 1, '50.00', '0.00', '0.00', '0.00', '100.00', '10.00', '25.00', '50.00', 0, 0, 1, 0, 1, '2024-08-16 16:03:25', '2024-08-16 16:03:25'),
(556, 'Producto 638', '758539', NULL, 1, 1, 1, 1, '50.00', '0.00', '0.00', '0.00', '100.00', '10.00', '25.00', '50.00', 0, 0, 1, 0, 1, '2024-08-16 16:03:25', '2024-08-16 16:03:25'),
(557, 'Producto 639', '758540', NULL, 1, 1, 1, 1, '50.00', '0.00', '0.00', '0.00', '100.00', '10.00', '25.00', '50.00', 0, 0, 1, 0, 1, '2024-08-16 16:03:25', '2024-08-16 16:03:25'),
(558, 'Producto 640', '758541', NULL, 1, 1, 1, 1, '50.00', '0.00', '0.00', '0.00', '100.00', '10.00', '25.00', '50.00', 0, 0, 1, 0, 1, '2024-08-16 16:03:25', '2024-08-16 16:03:25'),
(559, 'Producto 641', '758542', NULL, 1, 1, 1, 1, '50.00', '0.00', '0.00', '0.00', '100.00', '10.00', '25.00', '50.00', 0, 0, 1, 0, 1, '2024-08-16 16:03:25', '2024-08-16 16:03:25'),
(560, 'Producto 642', '758543', NULL, 1, 1, 1, 1, '50.00', '0.00', '0.00', '0.00', '100.00', '10.00', '25.00', '50.00', 0, 0, 1, 0, 1, '2024-08-16 16:03:25', '2024-08-16 16:03:25'),
(561, 'Producto 643', '758544', NULL, 1, 1, 1, 1, '50.00', '0.00', '0.00', '0.00', '100.00', '10.00', '25.00', '50.00', 0, 0, 1, 0, 1, '2024-08-16 16:03:25', '2024-08-16 16:03:25'),
(562, 'Producto 644', '758545', NULL, 1, 1, 1, 1, '50.00', '0.00', '0.00', '0.00', '100.00', '10.00', '25.00', '50.00', 0, 0, 1, 0, 1, '2024-08-16 16:03:25', '2024-08-16 16:03:25'),
(563, 'Producto 645', '758546', NULL, 1, 1, 1, 1, '50.00', '0.00', '0.00', '0.00', '100.00', '10.00', '25.00', '50.00', 0, 0, 1, 0, 1, '2024-08-16 16:03:25', '2024-08-16 16:03:25'),
(564, 'Producto 646', '758547', NULL, 1, 1, 1, 1, '50.00', '0.00', '0.00', '0.00', '100.00', '10.00', '25.00', '50.00', 0, 0, 1, 0, 1, '2024-08-16 16:03:25', '2024-08-16 16:03:25'),
(565, 'Producto 647', '758548', NULL, 1, 1, 1, 1, '50.00', '0.00', '0.00', '0.00', '100.00', '10.00', '25.00', '50.00', 0, 0, 1, 0, 1, '2024-08-16 16:03:25', '2024-08-16 16:03:25'),
(566, 'Producto 648', '758549', NULL, 1, 1, 1, 1, '50.00', '0.00', '0.00', '0.00', '100.00', '10.00', '25.00', '50.00', 0, 0, 1, 0, 1, '2024-08-16 16:03:25', '2024-08-16 16:03:25'),
(567, 'Producto 649', '758550', NULL, 1, 1, 1, 1, '50.00', '0.00', '0.00', '0.00', '100.00', '10.00', '25.00', '50.00', 0, 0, 1, 0, 1, '2024-08-16 16:03:25', '2024-08-16 16:03:25'),
(568, 'Producto 650', '758551', NULL, 1, 1, 1, 1, '50.00', '0.00', '0.00', '0.00', '100.00', '10.00', '25.00', '50.00', 0, 0, 1, 0, 1, '2024-08-16 16:03:25', '2024-08-16 16:03:25'),
(569, 'Producto 651', '758552', NULL, 1, 1, 1, 1, '50.00', '0.00', '0.00', '0.00', '100.00', '10.00', '25.00', '50.00', 0, 0, 1, 0, 1, '2024-08-16 16:03:25', '2024-08-16 16:03:25'),
(570, 'Producto 652', '758553', NULL, 1, 1, 1, 1, '50.00', '0.00', '0.00', '0.00', '100.00', '10.00', '25.00', '50.00', 0, 0, 1, 0, 1, '2024-08-16 16:03:25', '2024-08-16 16:03:25'),
(571, 'Producto 653', '758554', NULL, 1, 1, 1, 1, '50.00', '0.00', '0.00', '0.00', '100.00', '10.00', '25.00', '50.00', 0, 0, 1, 0, 1, '2024-08-16 16:03:25', '2024-08-16 16:03:25'),
(572, 'Producto 654', '758555', NULL, 1, 1, 1, 1, '50.00', '0.00', '0.00', '0.00', '100.00', '10.00', '25.00', '50.00', 0, 0, 1, 0, 1, '2024-08-16 16:03:25', '2024-08-16 16:03:25'),
(573, 'Producto 655', '758556', NULL, 1, 1, 1, 1, '50.00', '0.00', '0.00', '0.00', '100.00', '10.00', '25.00', '50.00', 0, 0, 1, 0, 1, '2024-08-16 16:03:25', '2024-08-16 16:03:25'),
(574, 'Producto 656', '758557', NULL, 1, 1, 1, 1, '50.00', '0.00', '0.00', '0.00', '100.00', '10.00', '25.00', '50.00', 0, 0, 1, 0, 1, '2024-08-16 16:03:25', '2024-08-16 16:03:25'),
(575, 'Producto 657', '758558', NULL, 1, 1, 1, 1, '50.00', '0.00', '0.00', '0.00', '100.00', '10.00', '25.00', '50.00', 0, 0, 1, 0, 1, '2024-08-16 16:03:25', '2024-08-16 16:03:25'),
(576, 'Producto 658', '758559', NULL, 1, 1, 1, 1, '50.00', '0.00', '0.00', '0.00', '100.00', '10.00', '25.00', '50.00', 0, 0, 1, 0, 1, '2024-08-16 16:03:25', '2024-08-16 16:03:25'),
(577, 'Producto 659', '758560', NULL, 1, 1, 1, 1, '50.00', '0.00', '0.00', '0.00', '100.00', '10.00', '25.00', '50.00', 0, 0, 1, 0, 1, '2024-08-16 16:03:25', '2024-08-16 16:03:25'),
(578, 'Producto 660', '758561', NULL, 1, 1, 1, 1, '50.00', '0.00', '0.00', '0.00', '100.00', '10.00', '25.00', '50.00', 0, 0, 1, 0, 1, '2024-08-16 16:03:25', '2024-08-16 16:03:25'),
(579, 'Producto 661', '758562', NULL, 1, 1, 1, 1, '50.00', '0.00', '0.00', '0.00', '100.00', '10.00', '25.00', '50.00', 0, 0, 1, 0, 1, '2024-08-16 16:03:25', '2024-08-16 16:03:25'),
(580, 'Producto 662', '758563', NULL, 1, 1, 1, 1, '50.00', '0.00', '0.00', '0.00', '100.00', '10.00', '25.00', '50.00', 0, 0, 1, 0, 1, '2024-08-16 16:03:25', '2024-08-16 16:03:25'),
(581, 'Producto 663', '758564', NULL, 1, 1, 1, 1, '50.00', '0.00', '0.00', '0.00', '100.00', '10.00', '25.00', '50.00', 0, 0, 1, 0, 1, '2024-08-16 16:03:25', '2024-08-16 16:03:25'),
(582, 'Producto 664', '758565', NULL, 1, 1, 1, 1, '50.00', '0.00', '0.00', '0.00', '100.00', '10.00', '25.00', '50.00', 0, 0, 1, 0, 1, '2024-08-16 16:03:25', '2024-08-16 16:03:25'),
(583, 'Producto 665', '758566', NULL, 1, 1, 1, 1, '50.00', '0.00', '0.00', '0.00', '100.00', '10.00', '25.00', '50.00', 0, 0, 1, 0, 1, '2024-08-16 16:03:25', '2024-08-16 16:03:25'),
(584, 'Producto 666', '758567', NULL, 1, 1, 1, 1, '50.00', '0.00', '0.00', '0.00', '100.00', '10.00', '25.00', '50.00', 0, 0, 1, 0, 1, '2024-08-16 16:03:25', '2024-08-16 16:03:25'),
(585, 'Producto 667', '758568', NULL, 1, 1, 1, 1, '50.00', '0.00', '0.00', '0.00', '100.00', '10.00', '25.00', '50.00', 0, 0, 1, 0, 1, '2024-08-16 16:03:25', '2024-08-16 16:03:25'),
(586, 'Producto 668', '758569', NULL, 1, 1, 1, 1, '50.00', '0.00', '0.00', '0.00', '100.00', '10.00', '25.00', '50.00', 0, 0, 1, 0, 1, '2024-08-16 16:03:25', '2024-08-16 16:03:25'),
(587, 'Producto 669', '758570', NULL, 1, 1, 1, 1, '50.00', '0.00', '0.00', '0.00', '100.00', '10.00', '25.00', '50.00', 0, 0, 1, 0, 1, '2024-08-16 16:03:25', '2024-08-16 16:03:25'),
(588, 'Producto 670', '758571', NULL, 1, 1, 1, 1, '50.00', '0.00', '0.00', '0.00', '100.00', '10.00', '25.00', '50.00', 0, 0, 1, 0, 1, '2024-08-16 16:03:25', '2024-08-16 16:03:25'),
(589, 'Producto 671', '758572', NULL, 1, 1, 1, 1, '50.00', '0.00', '0.00', '0.00', '100.00', '10.00', '25.00', '50.00', 0, 0, 1, 0, 1, '2024-08-16 16:03:25', '2024-08-16 16:03:25'),
(590, 'Producto 672', '758573', NULL, 1, 1, 1, 1, '50.00', '0.00', '0.00', '0.00', '100.00', '10.00', '25.00', '50.00', 0, 0, 1, 0, 1, '2024-08-16 16:03:25', '2024-08-16 16:03:25'),
(591, 'Producto 673', '758574', NULL, 1, 1, 1, 1, '50.00', '0.00', '0.00', '0.00', '100.00', '10.00', '25.00', '50.00', 0, 0, 1, 0, 1, '2024-08-16 16:03:25', '2024-08-16 16:03:25'),
(592, 'Producto 674', '758575', NULL, 1, 1, 1, 1, '50.00', '0.00', '0.00', '0.00', '100.00', '10.00', '25.00', '50.00', 0, 0, 1, 0, 1, '2024-08-16 16:03:25', '2024-08-16 16:03:25'),
(593, 'Producto 675', '758576', NULL, 1, 1, 1, 1, '50.00', '0.00', '0.00', '0.00', '100.00', '10.00', '25.00', '50.00', 0, 0, 1, 0, 1, '2024-08-16 16:03:25', '2024-08-16 16:03:25'),
(594, 'Producto 676', '758577', NULL, 1, 1, 1, 1, '50.00', '0.00', '0.00', '0.00', '100.00', '10.00', '25.00', '50.00', 0, 0, 1, 0, 1, '2024-08-16 16:03:25', '2024-08-16 16:03:25'),
(595, 'Producto 677', '758578', NULL, 1, 1, 1, 1, '50.00', '0.00', '0.00', '0.00', '100.00', '10.00', '25.00', '50.00', 0, 0, 1, 0, 1, '2024-08-16 16:03:25', '2024-08-16 16:03:25'),
(596, 'Producto 678', '758579', NULL, 1, 1, 1, 1, '50.00', '0.00', '0.00', '0.00', '100.00', '10.00', '25.00', '50.00', 0, 0, 1, 0, 1, '2024-08-16 16:03:25', '2024-08-16 16:03:25'),
(597, 'Producto 679', '758580', NULL, 1, 1, 1, 1, '50.00', '0.00', '0.00', '0.00', '100.00', '10.00', '25.00', '50.00', 0, 0, 1, 0, 1, '2024-08-16 16:03:25', '2024-08-16 16:03:25'),
(598, 'Producto 680', '758581', NULL, 1, 1, 1, 1, '50.00', '0.00', '0.00', '0.00', '100.00', '10.00', '25.00', '50.00', 0, 0, 1, 0, 1, '2024-08-16 16:03:25', '2024-08-16 16:03:25'),
(599, 'Producto 681', '758582', NULL, 1, 1, 1, 1, '50.00', '0.00', '0.00', '0.00', '100.00', '10.00', '25.00', '50.00', 0, 0, 1, 0, 1, '2024-08-16 16:03:25', '2024-08-16 16:03:25'),
(600, 'Producto 682', '758583', NULL, 1, 1, 1, 1, '50.00', '0.00', '0.00', '0.00', '100.00', '10.00', '25.00', '50.00', 0, 0, 1, 0, 1, '2024-08-16 16:03:25', '2024-08-16 16:03:25'),
(601, 'Producto 683', '758584', NULL, 1, 1, 1, 1, '50.00', '0.00', '0.00', '0.00', '100.00', '10.00', '25.00', '50.00', 0, 0, 1, 0, 1, '2024-08-16 16:03:25', '2024-08-16 16:03:25'),
(602, 'Producto 684', '758585', NULL, 1, 1, 1, 1, '50.00', '0.00', '0.00', '0.00', '100.00', '10.00', '25.00', '50.00', 0, 0, 1, 0, 1, '2024-08-16 16:03:25', '2024-08-16 16:03:25'),
(603, 'Producto 685', '758586', NULL, 1, 1, 1, 1, '50.00', '0.00', '0.00', '0.00', '100.00', '10.00', '25.00', '50.00', 0, 0, 1, 0, 1, '2024-08-16 16:03:25', '2024-08-16 16:03:25'),
(604, 'Producto 686', '758587', NULL, 1, 1, 1, 1, '50.00', '0.00', '0.00', '0.00', '100.00', '10.00', '25.00', '50.00', 0, 0, 1, 0, 1, '2024-08-16 16:03:25', '2024-08-16 16:03:25'),
(605, 'Producto 687', '758588', NULL, 1, 1, 1, 1, '50.00', '0.00', '0.00', '0.00', '100.00', '10.00', '25.00', '50.00', 0, 0, 1, 0, 1, '2024-08-16 16:03:25', '2024-08-16 16:03:25'),
(606, 'Producto 688', '758589', NULL, 1, 1, 1, 1, '50.00', '0.00', '0.00', '0.00', '100.00', '10.00', '25.00', '50.00', 0, 0, 1, 0, 1, '2024-08-16 16:03:25', '2024-08-16 16:03:25'),
(607, 'Producto 689', '758590', NULL, 1, 1, 1, 1, '50.00', '0.00', '0.00', '0.00', '100.00', '10.00', '25.00', '50.00', 0, 0, 1, 0, 1, '2024-08-16 16:03:25', '2024-08-16 16:03:25'),
(608, 'Producto 690', '758591', NULL, 1, 1, 1, 1, '50.00', '0.00', '0.00', '0.00', '100.00', '10.00', '25.00', '50.00', 0, 0, 1, 0, 1, '2024-08-16 16:03:25', '2024-08-16 16:03:25'),
(609, 'Producto 691', '758592', NULL, 1, 1, 1, 1, '50.00', '0.00', '0.00', '0.00', '100.00', '10.00', '25.00', '50.00', 0, 0, 1, 0, 1, '2024-08-16 16:03:25', '2024-08-16 16:03:25'),
(610, 'Producto 692', '758593', NULL, 1, 1, 1, 1, '50.00', '0.00', '0.00', '0.00', '100.00', '10.00', '25.00', '50.00', 0, 0, 1, 0, 1, '2024-08-16 16:03:25', '2024-08-16 16:03:25'),
(611, 'Producto 693', '758594', NULL, 1, 1, 1, 1, '50.00', '0.00', '0.00', '0.00', '100.00', '10.00', '25.00', '50.00', 0, 0, 1, 0, 1, '2024-08-16 16:03:25', '2024-08-16 16:03:25'),
(612, 'Producto 694', '758595', NULL, 1, 1, 1, 1, '50.00', '0.00', '0.00', '0.00', '100.00', '10.00', '25.00', '50.00', 0, 0, 1, 0, 1, '2024-08-16 16:03:25', '2024-08-16 16:03:25'),
(613, 'Producto 695', '758596', NULL, 1, 1, 1, 1, '50.00', '0.00', '0.00', '0.00', '100.00', '10.00', '25.00', '50.00', 0, 0, 1, 0, 1, '2024-08-16 16:03:25', '2024-08-16 16:03:25'),
(614, 'Producto 696', '758597', NULL, 1, 1, 1, 1, '50.00', '0.00', '0.00', '0.00', '100.00', '10.00', '25.00', '50.00', 0, 0, 1, 0, 1, '2024-08-16 16:03:25', '2024-08-16 16:03:25'),
(615, 'Producto 697', '758598', NULL, 1, 1, 1, 1, '50.00', '0.00', '0.00', '0.00', '100.00', '10.00', '25.00', '50.00', 0, 0, 1, 0, 1, '2024-08-16 16:03:25', '2024-08-16 16:03:25'),
(616, 'Producto 698', '758599', NULL, 1, 1, 1, 1, '50.00', '0.00', '0.00', '0.00', '100.00', '10.00', '25.00', '50.00', 0, 0, 1, 0, 1, '2024-08-16 16:03:25', '2024-08-16 16:03:25'),
(617, 'Producto 699', '758600', NULL, 1, 1, 1, 1, '50.00', '0.00', '0.00', '0.00', '100.00', '10.00', '25.00', '50.00', 0, 0, 1, 0, 1, '2024-08-16 16:03:25', '2024-08-16 16:03:25'),
(618, 'Producto 700', '758601', NULL, 1, 1, 1, 1, '50.00', '0.00', '0.00', '0.00', '100.00', '10.00', '25.00', '50.00', 0, 0, 1, 0, 1, '2024-08-16 16:03:25', '2024-08-16 16:03:25'),
(619, 'Producto 701', '758602', NULL, 1, 1, 1, 1, '50.00', '0.00', '0.00', '0.00', '100.00', '10.00', '25.00', '50.00', 0, 0, 1, 0, 1, '2024-08-16 16:03:25', '2024-08-16 16:03:25'),
(620, 'Producto 702', '758603', NULL, 1, 1, 1, 1, '50.00', '0.00', '0.00', '0.00', '100.00', '10.00', '25.00', '50.00', 0, 0, 1, 0, 1, '2024-08-16 16:03:25', '2024-08-16 16:03:25'),
(621, 'Producto 703', '758604', NULL, 1, 1, 1, 1, '50.00', '0.00', '0.00', '0.00', '100.00', '10.00', '25.00', '50.00', 0, 0, 1, 0, 1, '2024-08-16 16:03:25', '2024-08-16 16:03:25'),
(622, 'Producto 704', '758605', NULL, 1, 1, 1, 1, '50.00', '0.00', '0.00', '0.00', '100.00', '10.00', '25.00', '50.00', 0, 0, 1, 0, 1, '2024-08-16 16:03:25', '2024-08-16 16:03:25'),
(623, 'Producto 705', '758606', NULL, 1, 1, 1, 1, '50.00', '0.00', '0.00', '0.00', '100.00', '10.00', '25.00', '50.00', 0, 0, 1, 0, 1, '2024-08-16 16:03:25', '2024-08-16 16:03:25'),
(624, 'Producto 706', '758607', NULL, 1, 1, 1, 1, '50.00', '0.00', '0.00', '0.00', '100.00', '10.00', '25.00', '50.00', 0, 0, 1, 0, 1, '2024-08-16 16:03:25', '2024-08-16 16:03:25'),
(625, 'Producto 707', '758608', NULL, 1, 1, 1, 1, '50.00', '0.00', '0.00', '0.00', '100.00', '10.00', '25.00', '50.00', 0, 0, 1, 0, 1, '2024-08-16 16:03:25', '2024-08-16 16:03:25'),
(626, 'Producto 708', '758609', NULL, 1, 1, 1, 1, '50.00', '0.00', '0.00', '0.00', '100.00', '10.00', '25.00', '50.00', 0, 0, 1, 0, 1, '2024-08-16 16:03:25', '2024-08-16 16:03:25'),
(627, 'Producto 709', '758610', NULL, 1, 1, 1, 1, '50.00', '0.00', '0.00', '0.00', '100.00', '10.00', '25.00', '50.00', 0, 0, 1, 0, 1, '2024-08-16 16:03:25', '2024-08-16 16:03:25'),
(628, 'Producto 710', '758611', NULL, 1, 1, 1, 1, '50.00', '0.00', '0.00', '0.00', '100.00', '10.00', '25.00', '50.00', 0, 0, 1, 0, 1, '2024-08-16 16:03:25', '2024-08-16 16:03:25'),
(629, 'Producto 711', '758612', NULL, 1, 1, 1, 1, '50.00', '0.00', '0.00', '0.00', '100.00', '10.00', '25.00', '50.00', 0, 0, 1, 0, 1, '2024-08-16 16:03:25', '2024-08-16 16:03:25'),
(630, 'Producto 712', '758613', NULL, 1, 1, 1, 1, '50.00', '0.00', '0.00', '0.00', '100.00', '10.00', '25.00', '50.00', 0, 0, 1, 0, 1, '2024-08-16 16:03:25', '2024-08-16 16:03:25'),
(631, 'Producto 713', '758614', NULL, 1, 1, 1, 1, '50.00', '0.00', '0.00', '0.00', '100.00', '10.00', '25.00', '50.00', 0, 0, 1, 0, 1, '2024-08-16 16:03:25', '2024-08-16 16:03:25'),
(632, 'Producto 714', '758615', NULL, 1, 1, 1, 1, '50.00', '0.00', '0.00', '0.00', '100.00', '10.00', '25.00', '50.00', 0, 0, 1, 0, 1, '2024-08-16 16:03:25', '2024-08-16 16:03:25'),
(633, 'Producto 715', '758616', NULL, 1, 1, 1, 1, '50.00', '0.00', '0.00', '0.00', '100.00', '10.00', '25.00', '50.00', 0, 0, 1, 0, 1, '2024-08-16 16:03:25', '2024-08-16 16:03:25'),
(634, 'Producto 716', '758617', NULL, 1, 1, 1, 1, '50.00', '0.00', '0.00', '0.00', '100.00', '10.00', '25.00', '50.00', 0, 0, 1, 0, 1, '2024-08-16 16:03:25', '2024-08-16 16:03:25'),
(635, 'Producto 717', '758618', NULL, 1, 1, 1, 1, '50.00', '0.00', '0.00', '0.00', '100.00', '10.00', '25.00', '50.00', 0, 0, 1, 0, 1, '2024-08-16 16:03:25', '2024-08-16 16:03:25'),
(636, 'Producto 718', '758619', NULL, 1, 1, 1, 1, '50.00', '0.00', '0.00', '0.00', '100.00', '10.00', '25.00', '50.00', 0, 0, 1, 0, 1, '2024-08-16 16:03:25', '2024-08-16 16:03:25'),
(637, 'Producto 719', '758620', NULL, 1, 1, 1, 1, '50.00', '0.00', '0.00', '0.00', '100.00', '10.00', '25.00', '50.00', 0, 0, 1, 0, 1, '2024-08-16 16:03:25', '2024-08-16 16:03:25'),
(638, 'Producto 720', '758621', NULL, 1, 1, 1, 1, '50.00', '0.00', '0.00', '0.00', '100.00', '10.00', '25.00', '50.00', 0, 0, 1, 0, 1, '2024-08-16 16:03:25', '2024-08-16 16:03:25'),
(639, 'Producto 721', '758622', NULL, 1, 1, 1, 1, '50.00', '0.00', '0.00', '0.00', '100.00', '10.00', '25.00', '50.00', 0, 0, 1, 0, 1, '2024-08-16 16:03:25', '2024-08-16 16:03:25'),
(640, 'Producto 722', '758623', NULL, 1, 1, 1, 1, '50.00', '0.00', '0.00', '0.00', '100.00', '10.00', '25.00', '50.00', 0, 0, 1, 0, 1, '2024-08-16 16:03:25', '2024-08-16 16:03:25'),
(641, 'Producto 723', '758624', NULL, 1, 1, 1, 1, '50.00', '0.00', '0.00', '0.00', '100.00', '10.00', '25.00', '50.00', 0, 0, 1, 0, 1, '2024-08-16 16:03:25', '2024-08-16 16:03:25'),
(642, 'Producto 724', '758625', NULL, 1, 1, 1, 1, '50.00', '0.00', '0.00', '0.00', '100.00', '10.00', '25.00', '50.00', 0, 0, 1, 0, 1, '2024-08-16 16:03:25', '2024-08-16 16:03:25'),
(643, 'Producto 725', '758626', NULL, 1, 1, 1, 1, '50.00', '0.00', '0.00', '0.00', '100.00', '10.00', '25.00', '50.00', 0, 0, 1, 0, 1, '2024-08-16 16:03:25', '2024-08-16 16:03:25'),
(644, 'Producto 726', '758627', NULL, 1, 1, 1, 1, '50.00', '0.00', '0.00', '0.00', '100.00', '10.00', '25.00', '50.00', 0, 0, 1, 0, 1, '2024-08-16 16:03:25', '2024-08-16 16:03:25'),
(645, 'Producto 727', '758628', NULL, 1, 1, 1, 1, '50.00', '0.00', '0.00', '0.00', '100.00', '10.00', '25.00', '50.00', 0, 0, 1, 0, 1, '2024-08-16 16:03:25', '2024-08-16 16:03:25'),
(646, 'Producto 728', '758629', NULL, 1, 1, 1, 1, '50.00', '0.00', '0.00', '0.00', '100.00', '10.00', '25.00', '50.00', 0, 0, 1, 0, 1, '2024-08-16 16:03:25', '2024-08-16 16:03:25'),
(647, 'Producto 729', '758630', NULL, 1, 1, 1, 1, '50.00', '0.00', '0.00', '0.00', '100.00', '10.00', '25.00', '50.00', 0, 0, 1, 0, 1, '2024-08-16 16:03:25', '2024-08-16 16:03:25'),
(648, 'Producto 730', '758631', NULL, 1, 1, 1, 1, '50.00', '0.00', '0.00', '0.00', '100.00', '10.00', '25.00', '50.00', 0, 0, 1, 0, 1, '2024-08-16 16:03:25', '2024-08-16 16:03:25'),
(649, 'Producto 731', '758632', NULL, 1, 1, 1, 1, '50.00', '0.00', '0.00', '0.00', '100.00', '10.00', '25.00', '50.00', 0, 0, 1, 0, 1, '2024-08-16 16:03:25', '2024-08-16 16:03:25'),
(650, 'Producto 732', '758633', NULL, 1, 1, 1, 1, '50.00', '0.00', '0.00', '0.00', '100.00', '10.00', '25.00', '50.00', 0, 0, 1, 0, 1, '2024-08-16 16:03:25', '2024-08-16 16:03:25'),
(651, 'Producto 733', '758634', NULL, 1, 1, 1, 1, '50.00', '0.00', '0.00', '0.00', '100.00', '10.00', '25.00', '50.00', 0, 0, 1, 0, 1, '2024-08-16 16:03:25', '2024-08-16 16:03:25'),
(652, 'Producto 734', '758635', NULL, 1, 1, 1, 1, '50.00', '0.00', '0.00', '0.00', '100.00', '10.00', '25.00', '50.00', 0, 0, 1, 0, 1, '2024-08-16 16:03:25', '2024-08-16 16:03:25'),
(653, 'Producto 735', '758636', NULL, 1, 1, 1, 1, '50.00', '0.00', '0.00', '0.00', '100.00', '10.00', '25.00', '50.00', 0, 0, 1, 0, 1, '2024-08-16 16:03:25', '2024-08-16 16:03:25'),
(654, 'Producto 736', '758637', NULL, 1, 1, 1, 1, '50.00', '0.00', '0.00', '0.00', '100.00', '10.00', '25.00', '50.00', 0, 0, 1, 0, 1, '2024-08-16 16:03:25', '2024-08-16 16:03:25'),
(655, 'Producto 737', '758638', NULL, 1, 1, 1, 1, '50.00', '0.00', '0.00', '0.00', '100.00', '10.00', '25.00', '50.00', 0, 0, 1, 0, 1, '2024-08-16 16:03:25', '2024-08-16 16:03:25'),
(656, 'Producto 738', '758639', NULL, 1, 1, 1, 1, '50.00', '0.00', '0.00', '0.00', '100.00', '10.00', '25.00', '50.00', 0, 0, 1, 0, 1, '2024-08-16 16:03:25', '2024-08-16 16:03:25'),
(657, 'Producto 739', '758640', NULL, 1, 1, 1, 1, '50.00', '0.00', '0.00', '0.00', '100.00', '10.00', '25.00', '50.00', 0, 0, 1, 0, 1, '2024-08-16 16:03:25', '2024-08-16 16:03:25'),
(658, 'Producto 740', '758641', NULL, 1, 1, 1, 1, '50.00', '0.00', '0.00', '0.00', '100.00', '10.00', '25.00', '50.00', 0, 0, 1, 0, 1, '2024-08-16 16:03:25', '2024-08-16 16:03:25'),
(659, 'Producto 741', '758642', NULL, 1, 1, 1, 1, '50.00', '0.00', '0.00', '0.00', '100.00', '10.00', '25.00', '50.00', 0, 0, 1, 0, 1, '2024-08-16 16:03:25', '2024-08-16 16:03:25'),
(660, 'Producto 742', '758643', NULL, 1, 1, 1, 1, '50.00', '0.00', '0.00', '0.00', '100.00', '10.00', '25.00', '50.00', 0, 0, 1, 0, 1, '2024-08-16 16:03:25', '2024-08-16 16:03:25'),
(661, 'Producto 743', '758644', NULL, 1, 1, 1, 1, '50.00', '0.00', '0.00', '0.00', '100.00', '10.00', '25.00', '50.00', 0, 0, 1, 0, 1, '2024-08-16 16:03:25', '2024-08-16 16:03:25'),
(662, 'Producto 744', '758645', NULL, 1, 1, 1, 1, '50.00', '0.00', '0.00', '0.00', '100.00', '10.00', '25.00', '50.00', 0, 0, 1, 0, 1, '2024-08-16 16:03:25', '2024-08-16 16:03:25'),
(663, 'Producto 745', '758646', NULL, 1, 1, 1, 1, '50.00', '0.00', '0.00', '0.00', '100.00', '10.00', '25.00', '50.00', 0, 0, 1, 0, 1, '2024-08-16 16:03:25', '2024-08-16 16:03:25'),
(664, 'Producto 746', '758647', NULL, 1, 1, 1, 1, '50.00', '0.00', '0.00', '0.00', '100.00', '10.00', '25.00', '50.00', 0, 0, 1, 0, 1, '2024-08-16 16:03:25', '2024-08-16 16:03:25'),
(665, 'Producto 747', '758648', NULL, 1, 1, 1, 1, '50.00', '0.00', '0.00', '0.00', '100.00', '10.00', '25.00', '50.00', 0, 0, 1, 0, 1, '2024-08-16 16:03:25', '2024-08-16 16:03:25'),
(666, 'Producto 748', '758649', NULL, 1, 1, 1, 1, '50.00', '0.00', '0.00', '0.00', '100.00', '10.00', '25.00', '50.00', 0, 0, 1, 0, 1, '2024-08-16 16:03:25', '2024-08-16 16:03:25'),
(667, 'Producto 749', '758650', NULL, 1, 1, 1, 1, '50.00', '0.00', '0.00', '0.00', '100.00', '10.00', '25.00', '50.00', 0, 0, 1, 0, 1, '2024-08-16 16:03:25', '2024-08-16 16:03:25'),
(668, 'Producto 750', '758651', NULL, 1, 1, 1, 1, '50.00', '0.00', '0.00', '0.00', '100.00', '10.00', '25.00', '50.00', 0, 0, 1, 0, 1, '2024-08-16 16:03:25', '2024-08-16 16:03:25'),
(669, 'Producto 751', '758652', NULL, 1, 1, 1, 1, '50.00', '0.00', '0.00', '0.00', '100.00', '10.00', '25.00', '50.00', 0, 0, 1, 0, 1, '2024-08-16 16:03:25', '2024-08-16 16:03:25'),
(670, 'Producto 752', '758653', NULL, 1, 1, 1, 1, '50.00', '0.00', '0.00', '0.00', '100.00', '10.00', '25.00', '50.00', 0, 0, 1, 0, 1, '2024-08-16 16:03:25', '2024-08-16 16:03:25'),
(671, 'Producto 753', '758654', NULL, 1, 1, 1, 1, '50.00', '0.00', '0.00', '0.00', '100.00', '10.00', '25.00', '50.00', 0, 0, 1, 0, 1, '2024-08-16 16:03:25', '2024-08-16 16:03:25'),
(672, 'Producto 754', '758655', NULL, 1, 1, 1, 1, '50.00', '0.00', '0.00', '0.00', '100.00', '10.00', '25.00', '50.00', 0, 0, 1, 0, 1, '2024-08-16 16:03:25', '2024-08-16 16:03:25'),
(673, 'Producto 755', '758656', NULL, 1, 1, 1, 1, '50.00', '0.00', '0.00', '0.00', '100.00', '10.00', '25.00', '50.00', 0, 0, 1, 0, 1, '2024-08-16 16:03:25', '2024-08-16 16:03:25'),
(674, 'Producto 756', '758657', NULL, 1, 1, 1, 1, '50.00', '0.00', '0.00', '0.00', '100.00', '10.00', '25.00', '50.00', 0, 0, 1, 0, 1, '2024-08-16 16:03:25', '2024-08-16 16:03:25'),
(675, 'Producto 757', '758658', NULL, 1, 1, 1, 1, '50.00', '0.00', '0.00', '0.00', '100.00', '10.00', '25.00', '50.00', 0, 0, 1, 0, 1, '2024-08-16 16:03:25', '2024-08-16 16:03:25'),
(676, 'Producto 758', '758659', NULL, 1, 1, 1, 1, '50.00', '0.00', '0.00', '0.00', '100.00', '10.00', '25.00', '50.00', 0, 0, 1, 0, 1, '2024-08-16 16:03:25', '2024-08-16 16:03:25'),
(677, 'Producto 759', '758660', NULL, 1, 1, 1, 1, '50.00', '0.00', '0.00', '0.00', '100.00', '10.00', '25.00', '50.00', 0, 0, 1, 0, 1, '2024-08-16 16:03:25', '2024-08-16 16:03:25'),
(678, 'Producto 760', '758661', NULL, 1, 1, 1, 1, '50.00', '0.00', '0.00', '0.00', '100.00', '10.00', '25.00', '50.00', 0, 0, 1, 0, 1, '2024-08-16 16:03:25', '2024-08-16 16:03:25'),
(679, 'Producto 761', '758662', NULL, 1, 1, 1, 1, '50.00', '0.00', '0.00', '0.00', '100.00', '10.00', '25.00', '50.00', 0, 0, 1, 0, 1, '2024-08-16 16:03:25', '2024-08-16 16:03:25'),
(680, 'Producto 762', '758663', NULL, 1, 1, 1, 1, '50.00', '0.00', '0.00', '0.00', '100.00', '10.00', '25.00', '50.00', 0, 0, 1, 0, 1, '2024-08-16 16:03:25', '2024-08-16 16:03:25'),
(681, 'Producto 763', '758664', NULL, 1, 1, 1, 1, '50.00', '0.00', '0.00', '0.00', '100.00', '10.00', '25.00', '50.00', 0, 0, 1, 0, 1, '2024-08-16 16:03:25', '2024-08-16 16:03:25'),
(682, 'Producto 764', '758665', NULL, 1, 1, 1, 1, '50.00', '0.00', '0.00', '0.00', '100.00', '10.00', '25.00', '50.00', 0, 0, 1, 0, 1, '2024-08-16 16:03:25', '2024-08-16 16:03:25'),
(683, 'Producto 765', '758666', NULL, 1, 1, 1, 1, '50.00', '0.00', '0.00', '0.00', '100.00', '10.00', '25.00', '50.00', 0, 0, 1, 0, 1, '2024-08-16 16:03:25', '2024-08-16 16:03:25'),
(684, 'Producto 766', '758667', NULL, 1, 1, 1, 1, '50.00', '0.00', '0.00', '0.00', '100.00', '10.00', '25.00', '50.00', 0, 0, 1, 0, 1, '2024-08-16 16:03:25', '2024-08-16 16:03:25'),
(685, 'Producto 767', '758668', NULL, 1, 1, 1, 1, '50.00', '0.00', '0.00', '0.00', '100.00', '10.00', '25.00', '50.00', 0, 0, 1, 0, 1, '2024-08-16 16:03:25', '2024-08-16 16:03:25'),
(686, 'Producto 768', '758669', NULL, 1, 1, 1, 1, '50.00', '0.00', '0.00', '0.00', '100.00', '10.00', '25.00', '50.00', 0, 0, 1, 0, 1, '2024-08-16 16:03:25', '2024-08-16 16:03:25'),
(687, 'Producto 769', '758670', NULL, 1, 1, 1, 1, '50.00', '0.00', '0.00', '0.00', '100.00', '10.00', '25.00', '50.00', 0, 0, 1, 0, 1, '2024-08-16 16:03:25', '2024-08-16 16:03:25'),
(688, 'Producto 770', '758671', NULL, 1, 1, 1, 1, '50.00', '0.00', '0.00', '0.00', '100.00', '10.00', '25.00', '50.00', 0, 0, 1, 0, 1, '2024-08-16 16:03:25', '2024-08-16 16:03:25'),
(689, 'Producto 771', '758672', NULL, 1, 1, 1, 1, '50.00', '0.00', '0.00', '0.00', '100.00', '10.00', '25.00', '50.00', 0, 0, 1, 0, 1, '2024-08-16 16:03:25', '2024-08-16 16:03:25'),
(690, 'Producto 772', '758673', NULL, 1, 1, 1, 1, '50.00', '0.00', '0.00', '0.00', '100.00', '10.00', '25.00', '50.00', 0, 0, 1, 0, 1, '2024-08-16 16:03:25', '2024-08-16 16:03:25'),
(691, 'Producto 773', '758674', NULL, 1, 1, 1, 1, '50.00', '0.00', '0.00', '0.00', '100.00', '10.00', '25.00', '50.00', 0, 0, 1, 0, 1, '2024-08-16 16:03:25', '2024-08-16 16:03:25'),
(692, 'Producto 774', '758675', NULL, 1, 1, 1, 1, '50.00', '0.00', '0.00', '0.00', '100.00', '10.00', '25.00', '50.00', 0, 0, 1, 0, 1, '2024-08-16 16:03:25', '2024-08-16 16:03:25'),
(693, 'Producto 775', '758676', NULL, 1, 1, 1, 1, '50.00', '0.00', '0.00', '0.00', '100.00', '10.00', '25.00', '50.00', 0, 0, 1, 0, 1, '2024-08-16 16:03:25', '2024-08-16 16:03:25'),
(694, 'Producto 776', '758677', NULL, 1, 1, 1, 1, '50.00', '0.00', '0.00', '0.00', '100.00', '10.00', '25.00', '50.00', 0, 0, 1, 0, 1, '2024-08-16 16:03:25', '2024-08-16 16:03:25'),
(695, 'Producto 777', '758678', NULL, 1, 1, 1, 1, '50.00', '0.00', '0.00', '0.00', '100.00', '10.00', '25.00', '50.00', 0, 0, 1, 0, 1, '2024-08-16 16:03:25', '2024-08-16 16:03:25'),
(696, 'Producto 778', '758679', NULL, 1, 1, 1, 1, '50.00', '0.00', '0.00', '0.00', '100.00', '10.00', '25.00', '50.00', 0, 0, 1, 0, 1, '2024-08-16 16:03:25', '2024-08-16 16:03:25'),
(697, 'Producto 779', '758680', NULL, 1, 1, 1, 1, '50.00', '0.00', '0.00', '0.00', '100.00', '10.00', '25.00', '50.00', 0, 0, 1, 0, 1, '2024-08-16 16:03:25', '2024-08-16 16:03:25'),
(698, 'Producto 780', '758681', NULL, 1, 1, 1, 1, '50.00', '0.00', '0.00', '0.00', '100.00', '10.00', '25.00', '50.00', 0, 0, 1, 0, 1, '2024-08-16 16:03:25', '2024-08-16 16:03:25'),
(699, 'Producto 781', '758682', NULL, 1, 1, 1, 1, '50.00', '0.00', '0.00', '0.00', '100.00', '10.00', '25.00', '50.00', 0, 0, 1, 0, 1, '2024-08-16 16:03:25', '2024-08-16 16:03:25'),
(700, 'Producto 782', '758683', NULL, 1, 1, 1, 1, '50.00', '0.00', '0.00', '0.00', '100.00', '10.00', '25.00', '50.00', 0, 0, 1, 0, 1, '2024-08-16 16:03:25', '2024-08-16 16:03:25'),
(701, 'Producto 783', '758684', NULL, 1, 1, 1, 1, '50.00', '0.00', '0.00', '0.00', '100.00', '10.00', '25.00', '50.00', 0, 0, 1, 0, 1, '2024-08-16 16:03:25', '2024-08-16 16:03:25'),
(702, 'Producto 784', '758685', NULL, 1, 1, 1, 1, '50.00', '0.00', '0.00', '0.00', '100.00', '10.00', '25.00', '50.00', 0, 0, 1, 0, 1, '2024-08-16 16:03:25', '2024-08-16 16:03:25'),
(703, 'Producto 785', '758686', NULL, 1, 1, 1, 1, '50.00', '0.00', '0.00', '0.00', '100.00', '10.00', '25.00', '50.00', 0, 0, 1, 0, 1, '2024-08-16 16:03:25', '2024-08-16 16:03:25'),
(704, 'Producto 786', '758687', NULL, 1, 1, 1, 1, '50.00', '0.00', '0.00', '0.00', '100.00', '10.00', '25.00', '50.00', 0, 0, 1, 0, 1, '2024-08-16 16:03:25', '2024-08-16 16:03:25'),
(705, 'Producto 787', '758688', NULL, 1, 1, 1, 1, '50.00', '0.00', '0.00', '0.00', '100.00', '10.00', '25.00', '50.00', 0, 0, 1, 0, 1, '2024-08-16 16:03:25', '2024-08-16 16:03:25'),
(706, 'Producto 788', '758689', NULL, 1, 1, 1, 1, '50.00', '0.00', '0.00', '0.00', '100.00', '10.00', '25.00', '50.00', 0, 0, 1, 0, 1, '2024-08-16 16:03:25', '2024-08-16 16:03:25'),
(707, 'Producto 789', '758690', NULL, 1, 1, 1, 1, '50.00', '0.00', '0.00', '0.00', '100.00', '10.00', '25.00', '50.00', 0, 0, 1, 0, 1, '2024-08-16 16:03:25', '2024-08-16 16:03:25'),
(708, 'Producto 790', '758691', NULL, 1, 1, 1, 1, '50.00', '0.00', '0.00', '0.00', '100.00', '10.00', '25.00', '50.00', 0, 0, 1, 0, 1, '2024-08-16 16:03:25', '2024-08-16 16:03:25'),
(709, 'Producto 791', '758692', NULL, 1, 1, 1, 1, '50.00', '0.00', '0.00', '0.00', '100.00', '10.00', '25.00', '50.00', 0, 0, 1, 0, 1, '2024-08-16 16:03:25', '2024-08-16 16:03:25'),
(710, 'Producto 792', '758693', NULL, 1, 1, 1, 1, '50.00', '0.00', '0.00', '0.00', '100.00', '10.00', '25.00', '50.00', 0, 0, 1, 0, 1, '2024-08-16 16:03:25', '2024-08-16 16:03:25'),
(711, 'Producto 793', '758694', NULL, 1, 1, 1, 1, '50.00', '0.00', '0.00', '0.00', '100.00', '10.00', '25.00', '50.00', 0, 0, 1, 0, 1, '2024-08-16 16:03:25', '2024-08-16 16:03:25'),
(712, 'Producto 794', '758695', NULL, 1, 1, 1, 1, '50.00', '0.00', '0.00', '0.00', '100.00', '10.00', '25.00', '50.00', 0, 0, 1, 0, 1, '2024-08-16 16:03:25', '2024-08-16 16:03:25'),
(713, 'Producto 795', '758696', NULL, 1, 1, 1, 1, '50.00', '0.00', '0.00', '0.00', '100.00', '10.00', '25.00', '50.00', 0, 0, 1, 0, 1, '2024-08-16 16:03:25', '2024-08-16 16:03:25'),
(714, 'Producto 796', '758697', NULL, 1, 1, 1, 1, '50.00', '0.00', '0.00', '0.00', '100.00', '10.00', '25.00', '50.00', 0, 0, 1, 0, 1, '2024-08-16 16:03:25', '2024-08-16 16:03:25'),
(715, 'Producto 797', '758698', NULL, 1, 1, 1, 1, '50.00', '0.00', '0.00', '0.00', '100.00', '10.00', '25.00', '50.00', 0, 0, 1, 0, 1, '2024-08-16 16:03:25', '2024-08-16 16:03:25'),
(716, 'Producto 798', '758699', NULL, 1, 1, 1, 1, '50.00', '0.00', '0.00', '0.00', '100.00', '10.00', '25.00', '50.00', 0, 0, 1, 0, 1, '2024-08-16 16:03:25', '2024-08-16 16:03:25'),
(717, 'Producto 799', '758700', NULL, 1, 1, 1, 1, '50.00', '0.00', '0.00', '0.00', '100.00', '10.00', '25.00', '50.00', 0, 0, 1, 0, 1, '2024-08-16 16:03:25', '2024-08-16 16:03:25'),
(718, 'Producto 800', '758701', NULL, 1, 1, 1, 1, '50.00', '0.00', '0.00', '0.00', '100.00', '10.00', '25.00', '50.00', 0, 0, 1, 0, 1, '2024-08-16 16:03:25', '2024-08-16 16:03:25'),
(719, 'Producto 801', '758702', NULL, 1, 1, 1, 1, '50.00', '0.00', '0.00', '0.00', '100.00', '10.00', '25.00', '50.00', 0, 0, 1, 0, 1, '2024-08-16 16:03:25', '2024-08-16 16:03:25'),
(720, 'Producto 802', '758703', NULL, 1, 1, 1, 1, '50.00', '0.00', '0.00', '0.00', '100.00', '10.00', '25.00', '50.00', 0, 0, 1, 0, 1, '2024-08-16 16:03:25', '2024-08-16 16:03:25'),
(721, 'Producto 803', '758704', NULL, 1, 1, 1, 1, '50.00', '0.00', '0.00', '0.00', '100.00', '10.00', '25.00', '50.00', 0, 0, 1, 0, 1, '2024-08-16 16:03:25', '2024-08-16 16:03:25'),
(722, 'Producto 804', '758705', NULL, 1, 1, 1, 1, '50.00', '0.00', '0.00', '0.00', '100.00', '10.00', '25.00', '50.00', 0, 0, 1, 0, 1, '2024-08-16 16:03:25', '2024-08-16 16:03:25'),
(723, 'Producto 805', '758706', NULL, 1, 1, 1, 1, '50.00', '0.00', '0.00', '0.00', '100.00', '10.00', '25.00', '50.00', 0, 0, 1, 0, 1, '2024-08-16 16:03:25', '2024-08-16 16:03:25'),
(724, 'Producto 806', '758707', NULL, 1, 1, 1, 1, '50.00', '0.00', '0.00', '0.00', '100.00', '10.00', '25.00', '50.00', 0, 0, 1, 0, 1, '2024-08-16 16:03:25', '2024-08-16 16:03:25'),
(725, 'Producto 807', '758708', NULL, 1, 1, 1, 1, '50.00', '0.00', '0.00', '0.00', '100.00', '10.00', '25.00', '50.00', 0, 0, 1, 0, 1, '2024-08-16 16:03:25', '2024-08-16 16:03:25'),
(726, 'Producto 808', '758709', NULL, 1, 1, 1, 1, '50.00', '0.00', '0.00', '0.00', '100.00', '10.00', '25.00', '50.00', 0, 0, 1, 0, 1, '2024-08-16 16:03:25', '2024-08-16 16:03:25'),
(727, 'Producto 809', '758710', NULL, 1, 1, 1, 1, '50.00', '0.00', '0.00', '0.00', '100.00', '10.00', '25.00', '50.00', 0, 0, 1, 0, 1, '2024-08-16 16:03:25', '2024-08-16 16:03:25'),
(728, 'Producto 810', '758711', NULL, 1, 1, 1, 1, '50.00', '0.00', '0.00', '0.00', '100.00', '10.00', '25.00', '50.00', 0, 0, 1, 0, 1, '2024-08-16 16:03:25', '2024-08-16 16:03:25'),
(729, 'Producto 811', '758712', NULL, 1, 1, 1, 1, '50.00', '0.00', '0.00', '0.00', '100.00', '10.00', '25.00', '50.00', 0, 0, 1, 0, 1, '2024-08-16 16:03:25', '2024-08-16 16:03:25'),
(730, 'Producto 812', '758713', NULL, 1, 1, 1, 1, '50.00', '0.00', '0.00', '0.00', '100.00', '10.00', '25.00', '50.00', 0, 0, 1, 0, 1, '2024-08-16 16:03:25', '2024-08-16 16:03:25'),
(731, 'Producto 813', '758714', NULL, 1, 1, 1, 1, '50.00', '0.00', '0.00', '0.00', '100.00', '10.00', '25.00', '50.00', 0, 0, 1, 0, 1, '2024-08-16 16:03:25', '2024-08-16 16:03:25'),
(732, 'Producto 814', '758715', NULL, 1, 1, 1, 1, '50.00', '0.00', '0.00', '0.00', '100.00', '10.00', '25.00', '50.00', 0, 0, 1, 0, 1, '2024-08-16 16:03:25', '2024-08-16 16:03:25'),
(733, 'Producto 815', '758716', NULL, 1, 1, 1, 1, '50.00', '0.00', '0.00', '0.00', '100.00', '10.00', '25.00', '50.00', 0, 0, 1, 0, 1, '2024-08-16 16:03:25', '2024-08-16 16:03:25'),
(734, 'Producto 816', '758717', NULL, 1, 1, 1, 1, '50.00', '0.00', '0.00', '0.00', '100.00', '10.00', '25.00', '50.00', 0, 0, 1, 0, 1, '2024-08-16 16:03:25', '2024-08-16 16:03:25'),
(735, 'Producto 817', '758718', NULL, 1, 1, 1, 1, '50.00', '0.00', '0.00', '0.00', '100.00', '10.00', '25.00', '50.00', 0, 0, 1, 0, 1, '2024-08-16 16:03:25', '2024-08-16 16:03:25'),
(736, 'Producto 818', '758719', NULL, 1, 1, 1, 1, '50.00', '0.00', '0.00', '0.00', '100.00', '10.00', '25.00', '50.00', 0, 0, 1, 0, 1, '2024-08-16 16:03:25', '2024-08-16 16:03:25'),
(737, 'Producto 819', '758720', NULL, 1, 1, 1, 1, '50.00', '0.00', '0.00', '0.00', '100.00', '10.00', '25.00', '50.00', 0, 0, 1, 0, 1, '2024-08-16 16:03:25', '2024-08-16 16:03:25'),
(738, 'Producto 820', '758721', NULL, 1, 1, 1, 1, '50.00', '0.00', '0.00', '0.00', '100.00', '10.00', '25.00', '50.00', 0, 0, 1, 0, 1, '2024-08-16 16:03:25', '2024-08-16 16:03:25'),
(739, 'Producto 821', '758722', NULL, 1, 1, 1, 1, '50.00', '0.00', '0.00', '0.00', '100.00', '10.00', '25.00', '50.00', 0, 0, 1, 0, 1, '2024-08-16 16:03:25', '2024-08-16 16:03:25'),
(740, 'Producto 822', '758723', NULL, 1, 1, 1, 1, '50.00', '0.00', '0.00', '0.00', '100.00', '10.00', '25.00', '50.00', 0, 0, 1, 0, 1, '2024-08-16 16:03:25', '2024-08-16 16:03:25'),
(741, 'Producto 823', '758724', NULL, 1, 1, 1, 1, '50.00', '0.00', '0.00', '0.00', '100.00', '10.00', '25.00', '50.00', 0, 0, 1, 0, 1, '2024-08-16 16:03:25', '2024-08-16 16:03:25'),
(742, 'Producto 824', '758725', NULL, 1, 1, 1, 1, '50.00', '0.00', '0.00', '0.00', '100.00', '10.00', '25.00', '50.00', 0, 0, 1, 0, 1, '2024-08-16 16:03:25', '2024-08-16 16:03:25'),
(743, 'Producto 825', '758726', NULL, 1, 1, 1, 1, '50.00', '0.00', '0.00', '0.00', '100.00', '10.00', '25.00', '50.00', 0, 0, 1, 0, 1, '2024-08-16 16:03:25', '2024-08-16 16:03:25'),
(744, 'Producto 826', '758727', NULL, 1, 1, 1, 1, '50.00', '0.00', '0.00', '0.00', '100.00', '10.00', '25.00', '50.00', 0, 0, 1, 0, 1, '2024-08-16 16:03:25', '2024-08-16 16:03:25'),
(745, 'Producto 827', '758728', NULL, 1, 1, 1, 1, '50.00', '0.00', '0.00', '0.00', '100.00', '10.00', '25.00', '50.00', 0, 0, 1, 0, 1, '2024-08-16 16:03:25', '2024-08-16 16:03:25'),
(746, 'Producto 828', '758729', NULL, 1, 1, 1, 1, '50.00', '0.00', '0.00', '0.00', '100.00', '10.00', '25.00', '50.00', 0, 0, 1, 0, 1, '2024-08-16 16:03:25', '2024-08-16 16:03:25'),
(747, 'Producto 829', '758730', NULL, 1, 1, 1, 1, '50.00', '0.00', '0.00', '0.00', '100.00', '10.00', '25.00', '50.00', 0, 0, 1, 0, 1, '2024-08-16 16:03:25', '2024-08-16 16:03:25'),
(748, 'Producto 830', '758731', NULL, 1, 1, 1, 1, '50.00', '0.00', '0.00', '0.00', '100.00', '10.00', '25.00', '50.00', 0, 0, 1, 0, 1, '2024-08-16 16:03:25', '2024-08-16 16:03:25'),
(749, 'Producto 831', '758732', NULL, 1, 1, 1, 1, '50.00', '0.00', '0.00', '0.00', '100.00', '10.00', '25.00', '50.00', 0, 0, 1, 0, 1, '2024-08-16 16:03:25', '2024-08-16 16:03:25'),
(750, 'Producto 832', '758733', NULL, 1, 1, 1, 1, '50.00', '0.00', '0.00', '0.00', '100.00', '10.00', '25.00', '50.00', 0, 0, 1, 0, 1, '2024-08-16 16:03:25', '2024-08-16 16:03:25'),
(751, 'Producto 833', '758734', NULL, 1, 1, 1, 1, '50.00', '0.00', '0.00', '0.00', '100.00', '10.00', '25.00', '50.00', 0, 0, 1, 0, 1, '2024-08-16 16:03:25', '2024-08-16 16:03:25'),
(752, 'Producto 834', '758735', NULL, 1, 1, 1, 1, '50.00', '0.00', '0.00', '0.00', '100.00', '10.00', '25.00', '50.00', 0, 0, 1, 0, 1, '2024-08-16 16:03:25', '2024-08-16 16:03:25'),
(753, 'Producto 835', '758736', NULL, 1, 1, 1, 1, '50.00', '0.00', '0.00', '0.00', '100.00', '10.00', '25.00', '50.00', 0, 0, 1, 0, 1, '2024-08-16 16:03:25', '2024-08-16 16:03:25'),
(754, 'Producto 836', '758737', NULL, 1, 1, 1, 1, '50.00', '0.00', '0.00', '0.00', '100.00', '10.00', '25.00', '50.00', 0, 0, 1, 0, 1, '2024-08-16 16:03:25', '2024-08-16 16:03:25'),
(755, 'Producto 837', '758738', NULL, 1, 1, 1, 1, '50.00', '0.00', '0.00', '0.00', '100.00', '10.00', '25.00', '50.00', 0, 0, 1, 0, 1, '2024-08-16 16:03:25', '2024-08-16 16:03:25'),
(756, 'Producto 838', '758739', NULL, 1, 1, 1, 1, '50.00', '0.00', '0.00', '0.00', '100.00', '10.00', '25.00', '50.00', 0, 0, 1, 0, 1, '2024-08-16 16:03:25', '2024-08-16 16:03:25'),
(757, 'Producto 839', '758740', NULL, 1, 1, 1, 1, '50.00', '0.00', '0.00', '0.00', '100.00', '10.00', '25.00', '50.00', 0, 0, 1, 0, 1, '2024-08-16 16:03:25', '2024-08-16 16:03:25'),
(758, 'Producto 840', '758741', NULL, 1, 1, 1, 1, '50.00', '0.00', '0.00', '0.00', '100.00', '10.00', '25.00', '50.00', 0, 0, 1, 0, 1, '2024-08-16 16:03:25', '2024-08-16 16:03:25'),
(759, 'Producto 841', '758742', NULL, 1, 1, 1, 1, '50.00', '0.00', '0.00', '0.00', '100.00', '10.00', '25.00', '50.00', 0, 0, 1, 0, 1, '2024-08-16 16:03:25', '2024-08-16 16:03:25'),
(760, 'Producto 842', '758743', NULL, 1, 1, 1, 1, '50.00', '0.00', '0.00', '0.00', '100.00', '10.00', '25.00', '50.00', 0, 0, 1, 0, 1, '2024-08-16 16:03:25', '2024-08-16 16:03:25'),
(761, 'Producto 843', '758744', NULL, 1, 1, 1, 1, '50.00', '0.00', '0.00', '0.00', '100.00', '10.00', '25.00', '50.00', 0, 0, 1, 0, 1, '2024-08-16 16:03:25', '2024-08-16 16:03:25'),
(762, 'Producto 844', '758745', NULL, 1, 1, 1, 1, '50.00', '0.00', '0.00', '0.00', '100.00', '10.00', '25.00', '50.00', 0, 0, 1, 0, 1, '2024-08-16 16:03:25', '2024-08-16 16:03:25'),
(763, 'Producto 845', '758746', NULL, 1, 1, 1, 1, '50.00', '0.00', '0.00', '0.00', '100.00', '10.00', '25.00', '50.00', 0, 0, 1, 0, 1, '2024-08-16 16:03:25', '2024-08-16 16:03:25'),
(764, 'Producto 846', '758747', NULL, 1, 1, 1, 1, '50.00', '0.00', '0.00', '0.00', '100.00', '10.00', '25.00', '50.00', 0, 0, 1, 0, 1, '2024-08-16 16:03:25', '2024-08-16 16:03:25'),
(765, 'Producto 847', '758748', NULL, 1, 1, 1, 1, '50.00', '0.00', '0.00', '0.00', '100.00', '10.00', '25.00', '50.00', 0, 0, 1, 0, 1, '2024-08-16 16:03:25', '2024-08-16 16:03:25'),
(766, 'Producto 848', '758749', NULL, 1, 1, 1, 1, '50.00', '0.00', '0.00', '0.00', '100.00', '10.00', '25.00', '50.00', 0, 0, 1, 0, 1, '2024-08-16 16:03:25', '2024-08-16 16:03:25'),
(767, 'Producto 849', '758750', NULL, 1, 1, 1, 1, '50.00', '0.00', '0.00', '0.00', '100.00', '10.00', '25.00', '50.00', 0, 0, 1, 0, 1, '2024-08-16 16:03:25', '2024-08-16 16:03:25'),
(768, 'Producto 850', '758751', NULL, 1, 1, 1, 1, '50.00', '0.00', '0.00', '0.00', '100.00', '10.00', '25.00', '50.00', 0, 0, 1, 0, 1, '2024-08-16 16:03:25', '2024-08-16 16:03:25'),
(769, 'Producto 851', '758752', NULL, 1, 1, 1, 1, '50.00', '0.00', '0.00', '0.00', '100.00', '10.00', '25.00', '50.00', 0, 0, 1, 0, 1, '2024-08-16 16:03:25', '2024-08-16 16:03:25'),
(770, 'Producto 852', '758753', NULL, 1, 1, 1, 1, '50.00', '0.00', '0.00', '0.00', '100.00', '10.00', '25.00', '50.00', 0, 0, 1, 0, 1, '2024-08-16 16:03:25', '2024-08-16 16:03:25'),
(771, 'Producto 853', '758754', NULL, 1, 1, 1, 1, '50.00', '0.00', '0.00', '0.00', '100.00', '10.00', '25.00', '50.00', 0, 0, 1, 0, 1, '2024-08-16 16:03:25', '2024-08-16 16:03:25'),
(772, 'Producto 854', '758755', NULL, 1, 1, 1, 1, '50.00', '0.00', '0.00', '0.00', '100.00', '10.00', '25.00', '50.00', 0, 0, 1, 0, 1, '2024-08-16 16:03:25', '2024-08-16 16:03:25'),
(773, 'Producto 855', '758756', NULL, 1, 1, 1, 1, '50.00', '0.00', '0.00', '0.00', '100.00', '10.00', '25.00', '50.00', 0, 0, 1, 0, 1, '2024-08-16 16:03:25', '2024-08-16 16:03:25'),
(774, 'Producto 856', '758757', NULL, 1, 1, 1, 1, '50.00', '0.00', '0.00', '0.00', '100.00', '10.00', '25.00', '50.00', 0, 0, 1, 0, 1, '2024-08-16 16:03:25', '2024-08-16 16:03:25'),
(775, 'Producto 857', '758758', NULL, 1, 1, 1, 1, '50.00', '0.00', '0.00', '0.00', '100.00', '10.00', '25.00', '50.00', 0, 0, 1, 0, 1, '2024-08-16 16:03:25', '2024-08-16 16:03:25'),
(776, 'Producto 858', '758759', NULL, 1, 1, 1, 1, '50.00', '0.00', '0.00', '0.00', '100.00', '10.00', '25.00', '50.00', 0, 0, 1, 0, 1, '2024-08-16 16:03:25', '2024-08-16 16:03:25'),
(777, 'Producto 859', '758760', NULL, 1, 1, 1, 1, '50.00', '0.00', '0.00', '0.00', '100.00', '10.00', '25.00', '50.00', 0, 0, 1, 0, 1, '2024-08-16 16:03:25', '2024-08-16 16:03:25'),
(778, 'Producto 860', '758761', NULL, 1, 1, 1, 1, '50.00', '0.00', '0.00', '0.00', '100.00', '10.00', '25.00', '50.00', 0, 0, 1, 0, 1, '2024-08-16 16:03:25', '2024-08-16 16:03:25'),
(779, 'Producto 861', '758762', NULL, 1, 1, 1, 1, '50.00', '0.00', '0.00', '0.00', '100.00', '10.00', '25.00', '50.00', 0, 0, 1, 0, 1, '2024-08-16 16:03:25', '2024-08-16 16:03:25'),
(780, 'Producto 862', '758763', NULL, 1, 1, 1, 1, '50.00', '0.00', '0.00', '0.00', '100.00', '10.00', '25.00', '50.00', 0, 0, 1, 0, 1, '2024-08-16 16:03:25', '2024-08-16 16:03:25'),
(781, 'Producto 863', '758764', NULL, 1, 1, 1, 1, '50.00', '0.00', '0.00', '0.00', '100.00', '10.00', '25.00', '50.00', 0, 0, 1, 0, 1, '2024-08-16 16:03:25', '2024-08-16 16:03:25'),
(782, 'Producto 864', '758765', NULL, 1, 1, 1, 1, '50.00', '0.00', '0.00', '0.00', '100.00', '10.00', '25.00', '50.00', 0, 0, 1, 0, 1, '2024-08-16 16:03:25', '2024-08-16 16:03:25'),
(783, 'Producto 865', '758766', NULL, 1, 1, 1, 1, '50.00', '0.00', '0.00', '0.00', '100.00', '10.00', '25.00', '50.00', 0, 0, 1, 0, 1, '2024-08-16 16:03:25', '2024-08-16 16:03:25'),
(784, 'Producto 866', '758767', NULL, 1, 1, 1, 1, '50.00', '0.00', '0.00', '0.00', '100.00', '10.00', '25.00', '50.00', 0, 0, 1, 0, 1, '2024-08-16 16:03:25', '2024-08-16 16:03:25'),
(785, 'Producto 867', '758768', NULL, 1, 1, 1, 1, '50.00', '0.00', '0.00', '0.00', '100.00', '10.00', '25.00', '50.00', 0, 0, 1, 0, 1, '2024-08-16 16:03:25', '2024-08-16 16:03:25'),
(786, 'Producto 868', '758769', NULL, 1, 1, 1, 1, '50.00', '0.00', '0.00', '0.00', '100.00', '10.00', '25.00', '50.00', 0, 0, 1, 0, 1, '2024-08-16 16:03:25', '2024-08-16 16:03:25'),
(787, 'Producto 869', '758770', NULL, 1, 1, 1, 1, '50.00', '0.00', '0.00', '0.00', '100.00', '10.00', '25.00', '50.00', 0, 0, 1, 0, 1, '2024-08-16 16:03:25', '2024-08-16 16:03:25'),
(788, 'Producto 870', '758771', NULL, 1, 1, 1, 1, '50.00', '0.00', '0.00', '0.00', '100.00', '10.00', '25.00', '50.00', 0, 0, 1, 0, 1, '2024-08-16 16:03:25', '2024-08-16 16:03:25'),
(789, 'Producto 871', '758772', NULL, 1, 1, 1, 1, '50.00', '0.00', '0.00', '0.00', '100.00', '10.00', '25.00', '50.00', 0, 0, 1, 0, 1, '2024-08-16 16:03:25', '2024-08-16 16:03:25'),
(790, 'Producto 872', '758773', NULL, 1, 1, 1, 1, '50.00', '0.00', '0.00', '0.00', '100.00', '10.00', '25.00', '50.00', 0, 0, 1, 0, 1, '2024-08-16 16:03:25', '2024-08-16 16:03:25'),
(791, 'Producto 873', '758774', NULL, 1, 1, 1, 1, '50.00', '0.00', '0.00', '0.00', '100.00', '10.00', '25.00', '50.00', 0, 0, 1, 0, 1, '2024-08-16 16:03:25', '2024-08-16 16:03:25'),
(792, 'Producto 874', '758775', NULL, 1, 1, 1, 1, '50.00', '0.00', '0.00', '0.00', '100.00', '10.00', '25.00', '50.00', 0, 0, 1, 0, 1, '2024-08-16 16:03:25', '2024-08-16 16:03:25'),
(793, 'Producto 875', '758776', NULL, 1, 1, 1, 1, '50.00', '0.00', '0.00', '0.00', '100.00', '10.00', '25.00', '50.00', 0, 0, 1, 0, 1, '2024-08-16 16:03:25', '2024-08-16 16:03:25'),
(794, 'Producto 876', '758777', NULL, 1, 1, 1, 1, '50.00', '0.00', '0.00', '0.00', '100.00', '10.00', '25.00', '50.00', 0, 0, 1, 0, 1, '2024-08-16 16:03:25', '2024-08-16 16:03:25'),
(795, 'Producto 877', '758778', NULL, 1, 1, 1, 1, '50.00', '0.00', '0.00', '0.00', '100.00', '10.00', '25.00', '50.00', 0, 0, 1, 0, 1, '2024-08-16 16:03:25', '2024-08-16 16:03:25'),
(796, 'Producto 878', '758779', NULL, 1, 1, 1, 1, '50.00', '0.00', '0.00', '0.00', '100.00', '10.00', '25.00', '50.00', 0, 0, 1, 0, 1, '2024-08-16 16:03:25', '2024-08-16 16:03:25'),
(797, 'Producto 879', '758780', NULL, 1, 1, 1, 1, '50.00', '0.00', '0.00', '0.00', '100.00', '10.00', '25.00', '50.00', 0, 0, 1, 0, 1, '2024-08-16 16:03:25', '2024-08-16 16:03:25'),
(798, 'Producto 880', '758781', NULL, 1, 1, 1, 1, '50.00', '0.00', '0.00', '0.00', '100.00', '10.00', '25.00', '50.00', 0, 0, 1, 0, 1, '2024-08-16 16:03:25', '2024-08-16 16:03:25'),
(799, 'Producto 881', '758782', NULL, 1, 1, 1, 1, '50.00', '0.00', '0.00', '0.00', '100.00', '10.00', '25.00', '50.00', 0, 0, 1, 0, 1, '2024-08-16 16:03:25', '2024-08-16 16:03:25'),
(800, 'Producto 882', '758783', NULL, 1, 1, 1, 1, '50.00', '0.00', '0.00', '0.00', '100.00', '10.00', '25.00', '50.00', 0, 0, 1, 0, 1, '2024-08-16 16:03:25', '2024-08-16 16:03:25'),
(801, 'Producto 883', '758784', NULL, 1, 1, 1, 1, '50.00', '0.00', '0.00', '0.00', '100.00', '10.00', '25.00', '50.00', 0, 0, 1, 0, 1, '2024-08-16 16:03:25', '2024-08-16 16:03:25'),
(802, 'Producto 884', '758785', NULL, 1, 1, 1, 1, '50.00', '0.00', '0.00', '0.00', '100.00', '10.00', '25.00', '50.00', 0, 0, 1, 0, 1, '2024-08-16 16:03:25', '2024-08-16 16:03:25'),
(803, 'Producto 885', '758786', NULL, 1, 1, 1, 1, '50.00', '0.00', '0.00', '0.00', '100.00', '10.00', '25.00', '50.00', 0, 0, 1, 0, 1, '2024-08-16 16:03:25', '2024-08-16 16:03:25'),
(804, 'Producto 886', '758787', NULL, 1, 1, 1, 1, '50.00', '0.00', '0.00', '0.00', '100.00', '10.00', '25.00', '50.00', 0, 0, 1, 0, 1, '2024-08-16 16:03:25', '2024-08-16 16:03:25'),
(805, 'Producto 887', '758788', NULL, 1, 1, 1, 1, '50.00', '0.00', '0.00', '0.00', '100.00', '10.00', '25.00', '50.00', 0, 0, 1, 0, 1, '2024-08-16 16:03:25', '2024-08-16 16:03:25'),
(806, 'Producto 888', '758789', NULL, 1, 1, 1, 1, '50.00', '0.00', '0.00', '0.00', '100.00', '10.00', '25.00', '50.00', 0, 0, 1, 0, 1, '2024-08-16 16:03:25', '2024-08-16 16:03:25'),
(807, 'Producto 889', '758790', NULL, 1, 1, 1, 1, '50.00', '0.00', '0.00', '0.00', '100.00', '10.00', '25.00', '50.00', 0, 0, 1, 0, 1, '2024-08-16 16:03:25', '2024-08-16 16:03:25'),
(808, 'Producto 890', '758791', NULL, 1, 1, 1, 1, '50.00', '0.00', '0.00', '0.00', '100.00', '10.00', '25.00', '50.00', 0, 0, 1, 0, 1, '2024-08-16 16:03:25', '2024-08-16 16:03:25'),
(809, 'Producto 891', '758792', NULL, 1, 1, 1, 1, '50.00', '0.00', '0.00', '0.00', '100.00', '10.00', '25.00', '50.00', 0, 0, 1, 0, 1, '2024-08-16 16:03:25', '2024-08-16 16:03:25'),
(810, 'Producto 892', '758793', NULL, 1, 1, 1, 1, '50.00', '0.00', '0.00', '0.00', '100.00', '10.00', '25.00', '50.00', 0, 0, 1, 0, 1, '2024-08-16 16:03:25', '2024-08-16 16:03:25'),
(811, 'Producto 893', '758794', NULL, 1, 1, 1, 1, '50.00', '0.00', '0.00', '0.00', '100.00', '10.00', '25.00', '50.00', 0, 0, 1, 0, 1, '2024-08-16 16:03:25', '2024-08-16 16:03:25'),
(812, 'Producto 894', '758795', NULL, 1, 1, 1, 1, '50.00', '0.00', '0.00', '0.00', '100.00', '10.00', '25.00', '50.00', 0, 0, 1, 0, 1, '2024-08-16 16:03:25', '2024-08-16 16:03:25'),
(813, 'Producto 895', '758796', NULL, 1, 1, 1, 1, '50.00', '0.00', '0.00', '0.00', '100.00', '10.00', '25.00', '50.00', 0, 0, 1, 0, 1, '2024-08-16 16:03:25', '2024-08-16 16:03:25'),
(814, 'Producto 896', '758797', NULL, 1, 1, 1, 1, '50.00', '0.00', '0.00', '0.00', '100.00', '10.00', '25.00', '50.00', 0, 0, 1, 0, 1, '2024-08-16 16:03:25', '2024-08-16 16:03:25'),
(815, 'Producto 897', '758798', NULL, 1, 1, 1, 1, '50.00', '0.00', '0.00', '0.00', '100.00', '10.00', '25.00', '50.00', 0, 0, 1, 0, 1, '2024-08-16 16:03:25', '2024-08-16 16:03:25'),
(816, 'Producto 898', '758799', NULL, 1, 1, 1, 1, '50.00', '0.00', '0.00', '0.00', '100.00', '10.00', '25.00', '50.00', 0, 0, 1, 0, 1, '2024-08-16 16:03:25', '2024-08-16 16:03:25'),
(817, 'Producto 899', '758800', NULL, 1, 1, 1, 1, '50.00', '0.00', '0.00', '0.00', '100.00', '10.00', '25.00', '50.00', 0, 0, 1, 0, 1, '2024-08-16 16:03:25', '2024-08-16 16:03:25'),
(818, 'Producto 900', '758801', NULL, 1, 1, 1, 1, '50.00', '0.00', '0.00', '0.00', '100.00', '10.00', '25.00', '50.00', 0, 0, 1, 0, 1, '2024-08-16 16:03:25', '2024-08-16 16:03:25'),
(819, 'Producto 901', '758802', NULL, 1, 1, 1, 1, '50.00', '0.00', '0.00', '0.00', '100.00', '10.00', '25.00', '50.00', 0, 0, 1, 0, 1, '2024-08-16 16:03:25', '2024-08-16 16:03:25'),
(820, 'Producto 902', '758803', NULL, 1, 1, 1, 1, '50.00', '0.00', '0.00', '0.00', '100.00', '10.00', '25.00', '50.00', 0, 0, 1, 0, 1, '2024-08-16 16:03:25', '2024-08-16 16:03:25'),
(821, 'Producto 903', '758804', NULL, 1, 1, 1, 1, '50.00', '0.00', '0.00', '0.00', '100.00', '10.00', '25.00', '50.00', 0, 0, 1, 0, 1, '2024-08-16 16:03:25', '2024-08-16 16:03:25'),
(822, 'Producto 904', '758805', NULL, 1, 1, 1, 1, '50.00', '0.00', '0.00', '0.00', '100.00', '10.00', '25.00', '50.00', 0, 0, 1, 0, 1, '2024-08-16 16:03:25', '2024-08-16 16:03:25'),
(823, 'Producto 905', '758806', NULL, 1, 1, 1, 1, '50.00', '0.00', '0.00', '0.00', '100.00', '10.00', '25.00', '50.00', 0, 0, 1, 0, 1, '2024-08-16 16:03:25', '2024-08-16 16:03:25'),
(824, 'Producto 906', '758807', NULL, 1, 1, 1, 1, '50.00', '0.00', '0.00', '0.00', '100.00', '10.00', '25.00', '50.00', 0, 0, 1, 0, 1, '2024-08-16 16:03:25', '2024-08-16 16:03:25'),
(825, 'Producto 907', '758808', NULL, 1, 1, 1, 1, '50.00', '0.00', '0.00', '0.00', '100.00', '10.00', '25.00', '50.00', 0, 0, 1, 0, 1, '2024-08-16 16:03:25', '2024-08-16 16:03:25'),
(826, 'Producto 908', '758809', NULL, 1, 1, 1, 1, '50.00', '0.00', '0.00', '0.00', '100.00', '10.00', '25.00', '50.00', 0, 0, 1, 0, 1, '2024-08-16 16:03:25', '2024-08-16 16:03:25'),
(827, 'Producto 909', '758810', NULL, 1, 1, 1, 1, '50.00', '0.00', '0.00', '0.00', '100.00', '10.00', '25.00', '50.00', 0, 0, 1, 0, 1, '2024-08-16 16:03:25', '2024-08-16 16:03:25'),
(828, 'Producto 910', '758811', NULL, 1, 1, 1, 1, '50.00', '0.00', '0.00', '0.00', '100.00', '10.00', '25.00', '50.00', 0, 0, 1, 0, 1, '2024-08-16 16:03:25', '2024-08-16 16:03:25');
INSERT INTO `productos` (`id`, `nombre`, `codigo_barra`, `detalle`, `medida_id`, `proveedor_id`, `marca_id`, `categoria_id`, `costo`, `precio_1`, `precio_2`, `precio_3`, `precio_4`, `stock_minimo`, `stock_medio`, `stock_moderado`, `is_perecedero`, `is_lote`, `is_servicio`, `is_exento`, `estado`, `created_at`, `updated_at`) VALUES
(829, 'Producto 911', '758812', NULL, 1, 1, 1, 1, '50.00', '0.00', '0.00', '0.00', '100.00', '10.00', '25.00', '50.00', 0, 0, 1, 0, 1, '2024-08-16 16:03:25', '2024-08-16 16:03:25'),
(830, 'Producto 912', '758813', NULL, 1, 1, 1, 1, '50.00', '0.00', '0.00', '0.00', '100.00', '10.00', '25.00', '50.00', 0, 0, 1, 0, 1, '2024-08-16 16:03:25', '2024-08-16 16:03:25'),
(831, 'Producto 913', '758814', NULL, 1, 1, 1, 1, '50.00', '0.00', '0.00', '0.00', '100.00', '10.00', '25.00', '50.00', 0, 0, 1, 0, 1, '2024-08-16 16:03:25', '2024-08-16 16:03:25'),
(832, 'Producto 914', '758815', NULL, 1, 1, 1, 1, '50.00', '0.00', '0.00', '0.00', '100.00', '10.00', '25.00', '50.00', 0, 0, 1, 0, 1, '2024-08-16 16:03:25', '2024-08-16 16:03:25'),
(833, 'Producto 915', '758816', NULL, 1, 1, 1, 1, '50.00', '0.00', '0.00', '0.00', '100.00', '10.00', '25.00', '50.00', 0, 0, 1, 0, 1, '2024-08-16 16:03:25', '2024-08-16 16:03:25'),
(834, 'Producto 916', '758817', NULL, 1, 1, 1, 1, '50.00', '0.00', '0.00', '0.00', '100.00', '10.00', '25.00', '50.00', 0, 0, 1, 0, 1, '2024-08-16 16:03:25', '2024-08-16 16:03:25'),
(835, 'Producto 917', '758818', NULL, 1, 1, 1, 1, '50.00', '0.00', '0.00', '0.00', '100.00', '10.00', '25.00', '50.00', 0, 0, 1, 0, 1, '2024-08-16 16:03:25', '2024-08-16 16:03:25'),
(836, 'Producto 918', '758819', NULL, 1, 1, 1, 1, '50.00', '0.00', '0.00', '0.00', '100.00', '10.00', '25.00', '50.00', 0, 0, 1, 0, 1, '2024-08-16 16:03:25', '2024-08-16 16:03:25'),
(837, 'Producto 919', '758820', NULL, 1, 1, 1, 1, '50.00', '0.00', '0.00', '0.00', '100.00', '10.00', '25.00', '50.00', 0, 0, 1, 0, 1, '2024-08-16 16:03:25', '2024-08-16 16:03:25'),
(838, 'Producto 920', '758821', NULL, 1, 1, 1, 1, '50.00', '0.00', '0.00', '0.00', '100.00', '10.00', '25.00', '50.00', 0, 0, 1, 0, 1, '2024-08-16 16:03:25', '2024-08-16 16:03:25'),
(839, 'Producto 921', '758822', NULL, 1, 1, 1, 1, '50.00', '0.00', '0.00', '0.00', '100.00', '10.00', '25.00', '50.00', 0, 0, 1, 0, 1, '2024-08-16 16:03:25', '2024-08-16 16:03:25'),
(840, 'Producto 922', '758823', NULL, 1, 1, 1, 1, '50.00', '0.00', '0.00', '0.00', '100.00', '10.00', '25.00', '50.00', 0, 0, 1, 0, 1, '2024-08-16 16:03:25', '2024-08-16 16:03:25'),
(841, 'Producto 923', '758824', NULL, 1, 1, 1, 1, '50.00', '0.00', '0.00', '0.00', '100.00', '10.00', '25.00', '50.00', 0, 0, 1, 0, 1, '2024-08-16 16:03:25', '2024-08-16 16:03:25'),
(842, 'Producto 924', '758825', NULL, 1, 1, 1, 1, '50.00', '0.00', '0.00', '0.00', '100.00', '10.00', '25.00', '50.00', 0, 0, 1, 0, 1, '2024-08-16 16:03:25', '2024-08-16 16:03:25'),
(843, 'Producto 925', '758826', NULL, 1, 1, 1, 1, '50.00', '0.00', '0.00', '0.00', '100.00', '10.00', '25.00', '50.00', 0, 0, 1, 0, 1, '2024-08-16 16:03:25', '2024-08-16 16:03:25'),
(844, 'Producto 926', '758827', NULL, 1, 1, 1, 1, '50.00', '0.00', '0.00', '0.00', '100.00', '10.00', '25.00', '50.00', 0, 0, 1, 0, 1, '2024-08-16 16:03:25', '2024-08-16 16:03:25'),
(845, 'Producto 927', '758828', NULL, 1, 1, 1, 1, '50.00', '0.00', '0.00', '0.00', '100.00', '10.00', '25.00', '50.00', 0, 0, 1, 0, 1, '2024-08-16 16:03:25', '2024-08-16 16:03:25'),
(846, 'Producto 928', '758829', NULL, 1, 1, 1, 1, '50.00', '0.00', '0.00', '0.00', '100.00', '10.00', '25.00', '50.00', 0, 0, 1, 0, 1, '2024-08-16 16:03:25', '2024-08-16 16:03:25'),
(847, 'Producto 929', '758830', NULL, 1, 1, 1, 1, '50.00', '0.00', '0.00', '0.00', '100.00', '10.00', '25.00', '50.00', 0, 0, 1, 0, 1, '2024-08-16 16:03:25', '2024-08-16 16:03:25'),
(848, 'Producto 930', '758831', NULL, 1, 1, 1, 1, '50.00', '0.00', '0.00', '0.00', '100.00', '10.00', '25.00', '50.00', 0, 0, 1, 0, 1, '2024-08-16 16:03:25', '2024-08-16 16:03:25'),
(849, 'Producto 931', '758832', NULL, 1, 1, 1, 1, '50.00', '0.00', '0.00', '0.00', '100.00', '10.00', '25.00', '50.00', 0, 0, 1, 0, 1, '2024-08-16 16:03:25', '2024-08-16 16:03:25'),
(850, 'Producto 932', '758833', NULL, 1, 1, 1, 1, '50.00', '0.00', '0.00', '0.00', '100.00', '10.00', '25.00', '50.00', 0, 0, 1, 0, 1, '2024-08-16 16:03:25', '2024-08-16 16:03:25'),
(851, 'Producto 933', '758834', NULL, 1, 1, 1, 1, '50.00', '0.00', '0.00', '0.00', '100.00', '10.00', '25.00', '50.00', 0, 0, 1, 0, 1, '2024-08-16 16:03:25', '2024-08-16 16:03:25'),
(852, 'Producto 934', '758835', NULL, 1, 1, 1, 1, '50.00', '0.00', '0.00', '0.00', '100.00', '10.00', '25.00', '50.00', 0, 0, 1, 0, 1, '2024-08-16 16:03:25', '2024-08-16 16:03:25'),
(853, 'Producto 935', '758836', NULL, 1, 1, 1, 1, '50.00', '0.00', '0.00', '0.00', '100.00', '10.00', '25.00', '50.00', 0, 0, 1, 0, 1, '2024-08-16 16:03:25', '2024-08-16 16:03:25'),
(854, 'Producto 936', '758837', NULL, 1, 1, 1, 1, '50.00', '0.00', '0.00', '0.00', '100.00', '10.00', '25.00', '50.00', 0, 0, 1, 0, 1, '2024-08-16 16:03:25', '2024-08-16 16:03:25'),
(855, 'Producto 937', '758838', NULL, 1, 1, 1, 1, '50.00', '0.00', '0.00', '0.00', '100.00', '10.00', '25.00', '50.00', 0, 0, 1, 0, 1, '2024-08-16 16:03:26', '2024-08-16 16:03:26'),
(856, 'Producto 938', '758839', NULL, 1, 1, 1, 1, '50.00', '0.00', '0.00', '0.00', '100.00', '10.00', '25.00', '50.00', 0, 0, 1, 0, 1, '2024-08-16 16:03:26', '2024-08-16 16:03:26'),
(857, 'Producto 939', '758840', NULL, 1, 1, 1, 1, '50.00', '0.00', '0.00', '0.00', '100.00', '10.00', '25.00', '50.00', 0, 0, 1, 0, 1, '2024-08-16 16:03:26', '2024-08-16 16:03:26'),
(858, 'Producto 940', '758841', NULL, 1, 1, 1, 1, '50.00', '0.00', '0.00', '0.00', '100.00', '10.00', '25.00', '50.00', 0, 0, 1, 0, 1, '2024-08-16 16:03:26', '2024-08-16 16:03:26'),
(859, 'Producto 941', '758842', NULL, 1, 1, 1, 1, '50.00', '0.00', '0.00', '0.00', '100.00', '10.00', '25.00', '50.00', 0, 0, 1, 0, 1, '2024-08-16 16:03:26', '2024-08-16 16:03:26'),
(860, 'Producto 942', '758843', NULL, 1, 1, 1, 1, '50.00', '0.00', '0.00', '0.00', '100.00', '10.00', '25.00', '50.00', 0, 0, 1, 0, 1, '2024-08-16 16:03:26', '2024-08-16 16:03:26'),
(861, 'Producto 943', '758844', NULL, 1, 1, 1, 1, '50.00', '0.00', '0.00', '0.00', '100.00', '10.00', '25.00', '50.00', 0, 0, 1, 0, 1, '2024-08-16 16:03:26', '2024-08-16 16:03:26'),
(862, 'Producto 944', '758845', NULL, 1, 1, 1, 1, '50.00', '0.00', '0.00', '0.00', '100.00', '10.00', '25.00', '50.00', 0, 0, 1, 0, 1, '2024-08-16 16:03:26', '2024-08-16 16:03:26'),
(863, 'Producto 945', '758846', NULL, 1, 1, 1, 1, '50.00', '0.00', '0.00', '0.00', '100.00', '10.00', '25.00', '50.00', 0, 0, 1, 0, 1, '2024-08-16 16:03:26', '2024-08-16 16:03:26'),
(864, 'Producto 946', '758847', NULL, 1, 1, 1, 1, '50.00', '0.00', '0.00', '0.00', '100.00', '10.00', '25.00', '50.00', 0, 0, 1, 0, 1, '2024-08-16 16:03:26', '2024-08-16 16:03:26'),
(865, 'Producto 947', '758848', NULL, 1, 1, 1, 1, '50.00', '0.00', '0.00', '0.00', '100.00', '10.00', '25.00', '50.00', 0, 0, 1, 0, 1, '2024-08-16 16:03:26', '2024-08-16 16:03:26'),
(866, 'Producto 948', '758849', NULL, 1, 1, 1, 1, '50.00', '0.00', '0.00', '0.00', '100.00', '10.00', '25.00', '50.00', 0, 0, 1, 0, 1, '2024-08-16 16:03:26', '2024-08-16 16:03:26'),
(867, 'Producto 949', '758850', NULL, 1, 1, 1, 1, '50.00', '0.00', '0.00', '0.00', '100.00', '10.00', '25.00', '50.00', 0, 0, 1, 0, 1, '2024-08-16 16:03:26', '2024-08-16 16:03:26'),
(868, 'Producto 950', '758851', NULL, 1, 1, 1, 1, '50.00', '0.00', '0.00', '0.00', '100.00', '10.00', '25.00', '50.00', 0, 0, 1, 0, 1, '2024-08-16 16:03:26', '2024-08-16 16:03:26'),
(869, 'Producto 951', '758852', NULL, 1, 1, 1, 1, '50.00', '0.00', '0.00', '0.00', '100.00', '10.00', '25.00', '50.00', 0, 0, 1, 0, 1, '2024-08-16 16:03:26', '2024-08-16 16:03:26'),
(870, 'Producto 952', '758853', NULL, 1, 1, 1, 1, '50.00', '0.00', '0.00', '0.00', '100.00', '10.00', '25.00', '50.00', 0, 0, 1, 0, 1, '2024-08-16 16:03:26', '2024-08-16 16:03:26'),
(871, 'Producto 953', '758854', NULL, 1, 1, 1, 1, '50.00', '0.00', '0.00', '0.00', '100.00', '10.00', '25.00', '50.00', 0, 0, 1, 0, 1, '2024-08-16 16:03:26', '2024-08-16 16:03:26'),
(872, 'Producto 954', '758855', NULL, 1, 1, 1, 1, '50.00', '0.00', '0.00', '0.00', '100.00', '10.00', '25.00', '50.00', 0, 0, 1, 0, 1, '2024-08-16 16:03:26', '2024-08-16 16:03:26'),
(873, 'Producto 955', '758856', NULL, 1, 1, 1, 1, '50.00', '0.00', '0.00', '0.00', '100.00', '10.00', '25.00', '50.00', 0, 0, 1, 0, 1, '2024-08-16 16:03:26', '2024-08-16 16:03:26'),
(874, 'Producto 956', '758857', NULL, 1, 1, 1, 1, '50.00', '0.00', '0.00', '0.00', '100.00', '10.00', '25.00', '50.00', 0, 0, 1, 0, 1, '2024-08-16 16:03:26', '2024-08-16 16:03:26'),
(875, 'Producto 957', '758858', NULL, 1, 1, 1, 1, '50.00', '0.00', '0.00', '0.00', '100.00', '10.00', '25.00', '50.00', 0, 0, 1, 0, 1, '2024-08-16 16:03:26', '2024-08-16 16:03:26'),
(876, 'Producto 958', '758859', NULL, 1, 1, 1, 1, '50.00', '0.00', '0.00', '0.00', '100.00', '10.00', '25.00', '50.00', 0, 0, 1, 0, 1, '2024-08-16 16:03:26', '2024-08-16 16:03:26'),
(877, 'Producto 959', '758860', NULL, 1, 1, 1, 1, '50.00', '0.00', '0.00', '0.00', '100.00', '10.00', '25.00', '50.00', 0, 0, 1, 0, 1, '2024-08-16 16:03:26', '2024-08-16 16:03:26'),
(878, 'Producto 960', '758861', NULL, 1, 1, 1, 1, '50.00', '0.00', '0.00', '0.00', '100.00', '10.00', '25.00', '50.00', 0, 0, 1, 0, 1, '2024-08-16 16:03:26', '2024-08-16 16:03:26'),
(879, 'Producto 961', '758862', NULL, 1, 1, 1, 1, '50.00', '0.00', '0.00', '0.00', '100.00', '10.00', '25.00', '50.00', 0, 0, 1, 0, 1, '2024-08-16 16:03:26', '2024-08-16 16:03:26'),
(880, 'Producto 962', '758863', NULL, 1, 1, 1, 1, '50.00', '0.00', '0.00', '0.00', '100.00', '10.00', '25.00', '50.00', 0, 0, 1, 0, 1, '2024-08-16 16:03:26', '2024-08-16 16:03:26'),
(881, 'Producto 963', '758864', NULL, 1, 1, 1, 1, '50.00', '0.00', '0.00', '0.00', '100.00', '10.00', '25.00', '50.00', 0, 0, 1, 0, 1, '2024-08-16 16:03:26', '2024-08-16 16:03:26'),
(882, 'Producto 964', '758865', NULL, 1, 1, 1, 1, '50.00', '0.00', '0.00', '0.00', '100.00', '10.00', '25.00', '50.00', 0, 0, 1, 0, 1, '2024-08-16 16:03:26', '2024-08-16 16:03:26'),
(883, 'Producto 965', '758866', NULL, 1, 1, 1, 1, '50.00', '0.00', '0.00', '0.00', '100.00', '10.00', '25.00', '50.00', 0, 0, 1, 0, 1, '2024-08-16 16:03:26', '2024-08-16 16:03:26'),
(884, 'Producto 966', '758867', NULL, 1, 1, 1, 1, '50.00', '0.00', '0.00', '0.00', '100.00', '10.00', '25.00', '50.00', 0, 0, 1, 0, 1, '2024-08-16 16:03:26', '2024-08-16 16:03:26'),
(885, 'Producto 967', '758868', NULL, 1, 1, 1, 1, '50.00', '0.00', '0.00', '0.00', '100.00', '10.00', '25.00', '50.00', 0, 0, 1, 0, 1, '2024-08-16 16:03:26', '2024-08-16 16:03:26'),
(886, 'Producto 968', '758869', NULL, 1, 1, 1, 1, '50.00', '0.00', '0.00', '0.00', '100.00', '10.00', '25.00', '50.00', 0, 0, 1, 0, 1, '2024-08-16 16:03:26', '2024-08-16 16:03:26'),
(887, 'Producto 969', '758870', NULL, 1, 1, 1, 1, '50.00', '0.00', '0.00', '0.00', '100.00', '10.00', '25.00', '50.00', 0, 0, 1, 0, 1, '2024-08-16 16:03:26', '2024-08-16 16:03:26'),
(888, 'Producto 970', '758871', NULL, 1, 1, 1, 1, '50.00', '0.00', '0.00', '0.00', '100.00', '10.00', '25.00', '50.00', 0, 0, 1, 0, 1, '2024-08-16 16:03:26', '2024-08-16 16:03:26'),
(889, 'Producto 971', '758872', NULL, 1, 1, 1, 1, '50.00', '0.00', '0.00', '0.00', '100.00', '10.00', '25.00', '50.00', 0, 0, 1, 0, 1, '2024-08-16 16:03:26', '2024-08-16 16:03:26'),
(890, 'Producto 972', '758873', NULL, 1, 1, 1, 1, '50.00', '0.00', '0.00', '0.00', '100.00', '10.00', '25.00', '50.00', 0, 0, 1, 0, 1, '2024-08-16 16:03:26', '2024-08-16 16:03:26'),
(891, 'Producto 973', '758874', NULL, 1, 1, 1, 1, '50.00', '0.00', '0.00', '0.00', '100.00', '10.00', '25.00', '50.00', 0, 0, 1, 0, 1, '2024-08-16 16:03:26', '2024-08-16 16:03:26'),
(892, 'Producto 974', '758875', NULL, 1, 1, 1, 1, '50.00', '0.00', '0.00', '0.00', '100.00', '10.00', '25.00', '50.00', 0, 0, 1, 0, 1, '2024-08-16 16:03:26', '2024-08-16 16:03:26'),
(893, 'Producto 975', '758876', NULL, 1, 1, 1, 1, '50.00', '0.00', '0.00', '0.00', '100.00', '10.00', '25.00', '50.00', 0, 0, 1, 0, 1, '2024-08-16 16:03:26', '2024-08-16 16:03:26'),
(894, 'Producto 976', '758877', NULL, 1, 1, 1, 1, '50.00', '0.00', '0.00', '0.00', '100.00', '10.00', '25.00', '50.00', 0, 0, 1, 0, 1, '2024-08-16 16:03:26', '2024-08-16 16:03:26'),
(895, 'Producto 977', '758878', NULL, 1, 1, 1, 1, '50.00', '0.00', '0.00', '0.00', '100.00', '10.00', '25.00', '50.00', 0, 0, 1, 0, 1, '2024-08-16 16:03:26', '2024-08-16 16:03:26'),
(896, 'Producto 978', '758879', NULL, 1, 1, 1, 1, '50.00', '0.00', '0.00', '0.00', '100.00', '10.00', '25.00', '50.00', 0, 0, 1, 0, 1, '2024-08-16 16:03:26', '2024-08-16 16:03:26'),
(897, 'Producto 979', '758880', NULL, 1, 1, 1, 1, '50.00', '0.00', '0.00', '0.00', '100.00', '10.00', '25.00', '50.00', 0, 0, 1, 0, 1, '2024-08-16 16:03:26', '2024-08-16 16:03:26'),
(898, 'Producto 980', '758881', NULL, 1, 1, 1, 1, '50.00', '0.00', '0.00', '0.00', '100.00', '10.00', '25.00', '50.00', 0, 0, 1, 0, 1, '2024-08-16 16:03:26', '2024-08-16 16:03:26'),
(899, 'Producto 981', '758882', NULL, 1, 1, 1, 1, '50.00', '0.00', '0.00', '0.00', '100.00', '10.00', '25.00', '50.00', 0, 0, 1, 0, 1, '2024-08-16 16:03:26', '2024-08-16 16:03:26'),
(900, 'Producto 982', '758883', NULL, 1, 1, 1, 1, '50.00', '0.00', '0.00', '0.00', '100.00', '10.00', '25.00', '50.00', 0, 0, 1, 0, 1, '2024-08-16 16:03:26', '2024-08-16 16:03:26'),
(901, 'Producto 983', '758884', NULL, 1, 1, 1, 1, '50.00', '0.00', '0.00', '0.00', '100.00', '10.00', '25.00', '50.00', 0, 0, 1, 0, 1, '2024-08-16 16:03:26', '2024-08-16 16:03:26'),
(902, 'Producto 984', '758885', NULL, 1, 1, 1, 1, '50.00', '0.00', '0.00', '0.00', '100.00', '10.00', '25.00', '50.00', 0, 0, 1, 0, 1, '2024-08-16 16:03:26', '2024-08-16 16:03:26'),
(903, 'Producto 985', '758886', NULL, 1, 1, 1, 1, '50.00', '0.00', '0.00', '0.00', '100.00', '10.00', '25.00', '50.00', 0, 0, 1, 0, 1, '2024-08-16 16:03:26', '2024-08-16 16:03:26'),
(904, 'Producto 986', '758887', NULL, 1, 1, 1, 1, '50.00', '0.00', '0.00', '0.00', '100.00', '10.00', '25.00', '50.00', 0, 0, 1, 0, 1, '2024-08-16 16:03:26', '2024-08-16 16:03:26'),
(905, 'Producto 987', '758888', NULL, 1, 1, 1, 1, '50.00', '0.00', '0.00', '0.00', '100.00', '10.00', '25.00', '50.00', 0, 0, 1, 0, 1, '2024-08-16 16:03:26', '2024-08-16 16:03:26'),
(906, 'Producto 988', '758889', NULL, 1, 1, 1, 1, '50.00', '0.00', '0.00', '0.00', '100.00', '10.00', '25.00', '50.00', 0, 0, 1, 0, 1, '2024-08-16 16:03:26', '2024-08-16 16:03:26'),
(907, 'Producto 989', '758890', NULL, 1, 1, 1, 1, '50.00', '0.00', '0.00', '0.00', '100.00', '10.00', '25.00', '50.00', 0, 0, 1, 0, 1, '2024-08-16 16:03:26', '2024-08-16 16:03:26'),
(908, 'Producto 990', '758891', NULL, 1, 1, 1, 1, '50.00', '0.00', '0.00', '0.00', '100.00', '10.00', '25.00', '50.00', 0, 0, 1, 0, 1, '2024-08-16 16:03:26', '2024-08-16 16:03:26'),
(909, 'Producto 991', '758892', NULL, 1, 1, 1, 1, '50.00', '0.00', '0.00', '0.00', '100.00', '10.00', '25.00', '50.00', 0, 0, 1, 0, 1, '2024-08-16 16:03:26', '2024-08-16 16:03:26'),
(910, 'Producto 992', '758893', NULL, 1, 1, 1, 1, '50.00', '0.00', '0.00', '0.00', '100.00', '10.00', '25.00', '50.00', 0, 0, 1, 0, 1, '2024-08-16 16:03:26', '2024-08-16 16:03:26'),
(911, 'Producto 993', '758894', NULL, 1, 1, 1, 1, '50.00', '0.00', '0.00', '0.00', '100.00', '10.00', '25.00', '50.00', 0, 0, 1, 0, 1, '2024-08-16 16:03:26', '2024-08-16 16:03:26'),
(912, 'Producto 994', '758895', NULL, 1, 1, 1, 1, '50.00', '0.00', '0.00', '0.00', '100.00', '10.00', '25.00', '50.00', 0, 0, 1, 0, 1, '2024-08-16 16:03:26', '2024-08-16 16:03:26'),
(913, 'Producto 995', '758896', NULL, 1, 1, 1, 1, '50.00', '0.00', '0.00', '0.00', '100.00', '10.00', '25.00', '50.00', 0, 0, 1, 0, 1, '2024-08-16 16:03:26', '2024-08-16 16:03:26'),
(914, 'Producto 996', '758897', NULL, 1, 1, 1, 1, '50.00', '0.00', '0.00', '0.00', '100.00', '10.00', '25.00', '50.00', 0, 0, 1, 0, 1, '2024-08-16 16:03:26', '2024-08-16 16:03:26'),
(915, 'Producto 997', '758898', NULL, 1, 1, 1, 1, '50.00', '0.00', '0.00', '0.00', '100.00', '10.00', '25.00', '50.00', 0, 0, 1, 0, 1, '2024-08-16 16:03:26', '2024-08-16 16:03:26'),
(916, 'Producto 998', '758899', NULL, 1, 1, 1, 1, '50.00', '0.00', '0.00', '0.00', '100.00', '10.00', '25.00', '50.00', 0, 0, 1, 0, 1, '2024-08-16 16:03:26', '2024-08-16 16:03:26'),
(917, 'Producto 999', '758900', NULL, 1, 1, 1, 1, '50.00', '0.00', '0.00', '0.00', '100.00', '10.00', '25.00', '50.00', 0, 0, 1, 0, 1, '2024-08-16 16:03:26', '2024-08-16 16:03:26'),
(918, 'Producto 1000', '758901', NULL, 1, 1, 1, 1, '50.00', '0.00', '0.00', '0.00', '100.00', '10.00', '25.00', '50.00', 0, 0, 1, 0, 1, '2024-08-16 16:03:26', '2024-08-16 16:03:26'),
(919, 'Producto 1001', '758902', NULL, 1, 1, 1, 1, '50.00', '0.00', '0.00', '0.00', '100.00', '10.00', '25.00', '50.00', 0, 0, 1, 0, 1, '2024-08-16 16:03:26', '2024-08-16 16:03:26'),
(920, 'Producto 1002', '758903', NULL, 1, 1, 1, 1, '50.00', '0.00', '0.00', '0.00', '100.00', '10.00', '25.00', '50.00', 0, 0, 1, 0, 1, '2024-08-16 16:03:26', '2024-08-16 16:03:26'),
(921, 'Producto 1003', '758904', NULL, 1, 1, 1, 1, '50.00', '0.00', '0.00', '0.00', '100.00', '10.00', '25.00', '50.00', 0, 0, 1, 0, 1, '2024-08-16 16:03:26', '2024-08-16 16:03:26'),
(922, 'Producto 1004', '758905', NULL, 1, 1, 1, 1, '50.00', '0.00', '0.00', '0.00', '100.00', '10.00', '25.00', '50.00', 0, 0, 1, 0, 1, '2024-08-16 16:03:26', '2024-08-16 16:03:26'),
(923, 'Producto 1005', '758906', NULL, 1, 1, 1, 1, '50.00', '0.00', '0.00', '0.00', '100.00', '10.00', '25.00', '50.00', 0, 0, 1, 0, 1, '2024-08-16 16:03:26', '2024-08-16 16:03:26'),
(924, 'Producto 1006', '758907', NULL, 1, 1, 1, 1, '50.00', '0.00', '0.00', '0.00', '100.00', '10.00', '25.00', '50.00', 0, 0, 1, 0, 1, '2024-08-16 16:03:26', '2024-08-16 16:03:26'),
(925, 'Producto 1007', '758908', NULL, 1, 1, 1, 1, '50.00', '0.00', '0.00', '0.00', '100.00', '10.00', '25.00', '50.00', 0, 0, 1, 0, 1, '2024-08-16 16:03:26', '2024-08-16 16:03:26'),
(926, 'Producto 1008', '758909', NULL, 1, 1, 1, 1, '50.00', '0.00', '0.00', '0.00', '100.00', '10.00', '25.00', '50.00', 0, 0, 1, 0, 1, '2024-08-16 16:03:26', '2024-08-16 16:03:26'),
(927, 'Producto 1009', '758910', NULL, 1, 1, 1, 1, '50.00', '0.00', '0.00', '0.00', '100.00', '10.00', '25.00', '50.00', 0, 0, 1, 0, 1, '2024-08-16 16:03:26', '2024-08-16 16:03:26'),
(928, 'Producto 1010', '758911', NULL, 1, 1, 1, 1, '50.00', '0.00', '0.00', '0.00', '100.00', '10.00', '25.00', '50.00', 0, 0, 1, 0, 1, '2024-08-16 16:03:26', '2024-08-16 16:03:26'),
(929, 'Producto 1011', '758912', NULL, 1, 1, 1, 1, '50.00', '0.00', '0.00', '0.00', '100.00', '10.00', '25.00', '50.00', 0, 0, 1, 0, 1, '2024-08-16 16:03:26', '2024-08-16 16:03:26'),
(930, 'Producto 1012', '758913', NULL, 1, 1, 1, 1, '50.00', '0.00', '0.00', '0.00', '100.00', '10.00', '25.00', '50.00', 0, 0, 1, 0, 1, '2024-08-16 16:03:26', '2024-08-16 16:03:26'),
(931, 'Producto 1013', '758914', NULL, 1, 1, 1, 1, '50.00', '0.00', '0.00', '0.00', '100.00', '10.00', '25.00', '50.00', 0, 0, 1, 0, 1, '2024-08-16 16:03:26', '2024-08-16 16:03:26'),
(932, 'Producto 1014', '758915', NULL, 1, 1, 1, 1, '50.00', '0.00', '0.00', '0.00', '100.00', '10.00', '25.00', '50.00', 0, 0, 1, 0, 1, '2024-08-16 16:03:26', '2024-08-16 16:03:26'),
(933, 'Producto 1015', '758916', NULL, 1, 1, 1, 1, '50.00', '0.00', '0.00', '0.00', '100.00', '10.00', '25.00', '50.00', 0, 0, 1, 0, 1, '2024-08-16 16:03:26', '2024-08-16 16:03:26'),
(934, 'Producto 1016', '758917', NULL, 1, 1, 1, 1, '50.00', '0.00', '0.00', '0.00', '100.00', '10.00', '25.00', '50.00', 0, 0, 1, 0, 1, '2024-08-16 16:03:26', '2024-08-16 16:03:26'),
(935, 'Producto 1017', '758918', NULL, 1, 1, 1, 1, '50.00', '0.00', '0.00', '0.00', '100.00', '10.00', '25.00', '50.00', 0, 0, 1, 0, 1, '2024-08-16 16:03:26', '2024-08-16 16:03:26'),
(936, 'Producto 1018', '758919', NULL, 1, 1, 1, 1, '50.00', '0.00', '0.00', '0.00', '100.00', '10.00', '25.00', '50.00', 0, 0, 1, 0, 1, '2024-08-16 16:03:26', '2024-08-16 16:03:26'),
(937, 'Producto 1019', '758920', NULL, 1, 1, 1, 1, '50.00', '0.00', '0.00', '0.00', '100.00', '10.00', '25.00', '50.00', 0, 0, 1, 0, 1, '2024-08-16 16:03:26', '2024-08-16 16:03:26'),
(938, 'Producto 1020', '758921', NULL, 1, 1, 1, 1, '50.00', '0.00', '0.00', '0.00', '100.00', '10.00', '25.00', '50.00', 0, 0, 1, 0, 1, '2024-08-16 16:03:26', '2024-08-16 16:03:26'),
(939, 'Producto 1021', '758922', NULL, 1, 1, 1, 1, '50.00', '0.00', '0.00', '0.00', '100.00', '10.00', '25.00', '50.00', 0, 0, 1, 0, 1, '2024-08-16 16:03:26', '2024-08-16 16:03:26'),
(940, 'Producto 1022', '758923', NULL, 1, 1, 1, 1, '50.00', '0.00', '0.00', '0.00', '100.00', '10.00', '25.00', '50.00', 0, 0, 1, 0, 1, '2024-08-16 16:03:26', '2024-08-16 16:03:26'),
(941, 'Producto 1023', '758924', NULL, 1, 1, 1, 1, '50.00', '0.00', '0.00', '0.00', '100.00', '10.00', '25.00', '50.00', 0, 0, 1, 0, 1, '2024-08-16 16:03:26', '2024-08-16 16:03:26'),
(942, 'Producto 1024', '758925', NULL, 1, 1, 1, 1, '50.00', '0.00', '0.00', '0.00', '100.00', '10.00', '25.00', '50.00', 0, 0, 1, 0, 1, '2024-08-16 16:03:26', '2024-08-16 16:03:26'),
(943, 'Producto 1025', '758926', NULL, 1, 1, 1, 1, '50.00', '0.00', '0.00', '0.00', '100.00', '10.00', '25.00', '50.00', 0, 0, 1, 0, 1, '2024-08-16 16:03:26', '2024-08-16 16:03:26'),
(944, 'Producto 1026', '758927', NULL, 1, 1, 1, 1, '50.00', '0.00', '0.00', '0.00', '100.00', '10.00', '25.00', '50.00', 0, 0, 1, 0, 1, '2024-08-16 16:03:26', '2024-08-16 16:03:26'),
(945, 'Producto 1027', '758928', NULL, 1, 1, 1, 1, '50.00', '0.00', '0.00', '0.00', '100.00', '10.00', '25.00', '50.00', 0, 0, 1, 0, 1, '2024-08-16 16:03:26', '2024-08-16 16:03:26'),
(946, 'Producto 1028', '758929', NULL, 1, 1, 1, 1, '50.00', '0.00', '0.00', '0.00', '100.00', '10.00', '25.00', '50.00', 0, 0, 1, 0, 1, '2024-08-16 16:03:26', '2024-08-16 16:03:26'),
(947, 'Producto 1029', '758930', NULL, 1, 1, 1, 1, '50.00', '0.00', '0.00', '0.00', '100.00', '10.00', '25.00', '50.00', 0, 0, 1, 0, 1, '2024-08-16 16:03:26', '2024-08-16 16:03:26'),
(948, 'Producto 1030', '758931', NULL, 1, 1, 1, 1, '50.00', '0.00', '0.00', '0.00', '100.00', '10.00', '25.00', '50.00', 0, 0, 1, 0, 1, '2024-08-16 16:03:26', '2024-08-16 16:03:26'),
(949, 'Producto 1031', '758932', NULL, 1, 1, 1, 1, '50.00', '0.00', '0.00', '0.00', '100.00', '10.00', '25.00', '50.00', 0, 0, 1, 0, 1, '2024-08-16 16:03:26', '2024-08-16 16:03:26'),
(950, 'Producto 1032', '758933', NULL, 1, 1, 1, 1, '50.00', '0.00', '0.00', '0.00', '100.00', '10.00', '25.00', '50.00', 0, 0, 1, 0, 1, '2024-08-16 16:03:26', '2024-08-16 16:03:26'),
(951, 'Producto 1033', '758934', NULL, 1, 1, 1, 1, '50.00', '0.00', '0.00', '0.00', '100.00', '10.00', '25.00', '50.00', 0, 0, 1, 0, 1, '2024-08-16 16:03:26', '2024-08-16 16:03:26'),
(952, 'Producto 1034', '758935', NULL, 1, 1, 1, 1, '50.00', '0.00', '0.00', '0.00', '100.00', '10.00', '25.00', '50.00', 0, 0, 1, 0, 1, '2024-08-16 16:03:26', '2024-08-16 16:03:26'),
(953, 'Producto 1035', '758936', NULL, 1, 1, 1, 1, '50.00', '0.00', '0.00', '0.00', '100.00', '10.00', '25.00', '50.00', 0, 0, 1, 0, 1, '2024-08-16 16:03:26', '2024-08-16 16:03:26'),
(954, 'Producto 1036', '758937', NULL, 1, 1, 1, 1, '50.00', '0.00', '0.00', '0.00', '100.00', '10.00', '25.00', '50.00', 0, 0, 1, 0, 1, '2024-08-16 16:03:26', '2024-08-16 16:03:26'),
(955, 'Producto 1037', '758938', NULL, 1, 1, 1, 1, '50.00', '0.00', '0.00', '0.00', '100.00', '10.00', '25.00', '50.00', 0, 0, 1, 0, 1, '2024-08-16 16:03:26', '2024-08-16 16:03:26'),
(956, 'Producto 1038', '758939', NULL, 1, 1, 1, 1, '50.00', '0.00', '0.00', '0.00', '100.00', '10.00', '25.00', '50.00', 0, 0, 1, 0, 1, '2024-08-16 16:03:26', '2024-08-16 16:03:26'),
(957, 'Producto 1039', '758940', NULL, 1, 1, 1, 1, '50.00', '0.00', '0.00', '0.00', '100.00', '10.00', '25.00', '50.00', 0, 0, 1, 0, 1, '2024-08-16 16:03:26', '2024-08-16 16:03:26'),
(958, 'Producto 1040', '758941', NULL, 1, 1, 1, 1, '50.00', '0.00', '0.00', '0.00', '100.00', '10.00', '25.00', '50.00', 0, 0, 1, 0, 1, '2024-08-16 16:03:26', '2024-08-16 16:03:26'),
(959, 'Producto 1041', '758942', NULL, 1, 1, 1, 1, '50.00', '0.00', '0.00', '0.00', '100.00', '10.00', '25.00', '50.00', 0, 0, 1, 0, 1, '2024-08-16 16:03:26', '2024-08-16 16:03:26'),
(960, 'Producto 1042', '758943', NULL, 1, 1, 1, 1, '50.00', '0.00', '0.00', '0.00', '100.00', '10.00', '25.00', '50.00', 0, 0, 1, 0, 1, '2024-08-16 16:03:26', '2024-08-16 16:03:26'),
(961, 'Producto 1043', '758944', NULL, 1, 1, 1, 1, '50.00', '0.00', '0.00', '0.00', '100.00', '10.00', '25.00', '50.00', 0, 0, 1, 0, 1, '2024-08-16 16:03:26', '2024-08-16 16:03:26'),
(962, 'Producto 1044', '758945', NULL, 1, 1, 1, 1, '50.00', '0.00', '0.00', '0.00', '100.00', '10.00', '25.00', '50.00', 0, 0, 1, 0, 1, '2024-08-16 16:03:26', '2024-08-16 16:03:26'),
(963, 'Producto 1045', '758946', NULL, 1, 1, 1, 1, '50.00', '0.00', '0.00', '0.00', '100.00', '10.00', '25.00', '50.00', 0, 0, 1, 0, 1, '2024-08-16 16:03:26', '2024-08-16 16:03:26'),
(964, 'Producto 1046', '758947', NULL, 1, 1, 1, 1, '50.00', '0.00', '0.00', '0.00', '100.00', '10.00', '25.00', '50.00', 0, 0, 1, 0, 1, '2024-08-16 16:03:26', '2024-08-16 16:03:26'),
(965, 'Producto 1047', '758948', NULL, 1, 1, 1, 1, '50.00', '0.00', '0.00', '0.00', '100.00', '10.00', '25.00', '50.00', 0, 0, 1, 0, 1, '2024-08-16 16:03:26', '2024-08-16 16:03:26'),
(966, 'Producto 1048', '758949', NULL, 1, 1, 1, 1, '50.00', '0.00', '0.00', '0.00', '100.00', '10.00', '25.00', '50.00', 0, 0, 1, 0, 1, '2024-08-16 16:03:26', '2024-08-16 16:03:26'),
(967, 'Producto 1049', '758950', NULL, 1, 1, 1, 1, '50.00', '0.00', '0.00', '0.00', '100.00', '10.00', '25.00', '50.00', 0, 0, 1, 0, 1, '2024-08-16 16:03:26', '2024-08-16 16:03:26'),
(968, 'Producto 1050', '758951', NULL, 1, 1, 1, 1, '50.00', '0.00', '0.00', '0.00', '100.00', '10.00', '25.00', '50.00', 0, 0, 1, 0, 1, '2024-08-16 16:03:26', '2024-08-16 16:03:26'),
(969, 'Producto 1051', '758952', NULL, 1, 1, 1, 1, '50.00', '0.00', '0.00', '0.00', '100.00', '10.00', '25.00', '50.00', 0, 0, 1, 0, 1, '2024-08-16 16:03:26', '2024-08-16 16:03:26'),
(970, 'Producto 1052', '758953', 'fff', 1, 1, 1, 1, '50.00', '0.00', '0.00', '0.00', '100.00', '10.00', '25.00', '50.00', 0, 0, 1, 0, 1, '2024-08-16 16:03:26', '2024-08-31 10:37:15'),
(971, 'Producto 1053', '758954', 'fdgdfg', 1, 1, 1, 1, '5.00', '1.00', '2.00', '3.00', '4.00', '10.00', '25.00', '50.00', 0, 0, 1, 0, 1, '2024-08-16 16:03:26', '2024-08-31 10:38:28'),
(972, 'producto repuesto', '693483856556', 'producto repuesto', 1, 1, 1, 2, '1.00', '2.00', '3.00', '4.00', '5.00', '1.00', '2.00', '3.00', 0, 0, 0, 0, 1, '2024-09-12 21:37:06', '2024-09-12 21:37:06'),
(973, 'BALDE', '772037008644', 'BALDE', 1, 1, 1, 1, '12.00', '15.00', '17.00', '19.00', '20.00', '5.00', '10.00', '15.00', 1, 1, 0, 0, 1, '2024-09-15 16:42:13', '2024-09-21 00:39:07'),
(974, 'PRODUCTO', '344248722205', 'PRODUCTO', 1, 1, 1, 1, '10.00', '11.00', '12.00', '13.00', '14.00', '10.00', '20.00', '50.00', 0, 1, 0, 0, 1, '2024-09-22 04:36:30', '2024-09-22 04:42:18'),
(975, 'PRODUCTO PERECEDERO', '087725513604', 'PRODUCTO PERECEDERO', 1, 1, 1, 1, '20.00', '24.00', '26.00', '28.00', '40.00', '30.00', '35.00', '50.00', 1, 1, 0, 0, 1, '2024-09-22 04:44:35', '2024-09-22 04:44:35'),
(976, 'PERECEDERO 2', '562852470209', 'PERECEDERO 2', 1, 1, 1, 1, '1.00', '1.70', '2.00', '3.00', '4.00', '11.00', '22.00', '33.00', 1, 0, 0, 0, 1, '2024-09-24 03:24:45', '2024-09-24 03:24:45');

-- --------------------------------------------------------

--
-- Estructura de tabla para la tabla `proveedors`
--

CREATE TABLE `proveedors` (
  `id` bigint(20) UNSIGNED NOT NULL,
  `nombre` text DEFAULT NULL,
  `documento_id` bigint(20) UNSIGNED NOT NULL,
  `nro_documento` text DEFAULT NULL,
  `direccion` text DEFAULT NULL,
  `email` text DEFAULT NULL,
  `cuenta_bancaria` text DEFAULT NULL,
  `vendedor` text DEFAULT NULL,
  `telefono_vendedor` text DEFAULT NULL,
  `telefono` text DEFAULT NULL,
  `estado` tinyint(1) NOT NULL DEFAULT 1,
  `created_at` timestamp NULL DEFAULT NULL,
  `updated_at` timestamp NULL DEFAULT NULL
) ENGINE=InnoDB DEFAULT CHARSET=utf8mb4 COLLATE=utf8mb4_unicode_ci;

--
-- Volcado de datos para la tabla `proveedors`
--

INSERT INTO `proveedors` (`id`, `nombre`, `documento_id`, `nro_documento`, `direccion`, `email`, `cuenta_bancaria`, `vendedor`, `telefono_vendedor`, `telefono`, `estado`, `created_at`, `updated_at`) VALUES
(1, '1223', 1, '443', 'fdgfd', 'f', 'dgfdg', 'dfg', 'df', 'dfg', 1, '2024-03-04 20:22:44', '2024-03-04 20:24:59');

-- --------------------------------------------------------

--
-- Estructura de tabla para la tabla `servicios`
--

CREATE TABLE `servicios` (
  `id` bigint(20) UNSIGNED NOT NULL,
  `nombre` text DEFAULT NULL,
  `detalle` text DEFAULT NULL,
  `costo` decimal(8,2) NOT NULL,
  `precio_1` decimal(8,2) NOT NULL,
  `precio_2` decimal(8,2) NOT NULL,
  `precio_3` decimal(8,2) NOT NULL,
  `precio_4` decimal(8,2) NOT NULL,
  `estado` tinyint(1) NOT NULL DEFAULT 1,
  `created_at` timestamp NULL DEFAULT NULL,
  `updated_at` timestamp NULL DEFAULT NULL
) ENGINE=InnoDB DEFAULT CHARSET=utf8mb4 COLLATE=utf8mb4_unicode_ci;

--
-- Volcado de datos para la tabla `servicios`
--

INSERT INTO `servicios` (`id`, `nombre`, `detalle`, `costo`, `precio_1`, `precio_2`, `precio_3`, `precio_4`, `estado`, `created_at`, `updated_at`) VALUES
(1, 'as', 'saas', '1.00', '1.00', '2.00', '3.00', '4.00', 1, '2024-03-09 09:20:28', '2024-03-09 09:23:22'),
(2, 'service', 'service', '2.00', '3.00', '4.00', '5.00', '6.00', 1, '2024-07-17 02:05:27', '2024-07-17 02:05:27');

-- --------------------------------------------------------

--
-- Estructura de tabla para la tabla `sessions`
--

CREATE TABLE `sessions` (
  `id` varchar(255) NOT NULL,
  `user_id` bigint(20) UNSIGNED DEFAULT NULL,
  `ip_address` varchar(45) DEFAULT NULL,
  `user_agent` text DEFAULT NULL,
  `sucursal_selected` text DEFAULT NULL,
  `payload` longtext NOT NULL,
  `last_activity` int(11) NOT NULL
) ENGINE=InnoDB DEFAULT CHARSET=utf8mb4 COLLATE=utf8mb4_unicode_ci;

-- --------------------------------------------------------

--
-- Estructura de tabla para la tabla `sucursal_users`
--

CREATE TABLE `sucursal_users` (
  `id` bigint(20) UNSIGNED NOT NULL,
  `sucursal_id` bigint(20) UNSIGNED NOT NULL,
  `user_id` bigint(20) UNSIGNED NOT NULL,
  `estado` tinyint(1) NOT NULL DEFAULT 1,
  `created_at` timestamp NULL DEFAULT NULL,
  `updated_at` timestamp NULL DEFAULT NULL,
  `dashboard` tinyint(1) NOT NULL DEFAULT 1,
  `pos` tinyint(1) NOT NULL DEFAULT 1,
  `admin` tinyint(1) NOT NULL DEFAULT 1,
  `admin_configuracion` tinyint(1) NOT NULL DEFAULT 1,
  `admin_sucursal` tinyint(1) NOT NULL DEFAULT 1,
  `admin_documento` tinyint(1) NOT NULL DEFAULT 1,
  `admin_comprobante` tinyint(1) NOT NULL DEFAULT 1,
  `admin_formapago` tinyint(1) NOT NULL DEFAULT 1,
  `admin_personal` tinyint(1) NOT NULL DEFAULT 1,
  `producto` tinyint(1) NOT NULL DEFAULT 1,
  `producto_marca` tinyint(1) NOT NULL DEFAULT 1,
  `producto_categoria` tinyint(1) NOT NULL DEFAULT 1,
  `producto_medida` tinyint(1) NOT NULL DEFAULT 1,
  `producto_producto` tinyint(1) NOT NULL DEFAULT 1,
  `producto_perecedero` tinyint(1) NOT NULL DEFAULT 1,
  `producto_almacen` tinyint(1) NOT NULL DEFAULT 1,
  `producto_servicio` tinyint(1) NOT NULL DEFAULT 1,
  `compra` tinyint(1) NOT NULL DEFAULT 1,
  `compra_proveedor` tinyint(1) NOT NULL DEFAULT 1,
  `compra_compra` tinyint(1) NOT NULL DEFAULT 1,
  `compra_consulta_compra` tinyint(1) NOT NULL DEFAULT 1,
  `compra_historico_precio` tinyint(1) NOT NULL DEFAULT 1,
  `compra_cuentas_pagar` tinyint(1) NOT NULL DEFAULT 1,
  `compra_reporte` tinyint(1) NOT NULL DEFAULT 1,
  `compra_credito` tinyint(1) NOT NULL DEFAULT 1,
  `compra_pagar_credito` tinyint(1) NOT NULL DEFAULT 1,
  `compra_consulta_pago` tinyint(1) NOT NULL DEFAULT 1,
  `caja` tinyint(1) NOT NULL DEFAULT 1,
  `caja_asignacion` tinyint(1) NOT NULL DEFAULT 1,
  `caja_arqueo` tinyint(1) NOT NULL DEFAULT 1,
  `caja_movimiento` tinyint(1) NOT NULL DEFAULT 1,
  `caja_reporte` tinyint(1) NOT NULL DEFAULT 1,
  `cotizacion` tinyint(1) NOT NULL DEFAULT 1,
  `cotizacion_nueva` tinyint(1) NOT NULL DEFAULT 1,
  `cotizacion_consulta` tinyint(1) NOT NULL DEFAULT 1,
  `cotizacion_reporte` tinyint(1) NOT NULL DEFAULT 1,
  `preventa` tinyint(1) NOT NULL DEFAULT 1,
  `preventa_nueva` tinyint(1) NOT NULL DEFAULT 1,
  `preventa_consulta` tinyint(1) NOT NULL DEFAULT 1,
  `preventa_reporte` tinyint(1) NOT NULL DEFAULT 1,
  `venta` tinyint(1) NOT NULL DEFAULT 1,
  `venta_cliente` tinyint(1) NOT NULL DEFAULT 1,
  `venta_venta` tinyint(1) NOT NULL DEFAULT 1,
  `venta_venta_vendedor` tinyint(1) NOT NULL DEFAULT 1,
  `venta_consulta_venta` tinyint(1) NOT NULL DEFAULT 1,
  `venta_cuenta_cobrar` tinyint(1) NOT NULL DEFAULT 1,
  `venta_credito` tinyint(1) NOT NULL DEFAULT 1,
  `venta_reporte` tinyint(1) NOT NULL DEFAULT 1,
  `venta_abono` tinyint(1) NOT NULL DEFAULT 1,
  `venta_consulta_abono` tinyint(1) NOT NULL DEFAULT 1,
  `venta_fac_elec` tinyint(1) NOT NULL DEFAULT 1,
  `venta_fac_elec_anulada` tinyint(1) NOT NULL DEFAULT 1,
  `inventario` tinyint(1) NOT NULL DEFAULT 1,
  `inventario_general` tinyint(1) NOT NULL DEFAULT 1,
  `inventario_consulta_producto` tinyint(1) NOT NULL DEFAULT 1,
  `inventario_ajuste` tinyint(1) NOT NULL DEFAULT 1,
  `inventario_traspaso` tinyint(1) NOT NULL DEFAULT 1,
  `inventario_consulta_traspaso` tinyint(1) NOT NULL DEFAULT 1,
  `inventario_consulta_ajuste` tinyint(1) NOT NULL DEFAULT 1,
  `kardex` tinyint(1) NOT NULL DEFAULT 1,
  `kardex_producto` tinyint(1) NOT NULL DEFAULT 1,
  `kardex_valorizado` tinyint(1) NOT NULL DEFAULT 1,
  `kardex_valorizado_fecha` tinyint(1) NOT NULL DEFAULT 1,
  `producto_combo` tinyint(1) NOT NULL DEFAULT 1,
  `producto_combo_almacen` tinyint(1) NOT NULL DEFAULT 1,
  `kardex_combo` tinyint(1) NOT NULL DEFAULT 1,
  `fac_manual` int(11) NOT NULL DEFAULT 1,
  `fac_manual_consulta` int(11) NOT NULL DEFAULT 1
) ENGINE=InnoDB DEFAULT CHARSET=utf8mb4 COLLATE=utf8mb4_unicode_ci;

--
-- Volcado de datos para la tabla `sucursal_users`
--

INSERT INTO `sucursal_users` (`id`, `sucursal_id`, `user_id`, `estado`, `created_at`, `updated_at`, `dashboard`, `pos`, `admin`, `admin_configuracion`, `admin_sucursal`, `admin_documento`, `admin_comprobante`, `admin_formapago`, `admin_personal`, `producto`, `producto_marca`, `producto_categoria`, `producto_medida`, `producto_producto`, `producto_perecedero`, `producto_almacen`, `producto_servicio`, `compra`, `compra_proveedor`, `compra_compra`, `compra_consulta_compra`, `compra_historico_precio`, `compra_cuentas_pagar`, `compra_reporte`, `compra_credito`, `compra_pagar_credito`, `compra_consulta_pago`, `caja`, `caja_asignacion`, `caja_arqueo`, `caja_movimiento`, `caja_reporte`, `cotizacion`, `cotizacion_nueva`, `cotizacion_consulta`, `cotizacion_reporte`, `preventa`, `preventa_nueva`, `preventa_consulta`, `preventa_reporte`, `venta`, `venta_cliente`, `venta_venta`, `venta_venta_vendedor`, `venta_consulta_venta`, `venta_cuenta_cobrar`, `venta_credito`, `venta_reporte`, `venta_abono`, `venta_consulta_abono`, `venta_fac_elec`, `venta_fac_elec_anulada`, `inventario`, `inventario_general`, `inventario_consulta_producto`, `inventario_ajuste`, `inventario_traspaso`, `inventario_consulta_traspaso`, `inventario_consulta_ajuste`, `kardex`, `kardex_producto`, `kardex_valorizado`, `kardex_valorizado_fecha`, `producto_combo`, `producto_combo_almacen`, `kardex_combo`, `fac_manual`, `fac_manual_consulta`) VALUES
(1, 1, 1, 1, '2024-03-05 13:01:45', '2024-09-07 06:29:53', 1, 1, 1, 1, 1, 1, 1, 1, 1, 1, 1, 1, 1, 1, 1, 1, 1, 1, 1, 1, 1, 1, 1, 1, 1, 1, 1, 1, 1, 1, 1, 1, 1, 1, 1, 1, 1, 1, 1, 1, 1, 1, 1, 1, 1, 1, 1, 1, 1, 1, 1, 1, 1, 1, 1, 1, 1, 1, 1, 1, 1, 1, 1, 1, 1, 1, 1, 1),
(2, 2, 1, 0, '2024-03-05 13:08:58', '2024-08-04 21:06:58', 1, 1, 1, 1, 1, 1, 1, 1, 1, 1, 1, 1, 1, 1, 1, 1, 1, 1, 1, 1, 1, 1, 1, 1, 1, 1, 1, 1, 1, 1, 1, 1, 1, 1, 1, 1, 1, 1, 1, 1, 1, 1, 1, 1, 1, 1, 1, 1, 1, 1, 1, 1, 1, 1, 1, 1, 1, 1, 1, 1, 1, 1, 1, 1, 1, 1, 1, 1),
(3, 2, 1, 1, '2024-08-04 21:07:04', '2024-09-19 04:16:30', 1, 1, 1, 1, 1, 1, 1, 1, 1, 1, 1, 1, 1, 1, 1, 1, 1, 1, 1, 1, 1, 1, 1, 1, 1, 1, 1, 1, 1, 1, 1, 1, 1, 1, 1, 1, 1, 1, 1, 1, 1, 1, 1, 1, 1, 1, 1, 1, 1, 1, 1, 1, 1, 1, 1, 1, 1, 1, 1, 1, 1, 1, 1, 1, 1, 1, 1, 1),
(4, 4, 2, 1, '2024-09-21 00:22:36', '2024-09-21 00:23:14', 1, 1, 1, 1, 1, 1, 1, 1, 1, 0, 1, 1, 1, 1, 1, 1, 1, 0, 1, 1, 1, 1, 1, 1, 1, 1, 1, 0, 1, 1, 1, 1, 1, 1, 1, 1, 0, 1, 1, 1, 1, 1, 1, 1, 1, 1, 1, 1, 1, 1, 1, 1, 0, 1, 1, 1, 1, 1, 1, 1, 1, 1, 1, 1, 1, 1, 1, 1);

-- --------------------------------------------------------

--
-- Estructura de tabla para la tabla `tirajes`
--

CREATE TABLE `tirajes` (
  `id` bigint(20) UNSIGNED NOT NULL,
  `serie` text DEFAULT NULL,
  `fecha_resolucion` text DEFAULT NULL,
  `cantidad` int(11) NOT NULL DEFAULT 0,
  `sucursal_id` bigint(20) UNSIGNED NOT NULL,
  `comprobante_id` bigint(20) UNSIGNED NOT NULL,
  `estado` tinyint(1) NOT NULL DEFAULT 1,
  `created_at` timestamp NULL DEFAULT NULL,
  `updated_at` timestamp NULL DEFAULT NULL
) ENGINE=InnoDB DEFAULT CHARSET=utf8mb4 COLLATE=utf8mb4_unicode_ci;

--
-- Volcado de datos para la tabla `tirajes`
--

INSERT INTO `tirajes` (`id`, `serie`, `fecha_resolucion`, `cantidad`, `sucursal_id`, `comprobante_id`, `estado`, `created_at`, `updated_at`) VALUES
(1, NULL, NULL, 1, 1, 1, 0, '2024-02-25 18:14:52', '2024-02-25 18:34:05'),
(2, NULL, NULL, 1, 1, 1, 0, '2024-02-25 18:18:04', '2024-02-25 18:34:08'),
(3, 'F002', '121221', 100, 1, 1, 1, '2024-02-25 18:18:25', '2024-09-18 13:36:29'),
(4, 'F001', '1221', 5, 1, 1, 1, '2024-02-25 18:36:46', '2024-09-15 16:29:39'),
(5, 'F001', 'S', 2000, 2, 1, 1, '2024-06-05 14:50:04', '2024-06-05 14:50:04'),
(6, 'B001', '.', 1000, 2, 2, 1, '2024-06-07 18:16:38', '2024-06-07 18:16:38'),
(7, 'B001', '2019-12-10', 100, 1, 2, 1, '2024-09-21 00:06:14', '2024-09-21 00:06:14');

-- --------------------------------------------------------

--
-- Estructura de tabla para la tabla `traspaso_inventarios`
--

CREATE TABLE `traspaso_inventarios` (
  `id` bigint(20) UNSIGNED NOT NULL,
  `observacion` text DEFAULT NULL,
  `nro_traspaso` text DEFAULT NULL,
  `sucursal_id` bigint(20) UNSIGNED NOT NULL,
  `sucursal_envio_id` bigint(20) UNSIGNED NOT NULL,
  `almacen_id` bigint(20) UNSIGNED NOT NULL,
  `user_id` bigint(20) UNSIGNED NOT NULL,
  `fecha` datetime DEFAULT NULL,
  `estado` tinyint(1) NOT NULL DEFAULT 1,
  `created_at` timestamp NULL DEFAULT NULL,
  `updated_at` timestamp NULL DEFAULT NULL
) ENGINE=InnoDB DEFAULT CHARSET=utf8mb4 COLLATE=utf8mb4_unicode_ci;

--
-- Volcado de datos para la tabla `traspaso_inventarios`
--

INSERT INTO `traspaso_inventarios` (`id`, `observacion`, `nro_traspaso`, `sucursal_id`, `sucursal_envio_id`, `almacen_id`, `user_id`, `fecha`, `estado`, `created_at`, `updated_at`) VALUES
(1, '1111', '1', 1, 2, 8, 1, '2024-09-20 18:42:34', 1, '2024-09-20 23:42:34', '2024-09-20 23:42:34');

-- --------------------------------------------------------

--
-- Estructura de tabla para la tabla `traspaso_inventario_detalles`
--

CREATE TABLE `traspaso_inventario_detalles` (
  `id` bigint(20) UNSIGNED NOT NULL,
  `traspaso_inventario_id` bigint(20) UNSIGNED NOT NULL,
  `sucursal_id` bigint(20) UNSIGNED NOT NULL,
  `almacen_id` bigint(20) UNSIGNED NOT NULL,
  `user_id` bigint(20) UNSIGNED NOT NULL,
  `item_id` bigint(20) UNSIGNED NOT NULL,
  `producto_id` bigint(20) UNSIGNED NOT NULL,
  `item_movimiento_id` bigint(20) UNSIGNED NOT NULL,
  `cantidad` decimal(8,2) NOT NULL DEFAULT 0.00,
  `costo` decimal(8,2) NOT NULL,
  `precio_1` decimal(8,2) NOT NULL,
  `precio_2` decimal(8,2) NOT NULL,
  `precio_3` decimal(8,2) NOT NULL,
  `precio_4` decimal(8,2) NOT NULL,
  `estado` tinyint(1) NOT NULL DEFAULT 1,
  `created_at` timestamp NULL DEFAULT NULL,
  `updated_at` timestamp NULL DEFAULT NULL
) ENGINE=InnoDB DEFAULT CHARSET=utf8mb4 COLLATE=utf8mb4_unicode_ci;

--
-- Volcado de datos para la tabla `traspaso_inventario_detalles`
--

INSERT INTO `traspaso_inventario_detalles` (`id`, `traspaso_inventario_id`, `sucursal_id`, `almacen_id`, `user_id`, `item_id`, `producto_id`, `item_movimiento_id`, `cantidad`, `costo`, `precio_1`, `precio_2`, `precio_3`, `precio_4`, `estado`, `created_at`, `updated_at`) VALUES
(1, 1, 1, 2, 1, 982, 973, 1206, '1.00', '12.00', '15.00', '17.00', '19.00', '20.00', 1, '2024-09-20 23:42:34', '2024-09-20 23:42:34'),
(2, 1, 1, 2, 1, 19, 18, 1208, '1.00', '50.00', '1.00', '1.00', '2.00', '110.00', 1, '2024-09-20 23:42:34', '2024-09-20 23:42:34');

-- --------------------------------------------------------

--
-- Estructura de tabla para la tabla `ventas`
--

CREATE TABLE `ventas` (
  `id` bigint(20) UNSIGNED NOT NULL,
  `observacion` text DEFAULT NULL,
  `nro_venta` text DEFAULT NULL,
  `nro_tiraje` text DEFAULT NULL,
  `sucursal_id` bigint(20) UNSIGNED NOT NULL,
  `arqueo_id` bigint(20) UNSIGNED NOT NULL,
  `cliente_id` bigint(20) UNSIGNED NOT NULL,
  `tiraje_id` bigint(20) UNSIGNED NOT NULL,
  `formapago_id` bigint(20) UNSIGNED NOT NULL,
  `user_id` bigint(20) UNSIGNED NOT NULL,
  `tipo` int(11) NOT NULL DEFAULT 1,
  `precio_radio` int(11) NOT NULL DEFAULT 1,
  `recibido` decimal(8,2) NOT NULL DEFAULT 0.00,
  `cambio` decimal(8,2) NOT NULL DEFAULT 0.00,
  `total` decimal(8,2) NOT NULL DEFAULT 0.00,
  `sumas` decimal(8,2) NOT NULL DEFAULT 0.00,
  `subtotal` decimal(8,2) NOT NULL DEFAULT 0.00,
  `iva` decimal(8,2) NOT NULL DEFAULT 0.00,
  `exento` decimal(8,2) NOT NULL DEFAULT 0.00,
  `descuento` decimal(8,2) NOT NULL DEFAULT 0.00,
  `descuento_global` decimal(8,2) NOT NULL DEFAULT 0.00,
  `fecha` datetime DEFAULT NULL,
  `fecha_limite` datetime DEFAULT NULL,
  `estado` tinyint(1) NOT NULL DEFAULT 1,
  `created_at` timestamp NULL DEFAULT NULL,
  `updated_at` timestamp NULL DEFAULT NULL,
  `is_vigente` tinyint(1) NOT NULL DEFAULT 1,
  `campo` text DEFAULT NULL,
  `is_manual` tinyint(1) NOT NULL DEFAULT 0
) ENGINE=InnoDB DEFAULT CHARSET=utf8mb4 COLLATE=utf8mb4_unicode_ci;

--
-- Volcado de datos para la tabla `ventas`
--

INSERT INTO `ventas` (`id`, `observacion`, `nro_venta`, `nro_tiraje`, `sucursal_id`, `arqueo_id`, `cliente_id`, `tiraje_id`, `formapago_id`, `user_id`, `tipo`, `precio_radio`, `recibido`, `cambio`, `total`, `sumas`, `subtotal`, `iva`, `exento`, `descuento`, `descuento_global`, `fecha`, `fecha_limite`, `estado`, `created_at`, `updated_at`, `is_vigente`, `campo`, `is_manual`) VALUES
(1, NULL, '1', '1', 1, 5, 1, 3, 1, 1, 1, 4, '15.00', '0.00', '15.00', '15.00', '12.71', '2.29', '0.00', '0.00', '0.00', '2024-06-15 02:46:07', NULL, 1, '2024-06-15 07:46:07', '2024-06-15 07:46:07', 1, NULL, 0),
(2, NULL, '2', '2', 1, 5, 1, 3, 1, 1, 1, 4, '60.00', '0.00', '60.00', '60.00', '50.85', '9.15', '0.00', '0.00', '0.00', '2024-06-15 03:37:27', NULL, 1, '2024-06-15 08:37:27', '2024-06-15 08:37:27', 1, NULL, 0),
(3, NULL, '1', '1', 2, 8, 1, 5, 1, 1, 1, 4, '20.00', '0.00', '20.00', '0.00', '0.00', '0.00', '20.00', '0.00', '0.00', '2024-07-01 05:03:12', NULL, 1, '2024-07-01 10:03:12', '2024-07-01 10:03:12', 1, NULL, 0),
(4, NULL, '2', '2', 2, 8, 1, 5, 1, 1, 1, 4, '20.00', '0.00', '20.00', '0.00', '0.00', '0.00', '20.00', '0.00', '0.00', '2024-07-01 05:04:07', NULL, 1, '2024-07-01 10:04:07', '2024-07-01 10:04:07', 1, NULL, 0),
(5, NULL, '3', '3', 2, 8, 1, 5, 1, 1, 1, 4, '20.00', '0.00', '20.00', '0.00', '0.00', '0.00', '20.00', '0.00', '0.00', '2024-07-01 05:04:57', NULL, 1, '2024-07-01 10:04:57', '2024-07-01 10:04:57', 1, NULL, 0),
(6, NULL, '4', '4', 2, 8, 1, 5, 1, 1, 1, 4, '20.00', '0.00', '20.00', '0.00', '0.00', '0.00', '20.00', '0.00', '0.00', '2024-07-01 05:06:01', NULL, 1, '2024-07-01 10:06:01', '2024-07-01 10:06:01', 1, NULL, 0),
(7, NULL, '5', '5', 2, 8, 1, 5, 1, 1, 1, 4, '40.00', '20.00', '20.00', '0.00', '0.00', '0.00', '20.00', '0.00', '0.00', '2024-07-02 00:02:14', NULL, 1, '2024-07-02 05:02:14', '2024-07-02 05:02:14', 1, NULL, 0),
(8, NULL, '6', '6', 2, 8, 1, 5, 1, 1, 1, 4, '20.00', '0.00', '20.00', '0.00', '0.00', '0.00', '20.00', '0.00', '0.00', '2024-07-02 00:32:56', NULL, 1, '2024-07-02 05:32:56', '2024-07-02 05:32:56', 1, NULL, 0),
(9, NULL, '7', '7', 2, 8, 1, 5, 1, 1, 1, 4, '130.00', '0.00', '130.00', '0.00', '0.00', '0.00', '130.00', '0.00', '0.00', '2024-07-02 20:59:09', NULL, 1, '2024-07-03 01:59:09', '2024-07-03 01:59:09', 1, NULL, 0),
(10, NULL, '8', '8', 2, 8, 1, 5, 1, 1, 1, 4, '35.00', '0.00', '35.00', '0.00', '0.00', '0.00', '35.00', '0.00', '0.00', '2024-07-02 21:03:34', NULL, 1, '2024-07-03 02:03:34', '2024-07-03 02:03:34', 1, NULL, 0),
(11, NULL, '9', '9', 2, 8, 1, 5, 1, 1, 1, 4, '5.00', '0.00', '5.00', '0.00', '0.00', '0.00', '5.00', '0.00', '0.00', '2024-07-02 21:04:42', NULL, 1, '2024-07-03 02:04:42', '2024-07-03 02:04:42', 1, NULL, 0),
(12, NULL, '10', '10', 2, 8, 1, 5, 1, 1, 1, 4, '40.00', '0.00', '40.00', '0.00', '0.00', '0.00', '40.00', '0.00', '0.00', '2024-07-06 01:33:20', NULL, 1, '2024-07-06 06:33:20', '2024-07-06 06:33:20', 1, NULL, 0),
(13, NULL, '11', '11', 2, 8, 1, 5, 1, 1, 1, 4, '40.00', '0.00', '40.00', '0.00', '0.00', '0.00', '40.00', '0.00', '0.00', '2024-07-06 02:27:07', NULL, 1, '2024-07-06 07:27:07', '2024-07-06 07:27:07', 1, NULL, 0),
(14, NULL, '12', '12', 2, 8, 1, 5, 1, 1, 1, 4, '10.00', '0.00', '10.00', '0.00', '0.00', '0.00', '10.00', '0.00', '0.00', '2024-07-14 10:11:26', NULL, 1, '2024-07-14 15:11:26', '2024-07-14 15:11:26', 1, NULL, 0),
(15, NULL, '13', '13', 2, 8, 1, 5, 1, 1, 1, 4, '4.99', '0.00', '4.99', '0.00', '0.00', '0.00', '4.99', '0.00', '0.00', '2024-07-16 18:11:47', NULL, 1, '2024-07-16 23:11:47', '2024-07-16 23:11:47', 1, NULL, 0),
(16, NULL, '14', '14', 2, 8, 2, 5, 1, 1, 1, 4, '84.00', '0.00', '84.00', '84.00', '71.19', '12.81', '0.00', '0.00', '0.00', '2024-07-17 00:09:03', NULL, 1, '2024-07-17 05:09:03', '2024-07-17 05:09:03', 1, NULL, 0),
(17, NULL, '15', '15', 2, 8, 2, 5, 1, 1, 1, 4, '6.00', '0.00', '6.00', '6.00', '5.08', '0.92', '0.00', '0.00', '0.00', '2024-07-17 00:23:12', NULL, 1, '2024-07-17 05:23:12', '2024-07-17 05:23:12', 1, NULL, 0),
(18, NULL, '16', '16', 2, 8, 2, 5, 1, 1, 1, 4, '37.00', '0.00', '37.00', '32.00', '27.12', '4.88', '5.00', '0.00', '0.00', '2024-07-18 18:39:33', NULL, 1, '2024-07-18 23:39:33', '2024-07-18 23:39:33', 1, NULL, 0),
(19, NULL, '17', '17', 2, 8, 2, 5, 1, 1, 1, 4, '33.00', '0.00', '33.00', '28.00', '23.73', '4.27', '5.00', '0.00', '0.00', '2024-07-18 19:27:37', NULL, 1, '2024-07-19 00:27:37', '2024-07-19 00:27:37', 1, NULL, 0),
(20, NULL, '18', '18', 2, 8, 2, 5, 1, 1, 1, 4, '11.00', '0.00', '11.00', '6.00', '5.08', '0.92', '5.00', '0.00', '0.00', '2024-07-18 19:42:37', NULL, 1, '2024-07-19 00:42:37', '2024-07-19 00:42:37', 1, NULL, 0),
(21, NULL, '19', '1', 2, 8, 2, 1, 1, 1, 1, 4, '11.00', '0.00', '11.00', '6.00', '5.08', '0.92', '5.00', '0.00', '0.00', '2024-07-18 19:48:17', NULL, 1, '2024-07-19 00:48:17', '2024-07-19 00:48:17', 1, NULL, 0),
(22, NULL, '20', '19', 2, 8, 5, 5, 1, 1, 1, 4, '10.00', '0.00', '10.00', '0.00', '0.00', '0.00', '10.00', '0.00', '0.00', '2024-07-15 00:00:00', NULL, 1, '2024-07-19 00:59:39', '2024-07-19 00:59:39', 1, NULL, 0),
(23, NULL, '3', '3', 1, 5, 47, 3, 1, 1, 1, 4, '15.00', '0.00', '15.00', '15.00', '12.71', '2.29', '0.00', '0.00', '0.00', '2024-07-27 00:37:35', NULL, 1, '2024-07-27 05:37:35', '2024-07-27 05:37:35', 1, NULL, 0),
(24, NULL, '4', '4', 1, 5, 47, 3, 1, 1, 1, 4, '15.00', '0.00', '15.00', '15.00', '12.71', '2.29', '0.00', '0.00', '0.00', '2024-07-27 00:37:44', NULL, 1, '2024-07-27 05:37:44', '2024-07-27 05:37:44', 1, NULL, 0),
(25, NULL, '5', '5', 1, 5, 47, 3, 1, 1, 1, 4, '15.00', '0.00', '15.00', '15.00', '12.71', '2.29', '0.00', '0.00', '0.00', '2024-07-27 00:38:35', NULL, 1, '2024-07-27 05:38:35', '2024-07-27 05:38:35', 1, NULL, 0),
(26, NULL, '6', '6', 1, 5, 47, 3, 1, 1, 1, 4, '15.00', '0.00', '15.00', '15.00', '12.71', '2.29', '0.00', '0.00', '0.00', '2024-07-27 00:39:29', NULL, 1, '2024-07-27 05:39:29', '2024-07-27 05:39:29', 1, NULL, 0),
(27, NULL, '7', '7', 1, 5, 47, 3, 1, 1, 1, 4, '15.00', '0.00', '15.00', '15.00', '12.71', '2.29', '0.00', '0.00', '0.00', '2024-07-27 19:10:15', NULL, 1, '2024-07-28 00:10:15', '2024-07-28 00:10:15', 1, NULL, 0),
(28, NULL, '8', '8', 1, 5, 47, 3, 1, 1, 1, 4, '15.00', '0.00', '15.00', '15.00', '12.71', '2.29', '0.00', '0.00', '0.00', '2024-07-27 19:12:52', NULL, 1, '2024-07-28 00:12:52', '2024-07-28 00:12:52', 1, NULL, 0),
(29, NULL, '9', '9', 1, 5, 47, 3, 1, 1, 1, 4, '15.00', '0.00', '15.00', '15.00', '12.71', '2.29', '0.00', '0.00', '0.00', '2024-07-27 19:41:42', NULL, 1, '2024-07-28 00:41:42', '2024-07-28 00:41:42', 1, NULL, 0),
(30, NULL, '10', '10', 1, 5, 47, 3, 1, 1, 1, 4, '15.00', '0.00', '15.00', '15.00', '12.71', '2.29', '0.00', '0.00', '0.00', '2024-07-27 20:28:09', NULL, 1, '2024-07-28 01:28:09', '2024-07-28 01:28:09', 1, NULL, 0),
(31, NULL, '11', '11', 1, 5, 47, 3, 1, 1, 1, 4, '15.00', '0.00', '15.00', '15.00', '12.71', '2.29', '0.00', '0.00', '0.00', '2024-07-27 20:34:55', NULL, 1, '2024-07-28 01:34:55', '2024-07-28 01:34:55', 1, NULL, 0),
(32, NULL, '12', '12', 1, 5, 47, 3, 1, 1, 1, 4, '15.00', '0.00', '15.00', '15.00', '12.71', '2.29', '0.00', '0.00', '0.00', '2024-07-27 20:49:58', NULL, 1, '2024-07-28 01:49:58', '2024-07-28 01:49:58', 1, NULL, 0),
(33, NULL, '13', '13', 1, 5, 47, 3, 1, 1, 1, 4, '30.00', '0.00', '30.00', '30.00', '25.42', '4.58', '0.00', '0.00', '0.00', '2024-07-27 21:00:11', NULL, 1, '2024-07-28 02:00:11', '2024-07-28 02:00:11', 1, NULL, 0),
(34, NULL, '14', '14', 1, 9, 47, 3, 1, 1, 1, 4, '30.00', '0.00', '30.00', '30.00', '25.42', '4.58', '0.00', '0.00', '0.00', '2024-07-31 22:49:48', NULL, 1, '2024-08-01 03:49:48', '2024-08-01 03:49:48', 1, NULL, 0),
(35, NULL, '15', '15', 1, 9, 1, 3, 1, 1, 2, 4, '0.00', '0.00', '30.00', '30.00', '25.42', '4.58', '0.00', '0.00', '0.00', '2024-07-31 23:22:03', '2024-08-15 00:00:00', 1, '2024-08-01 04:22:03', '2024-08-02 15:01:51', 0, NULL, 0),
(36, NULL, '16', '16', 1, 10, 47, 3, 1, 1, 1, 4, '30.00', '0.00', '30.00', '30.00', '25.42', '4.58', '0.00', '0.00', '0.00', '2024-08-02 10:07:35', NULL, 1, '2024-08-02 15:07:35', '2024-08-02 15:07:43', 0, NULL, 0),
(37, NULL, '17', '17', 1, 10, 19, 3, 1, 1, 1, 4, '21.00', '0.00', '21.00', '21.00', '17.80', '3.20', '0.00', '0.00', '0.00', '2024-08-04 12:23:05', NULL, 1, '2024-08-04 17:23:05', '2024-08-04 17:23:05', 1, NULL, 0),
(38, NULL, '18', '18', 1, 10, 20, 3, 1, 1, 1, 4, '15.00', '0.00', '15.00', '15.00', '12.71', '2.29', '0.00', '0.00', '0.00', '2024-08-04 12:23:40', NULL, 1, '2024-08-04 17:23:40', '2024-08-04 17:23:40', 1, NULL, 0),
(39, NULL, '19', '19', 1, 10, 12, 3, 1, 1, 1, 4, '19.00', '0.00', '19.00', '19.00', '16.10', '2.90', '0.00', '0.00', '0.00', '2024-08-04 12:24:46', NULL, 1, '2024-08-04 17:24:46', '2024-08-04 17:24:46', 1, NULL, 0),
(40, '--', '20', '20', 1, 10, 19, 3, 1, 1, 1, 4, '42.00', '0.00', '42.00', '42.00', '35.59', '6.41', '0.00', '0.00', '0.00', '2024-08-04 12:28:20', NULL, 1, '2024-08-04 17:28:20', '2024-08-04 17:28:20', 1, NULL, 0),
(41, NULL, '21', '21', 1, 10, 47, 3, 1, 1, 1, 4, '15.00', '0.00', '15.00', '15.00', '12.71', '2.29', '0.00', '0.00', '0.00', '2024-08-04 13:31:38', NULL, 1, '2024-08-04 18:31:38', '2024-08-04 18:31:38', 1, NULL, 0),
(42, NULL, '22', '22', 1, 10, 47, 3, 1, 1, 1, 4, '10200.00', '0.00', '10200.00', '10200.00', '8644.07', '1555.93', '0.00', '0.00', '0.00', '2024-08-29 21:48:29', NULL, 1, '2024-08-30 02:48:29', '2024-08-30 02:48:29', 1, NULL, 0),
(43, NULL, '23', '23', 1, 10, 43, 3, 1, 1, 1, 4, '900.00', '0.00', '900.00', '900.00', '762.71', '137.29', '0.00', '0.00', '0.00', '2024-08-29 22:00:06', NULL, 1, '2024-08-30 03:00:06', '2024-08-30 03:00:06', 1, NULL, 0),
(44, NULL, '24', '24', 1, 10, 43, 3, 1, 1, 1, 4, '900.00', '0.00', '900.00', '900.00', '762.71', '137.29', '0.00', '0.00', '0.00', '2024-08-29 22:15:33', NULL, 1, '2024-08-30 03:15:33', '2024-08-30 03:15:33', 1, NULL, 0),
(45, NULL, '25', '25', 1, 10, 43, 3, 1, 1, 1, 4, '900.00', '0.00', '900.00', '900.00', '762.71', '137.29', '0.00', '0.00', '0.00', '2024-08-29 22:18:10', NULL, 1, '2024-08-30 03:18:10', '2024-08-30 03:18:10', 1, NULL, 0),
(46, NULL, '26', '26', 1, 10, 43, 3, 1, 1, 1, 4, '900.00', '0.00', '900.00', '900.00', '762.71', '137.29', '0.00', '0.00', '0.00', '2024-08-29 22:22:11', NULL, 0, '2024-08-30 03:22:11', '2024-08-30 03:22:13', 0, NULL, 0),
(47, NULL, '26', '26', 1, 10, 12, 3, 1, 1, 1, 4, '100.00', '0.00', '100.00', '100.00', '84.75', '15.25', '0.00', '0.00', '0.00', '2024-08-29 23:26:15', NULL, 0, '2024-08-30 04:26:15', '2024-08-30 04:26:16', 0, NULL, 0),
(48, NULL, '26', '26', 1, 10, 12, 3, 1, 1, 1, 4, '4.00', '0.00', '4.00', '4.00', '3.39', '0.61', '0.00', '0.00', '0.00', '2024-08-29 23:37:02', NULL, 0, '2024-08-30 04:37:02', '2024-08-30 04:37:04', 0, NULL, 0),
(49, NULL, '26', '26', 1, 10, 20, 3, 1, 1, 1, 4, '1627.00', '0.00', '1627.00', '1627.00', '1378.81', '248.19', '0.00', '0.00', '0.00', '2024-08-30 00:22:40', NULL, 1, '2024-08-30 05:22:40', '2024-08-30 05:22:40', 1, NULL, 0),
(50, NULL, '27', '2', 1, 10, 2, 1, 1, 1, 1, 4, '1000.00', '0.00', '1000.00', '1000.00', '847.46', '152.54', '0.00', '0.00', '0.00', '2024-09-08 16:26:11', NULL, 1, '2024-09-08 21:26:11', '2024-09-08 21:26:11', 1, NULL, 0),
(51, NULL, '28', '27', 1, 10, 12, 3, 1, 1, 1, 4, '15.00', '0.00', '15.00', '15.00', '12.71', '2.29', '0.00', '0.00', '0.00', '2024-09-09 00:44:03', NULL, 1, '2024-09-09 05:44:03', '2024-09-09 05:44:03', 1, NULL, 0),
(52, NULL, '29', '28', 1, 10, 20, 3, 1, 1, 1, 4, '220.00', '0.00', '220.00', '220.00', '186.44', '33.56', '0.00', '0.00', '0.00', '2024-09-10 03:32:07', NULL, 1, '2024-09-10 08:32:07', '2024-09-10 08:32:07', 1, 'aass', 0),
(53, NULL, '30', '29', 1, 10, 26, 3, 1, 1, 1, 4, '4.00', '0.00', '4.00', '4.00', '3.39', '0.61', '0.00', '0.00', '0.00', '2024-09-11 11:11:39', NULL, 1, '2024-09-11 16:11:39', '2024-09-11 16:11:39', 1, NULL, 0),
(54, NULL, '31', '30', 1, 10, 20, 3, 1, 1, 1, 4, '25.00', '0.00', '25.00', '15.00', '21.19', '3.81', '0.00', '0.00', '0.00', '2024-09-12 13:38:48', NULL, 1, '2024-09-12 18:38:48', '2024-09-12 18:38:48', 1, NULL, 0),
(55, NULL, '32', '31', 1, 10, 12, 3, 1, 1, 1, 4, '105.00', '0.00', '105.00', '100.00', '88.98', '16.02', '0.00', '0.00', '0.00', '2024-09-12 18:19:22', NULL, 1, '2024-09-12 23:19:22', '2024-09-12 23:19:22', 1, NULL, 0),
(56, NULL, '33', '32', 1, 10, 12, 3, 1, 1, 1, 4, '9.00', '0.00', '9.00', '4.00', '7.63', '1.37', '0.00', '0.00', '0.00', '2024-09-12 19:22:40', NULL, 0, '2024-09-13 00:22:40', '2024-09-13 00:22:42', 0, NULL, 0),
(57, NULL, '33', '32', 1, 10, 47, 3, 1, 1, 1, 4, '9.00', '0.00', '9.00', '4.00', '7.63', '1.37', '0.00', '0.00', '0.00', '2024-09-12 19:23:00', NULL, 1, '2024-09-13 00:23:00', '2024-09-13 00:23:00', 1, NULL, 0),
(58, NULL, '34', '33', 1, 10, 47, 3, 1, 1, 1, 4, '9.00', '0.00', '9.00', '4.00', '7.63', '1.37', '0.00', '0.00', '0.00', '2024-09-12 19:38:25', NULL, 1, '2024-09-13 00:38:25', '2024-09-13 00:38:25', 1, NULL, 0),
(59, NULL, '35', '34', 1, 10, 47, 3, 1, 1, 1, 4, '9.00', '0.00', '9.00', '4.00', '7.63', '1.37', '0.00', '0.00', '0.00', '2024-09-12 19:44:01', NULL, 1, '2024-09-13 00:44:01', '2024-09-13 00:44:01', 1, NULL, 0),
(60, NULL, '36', '35', 1, 10, 20, 3, 1, 1, 1, 4, '5.00', '0.00', '5.00', '0.00', '4.24', '0.76', '0.00', '0.00', '0.00', '2024-09-12 20:16:06', NULL, 1, '2024-09-13 01:16:06', '2024-09-13 01:16:06', 1, NULL, 0),
(61, NULL, '37', '36', 1, 10, 19, 3, 1, 1, 1, 4, '15.00', '0.00', '15.00', '0.00', '12.71', '2.29', '0.00', '0.00', '0.00', '2024-09-12 20:16:29', NULL, 1, '2024-09-13 01:16:29', '2024-09-13 01:16:29', 1, NULL, 0),
(62, NULL, '38', '37', 1, 10, 24, 3, 1, 1, 1, 4, '15.00', '0.00', '15.00', '0.00', '12.71', '2.29', '0.00', '0.00', '0.00', '2024-09-12 20:19:06', NULL, 1, '2024-09-13 01:19:06', '2024-09-13 01:19:06', 1, NULL, 0),
(63, NULL, '39', '38', 1, 10, 20, 3, 1, 1, 1, 4, '6.00', '0.00', '6.00', '0.00', '5.08', '0.92', '0.00', '0.00', '0.00', '2024-09-12 21:00:41', NULL, 1, '2024-09-13 02:00:41', '2024-09-13 02:00:41', 1, NULL, 0),
(64, NULL, '40', '39', 1, 10, 12, 3, 1, 1, 1, 4, '10.00', '0.00', '10.00', '0.00', '8.47', '1.53', '0.00', '0.00', '0.00', '2024-09-14 23:29:46', NULL, 1, '2024-09-15 04:29:46', '2024-09-15 04:29:46', 1, NULL, 0),
(65, NULL, '41', '40', 1, 10, 20, 3, 1, 1, 1, 4, '15.00', '0.00', '15.00', '15.00', '12.71', '2.29', '0.00', '0.00', '0.00', '2024-09-14 23:47:00', NULL, 1, '2024-09-15 04:47:00', '2024-09-15 04:47:00', 1, NULL, 0),
(66, NULL, '42', '41', 1, 10, 20, 3, 1, 1, 1, 4, '5.00', '0.00', '5.00', '0.00', '4.24', '0.76', '0.00', '0.00', '0.00', '2024-09-14 23:49:26', NULL, 1, '2024-09-15 04:49:26', '2024-09-15 04:49:26', 1, NULL, 0),
(67, NULL, '43', '42', 1, 10, 20, 3, 1, 1, 1, 4, '5.00', '0.00', '5.00', '0.00', '4.24', '0.76', '0.00', '0.00', '0.00', '2024-09-14 23:50:17', NULL, 1, '2024-09-15 04:50:17', '2024-09-15 04:50:17', 1, NULL, 0),
(68, NULL, '44', '43', 1, 10, 19, 3, 1, 1, 1, 4, '4.00', '0.00', '4.00', '4.00', '3.39', '0.61', '0.00', '0.00', '0.00', '2024-09-15 07:57:20', NULL, 1, '2024-09-15 12:57:20', '2024-09-15 12:57:20', 1, NULL, 0),
(69, NULL, '45', '44', 1, 10, 26, 3, 1, 1, 1, 4, '4.00', '0.00', '4.00', '4.00', '3.39', '0.61', '0.00', '0.00', '0.00', '2024-09-15 07:58:16', NULL, 1, '2024-09-15 12:58:16', '2024-09-15 12:58:16', 1, NULL, 0),
(70, NULL, '46', '1', 1, 10, 19, 4, 1, 1, 1, 4, '4.00', '0.00', '4.00', '4.00', '3.39', '0.61', '0.00', '0.00', '0.00', '2024-09-15 08:04:24', NULL, 1, '2024-09-15 13:04:24', '2024-09-15 13:04:24', 1, NULL, 0),
(71, NULL, '47', '2', 1, 10, 20, 4, 1, 1, 1, 4, '110.00', '0.00', '110.00', '110.00', '93.22', '16.78', '0.00', '0.00', '0.00', '2024-09-15 08:05:16', NULL, 1, '2024-09-15 13:05:16', '2024-09-15 13:05:16', 1, NULL, 0),
(72, NULL, '48', '3', 1, 10, 13, 4, 1, 1, 1, 4, '110.00', '0.00', '110.00', '110.00', '93.22', '16.78', '0.00', '0.00', '0.00', '2024-10-01 00:00:00', NULL, 1, '2024-09-15 13:05:39', '2024-09-15 13:05:39', 1, NULL, 0),
(73, NULL, '49', '45', 1, 10, 47, 3, 1, 1, 1, 4, '9.00', '0.00', '9.00', '4.00', '7.63', '1.37', '0.00', '0.00', '0.00', '2024-09-15 11:10:09', NULL, 1, '2024-09-15 16:10:09', '2024-09-15 16:10:09', 1, NULL, 0),
(74, NULL, '50', '4', 1, 10, 14, 4, 1, 1, 1, 4, '8.00', '0.00', '8.00', '8.00', '6.78', '1.22', '0.00', '0.00', '0.00', '2024-09-15 11:24:39', NULL, 1, '2024-09-15 16:24:39', '2024-09-15 16:24:39', 1, NULL, 0),
(75, NULL, '51', '5', 1, 10, 20, 4, 1, 1, 1, 4, '4.00', '0.00', '4.00', '4.00', '3.39', '0.61', '0.00', '0.00', '0.00', '2024-09-15 11:29:54', NULL, 1, '2024-09-15 16:29:54', '2024-09-15 16:29:54', 1, NULL, 0),
(76, NULL, '52', '46', 1, 10, 20, 3, 1, 1, 1, 4, '5.00', '0.00', '5.00', '0.00', '4.24', '0.76', '0.00', '0.00', '0.00', '2024-09-15 11:56:48', NULL, 1, '2024-09-15 16:56:48', '2024-09-15 16:56:48', 1, NULL, 0),
(77, NULL, '53', '47', 1, 10, 20, 3, 1, 1, 1, 4, '40.00', '0.00', '40.00', '40.00', '33.90', '6.10', '0.00', '0.00', '0.00', '2024-09-15 11:58:16', NULL, 1, '2024-09-15 16:58:16', '2024-09-15 16:58:16', 1, NULL, 0),
(78, NULL, '54', '48', 1, 10, 20, 3, 1, 1, 1, 4, '20.00', '0.00', '20.00', '20.00', '16.95', '3.05', '0.00', '0.00', '0.00', '2024-09-15 12:11:21', NULL, 1, '2024-09-15 17:11:21', '2024-09-15 17:11:21', 1, NULL, 0),
(79, NULL, '55', '49', 1, 10, 20, 3, 1, 1, 1, 4, '20.00', '0.00', '20.00', '20.00', '16.95', '3.05', '0.00', '0.00', '0.00', '2024-09-15 12:11:58', NULL, 1, '2024-09-15 17:11:58', '2024-09-15 17:11:58', 1, NULL, 0),
(80, NULL, '56', '50', 1, 10, 20, 3, 1, 1, 1, 4, '20.00', '0.00', '20.00', '20.00', '16.95', '3.05', '0.00', '0.00', '0.00', '2024-09-15 12:14:01', NULL, 1, '2024-09-15 17:14:01', '2024-09-15 17:14:01', 1, NULL, 0),
(81, NULL, '57', '51', 1, 10, 20, 3, 1, 1, 1, 4, '20.00', '0.00', '20.00', '20.00', '16.95', '3.05', '0.00', '0.00', '0.00', '2024-09-15 12:16:55', NULL, 1, '2024-09-15 17:16:55', '2024-09-15 17:16:55', 1, NULL, 0),
(82, NULL, '58', '52', 1, 10, 20, 3, 1, 1, 1, 4, '5.00', '0.00', '5.00', '0.00', '4.24', '0.76', '0.00', '0.00', '0.00', '2024-09-15 12:35:28', NULL, 1, '2024-09-15 17:35:28', '2024-09-15 17:35:28', 1, NULL, 0),
(83, NULL, '59', '53', 1, 10, 20, 3, 1, 1, 1, 4, '5.00', '0.00', '5.00', '0.00', '4.24', '0.76', '0.00', '0.00', '0.00', '2024-09-15 12:43:04', NULL, 1, '2024-09-15 17:43:04', '2024-09-15 17:43:04', 1, NULL, 0),
(84, NULL, '60', '54', 1, 10, 19, 3, 1, 1, 1, 4, '25.00', '0.00', '25.00', '20.00', '21.19', '3.81', '0.00', '0.00', '0.00', '2024-09-15 15:03:25', NULL, 1, '2024-09-15 20:03:25', '2024-09-15 20:03:25', 1, NULL, 0),
(85, NULL, '61', '55', 1, 10, 19, 3, 1, 1, 1, 4, '31.00', '0.00', '31.00', '26.00', '26.27', '4.73', '0.00', '0.00', '0.00', '2024-09-15 15:28:07', NULL, 1, '2024-09-15 20:28:07', '2024-09-15 20:28:07', 1, NULL, 0),
(86, NULL, '62', '56', 1, 10, 19, 3, 1, 1, 1, 4, '30.00', '0.00', '30.00', '20.00', '25.42', '4.58', '0.00', '0.00', '0.00', '2024-09-15 19:44:28', NULL, 1, '2024-09-16 00:44:28', '2024-09-16 00:44:28', 1, NULL, 0),
(87, NULL, '63', '57', 1, 10, 19, 3, 1, 1, 1, 4, '46.00', '0.00', '46.00', '26.00', '38.98', '7.02', '0.00', '0.00', '0.00', '2024-09-15 19:46:26', NULL, 1, '2024-09-16 00:46:26', '2024-09-16 00:46:26', 1, NULL, 0),
(88, NULL, '64', '58', 1, 10, 19, 3, 1, 1, 1, 4, '46.00', '0.00', '46.00', '26.00', '38.98', '7.02', '0.00', '0.00', '0.00', '2024-09-15 19:46:40', NULL, 1, '2024-09-16 00:46:40', '2024-09-16 00:46:40', 1, NULL, 0),
(89, NULL, '65', '59', 1, 10, 19, 3, 1, 1, 1, 4, '46.00', '0.00', '46.00', '26.00', '38.98', '7.02', '0.00', '0.00', '0.00', '2024-09-15 19:47:37', NULL, 1, '2024-09-16 00:47:37', '2024-09-16 00:47:37', 1, NULL, 0),
(90, NULL, '66', '60', 1, 10, 20, 3, 1, 1, 1, 4, '31.00', '0.00', '31.00', '26.00', '26.27', '4.73', '0.00', '0.00', '0.00', '2024-09-15 19:48:49', NULL, 1, '2024-09-16 00:48:49', '2024-09-16 00:48:49', 1, NULL, 0),
(91, NULL, '67', '61', 1, 10, 20, 3, 1, 1, 1, 4, '25.00', '0.00', '25.00', '15.00', '21.19', '3.81', '0.00', '0.00', '0.00', '2024-09-15 19:49:05', NULL, 1, '2024-09-16 00:49:05', '2024-09-16 00:49:05', 1, NULL, 0),
(92, NULL, '68', '62', 1, 10, 26, 3, 1, 1, 1, 4, '30.00', '0.00', '30.00', '20.00', '25.42', '4.58', '0.00', '0.00', '0.00', '2024-09-17 20:08:03', NULL, 1, '2024-09-18 01:08:03', '2024-09-18 01:08:03', 1, NULL, 0),
(93, NULL, '69', '63', 1, 10, 47, 3, 1, 1, 1, 4, '40.00', '0.00', '40.00', '40.00', '33.90', '6.10', '0.00', '0.00', '0.00', '2024-09-17 20:12:09', NULL, 1, '2024-09-18 01:12:09', '2024-09-18 01:12:09', 1, NULL, 0),
(94, NULL, '70', '64', 1, 10, 2, 3, 1, 1, 1, 4, '25.00', '0.00', '25.00', '20.00', '21.19', '3.81', '0.00', '0.00', '0.00', '2024-09-17 20:35:31', NULL, 1, '2024-09-18 01:35:31', '2024-09-18 01:35:31', 1, NULL, 0),
(95, NULL, '71', '65', 1, 10, 2, 3, 1, 1, 1, 4, '25.00', '0.00', '25.00', '20.00', '21.19', '3.81', '0.00', '0.00', '0.00', '2024-09-17 20:36:29', NULL, 1, '2024-09-18 01:36:29', '2024-09-18 01:36:29', 1, NULL, 0),
(96, NULL, '72', '66', 1, 10, 2, 3, 1, 1, 1, 4, '25.00', '0.00', '25.00', '20.00', '21.19', '3.81', '0.00', '0.00', '0.00', '2024-09-17 20:37:22', NULL, 1, '2024-09-18 01:37:22', '2024-09-18 01:37:22', 1, NULL, 0),
(97, NULL, '73', '67', 1, 10, 2, 3, 1, 1, 1, 4, '25.00', '0.00', '25.00', '20.00', '21.19', '3.81', '0.00', '0.00', '0.00', '2024-09-17 20:38:07', NULL, 1, '2024-09-18 01:38:07', '2024-09-18 01:38:07', 1, NULL, 0),
(98, NULL, '74', '68', 1, 10, 20, 3, 1, 1, 1, 4, '5.00', '0.00', '5.00', '0.00', '4.24', '0.76', '0.00', '0.00', '0.00', '2024-09-18 08:34:06', NULL, 1, '2024-09-18 13:34:06', '2024-09-18 13:34:06', 1, NULL, 0),
(99, NULL, '75', '69', 1, 10, 2, 3, 1, 1, 1, 4, '5.00', '0.00', '5.00', '0.00', '4.24', '0.76', '0.00', '0.00', '0.00', '2024-09-18 08:36:47', NULL, 1, '2024-09-18 13:36:47', '2024-09-18 13:36:47', 1, NULL, 0),
(100, NULL, '76', '70', 1, 10, 2, 3, 1, 1, 1, 4, '5.00', '0.00', '5.00', '0.00', '4.24', '0.76', '0.00', '0.00', '0.00', '2024-09-18 08:50:50', NULL, 1, '2024-09-18 13:50:50', '2024-09-18 13:50:50', 1, NULL, 0),
(101, NULL, '77', '71', 1, 10, 2, 3, 1, 1, 1, 4, '5.00', '0.00', '5.00', '0.00', '4.24', '0.76', '0.00', '0.00', '0.00', '2024-09-18 08:52:11', NULL, 1, '2024-09-18 13:52:11', '2024-09-18 13:52:11', 1, NULL, 0),
(102, NULL, '78', '72', 1, 10, 2, 3, 1, 1, 1, 4, '5.00', '0.00', '5.00', '0.00', '4.24', '0.76', '0.00', '0.00', '0.00', '2024-09-18 08:53:43', NULL, 1, '2024-09-18 13:53:43', '2024-09-18 13:53:43', 1, NULL, 0),
(103, NULL, '79', '73', 1, 10, 2, 3, 1, 1, 1, 4, '5.00', '0.00', '5.00', '0.00', '4.24', '0.76', '0.00', '0.00', '0.00', '2024-09-18 09:06:20', NULL, 1, '2024-09-18 14:06:20', '2024-09-18 14:06:20', 1, NULL, 0),
(104, NULL, '80', '74', 1, 10, 47, 3, 1, 1, 1, 4, '5.00', '0.00', '5.00', '0.00', '4.24', '0.76', '0.00', '0.00', '0.00', '2024-09-18 09:12:18', NULL, 1, '2024-09-18 14:12:18', '2024-09-18 14:12:18', 1, NULL, 0),
(105, NULL, '81', '75', 1, 10, 12, 3, 1, 1, 1, 4, '5.00', '0.00', '5.00', '0.00', '4.24', '0.76', '0.00', '0.00', '0.00', '2024-09-18 09:15:46', NULL, 1, '2024-09-18 14:15:46', '2024-09-18 14:15:46', 1, NULL, 0),
(106, NULL, '82', '76', 1, 10, 12, 3, 1, 1, 1, 4, '5.00', '0.00', '5.00', '0.00', '4.24', '0.76', '0.00', '0.00', '0.00', '2024-09-18 09:17:38', NULL, 1, '2024-09-18 14:17:38', '2024-09-18 14:17:38', 1, NULL, 0),
(107, NULL, '83', '77', 1, 10, 12, 3, 1, 1, 1, 4, '5.00', '0.00', '5.00', '0.00', '4.24', '0.76', '0.00', '0.00', '0.00', '2024-09-18 09:18:14', NULL, 1, '2024-09-18 14:18:14', '2024-09-18 14:18:14', 1, NULL, 0),
(108, NULL, '84', '78', 1, 10, 45, 3, 1, 1, 1, 4, '31.00', '0.00', '31.00', '26.00', '26.27', '4.73', '0.00', '0.00', '0.00', '2024-09-20 16:08:54', NULL, 1, '2024-09-20 21:08:54', '2024-09-20 21:08:54', 1, NULL, 0),
(109, NULL, '85', '79', 1, 10, 12, 3, 1, 1, 1, 4, '40.00', '0.00', '40.00', '40.00', '33.90', '6.10', '0.00', '0.00', '0.00', '2024-09-20 22:53:22', NULL, 1, '2024-09-21 03:53:22', '2024-09-21 03:53:22', 1, NULL, 0),
(110, NULL, '86', '80', 1, 10, 12, 3, 1, 1, 1, 4, '40.00', '0.00', '40.00', '40.00', '33.90', '6.10', '0.00', '0.00', '0.00', '2024-09-20 22:54:29', NULL, 1, '2024-09-21 03:54:29', '2024-09-21 03:54:29', 1, NULL, 0),
(111, NULL, '87', '81', 1, 10, 12, 3, 1, 1, 1, 4, '20.00', '0.00', '20.00', '20.00', '16.95', '3.05', '0.00', '0.00', '0.00', '2024-09-20 23:00:49', NULL, 1, '2024-09-21 04:00:49', '2024-09-21 04:00:49', 1, NULL, 0),
(112, NULL, '88', '82', 1, 10, 14, 3, 1, 1, 1, 4, '20.00', '0.00', '20.00', '20.00', '16.95', '3.05', '0.00', '0.00', '0.00', '2024-09-20 23:03:03', NULL, 1, '2024-09-21 04:03:03', '2024-09-21 04:03:03', 1, NULL, 0),
(113, NULL, '89', '83', 1, 10, 12, 3, 1, 1, 1, 4, '20.00', '0.00', '20.00', '20.00', '16.95', '3.05', '0.00', '0.00', '0.00', '2024-09-20 23:09:18', NULL, 1, '2024-09-21 04:09:18', '2024-09-21 04:09:18', 1, NULL, 0),
(114, NULL, '90', '84', 1, 10, 12, 3, 1, 1, 1, 4, '9.00', '0.00', '9.00', '4.00', '7.63', '1.37', '0.00', '0.00', '0.00', '2024-09-20 23:23:43', NULL, 1, '2024-09-21 04:23:43', '2024-09-21 04:23:43', 1, NULL, 0),
(115, NULL, '91', '85', 1, 10, 41, 3, 1, 1, 1, 4, '40.00', '0.00', '40.00', '40.00', '33.90', '6.10', '0.00', '0.00', '0.00', '2024-09-25 21:08:26', NULL, 1, '2024-09-26 02:08:26', '2024-09-26 02:08:26', 1, NULL, 0),
(116, NULL, '92', '86', 1, 10, 45, 3, 1, 1, 1, 4, '40.00', '0.00', '40.00', '40.00', '33.90', '6.10', '0.00', '0.00', '0.00', '2024-09-25 21:08:42', NULL, 1, '2024-09-26 02:08:42', '2024-09-26 02:08:42', 1, NULL, 0),
(117, NULL, '21', '20', 2, 8, 47, 5, 1, 1, 1, 4, '6.00', '0.00', '6.00', '6.00', '5.08', '0.92', '0.00', '0.00', '0.00', '2024-09-29 04:20:22', NULL, 0, '2024-09-29 09:20:22', '2024-09-29 09:20:23', 0, NULL, 0),
(118, NULL, '21', '20', 2, 8, 1, 5, 1, 1, 1, 4, '6.00', '0.00', '6.00', '6.00', '5.08', '0.92', '0.00', '0.00', '0.00', '2024-09-29 04:21:02', NULL, 0, '2024-09-29 09:21:02', '2024-09-29 09:21:03', 0, NULL, 0),
(119, NULL, '21', '20', 2, 8, 1, 5, 1, 1, 1, 4, '6.00', '0.00', '6.00', '6.00', '5.08', '0.92', '0.00', '0.00', '0.00', '2024-09-29 04:21:16', NULL, 1, '2024-09-29 09:21:16', '2024-09-29 09:21:16', 1, NULL, 0),
(120, NULL, '93', '87', 1, 10, 47, 3, 1, 1, 1, 4, '56.00', '0.00', '56.00', '56.00', '47.46', '8.54', '0.00', '0.00', '0.00', '2024-09-29 04:26:16', NULL, 1, '2024-09-29 09:26:16', '2024-09-29 09:26:16', 1, NULL, 0),
(121, NULL, '94', '88', 1, 10, 2, 3, 1, 1, 2, 4, '0.00', '0.00', '20.00', '20.00', '16.95', '3.05', '0.00', '0.00', '0.00', '2024-10-03 03:13:48', '2024-10-31 00:00:00', 1, '2024-10-03 08:13:48', '2024-10-03 08:13:48', 1, NULL, 0),
(122, NULL, '95', '89', 1, 10, 2, 3, 1, 1, 1, 4, '40.00', '0.00', '40.00', '40.00', '33.90', '6.10', '0.00', '0.00', '0.00', '2024-10-06 01:49:14', NULL, 1, '2024-10-06 06:49:14', '2024-10-06 06:49:14', 1, NULL, 0),
(123, NULL, '96', '90', 1, 10, 2, 3, 1, 1, 1, 4, '40.00', '0.00', '40.00', '40.00', '33.90', '6.10', '0.00', '0.00', '0.00', '2024-10-06 01:51:23', NULL, 1, '2024-10-06 06:51:23', '2024-10-06 06:51:23', 1, NULL, 0),
(124, NULL, '97', '91', 1, 10, 2, 3, 1, 1, 2, 4, '0.00', '0.00', '40.00', '40.00', '33.90', '6.10', '0.00', '0.00', '0.00', '2024-10-06 02:18:16', '2024-10-23 00:00:00', 1, '2024-10-06 07:18:16', '2024-10-06 07:18:16', 1, NULL, 0),
(125, NULL, '98', '92', 1, 10, 47, 3, 1, 1, 1, 4, '17.00', '0.00', '17.00', '17.00', '17.00', '0.00', '0.00', '0.00', '0.00', '2024-11-17 12:27:04', NULL, 1, '2024-11-17 17:27:04', '2024-11-17 17:27:04', 1, NULL, 0),
(126, NULL, '99', '93', 1, 10, 47, 3, 1, 1, 1, 4, '17.00', '0.00', '17.00', '17.00', '17.00', '0.00', '0.00', '0.00', '0.00', '2024-11-17 12:27:14', NULL, 1, '2024-11-17 17:27:14', '2024-11-17 17:27:14', 1, NULL, 0),
(127, NULL, '100', '94', 1, 10, 47, 3, 1, 1, 1, 4, '17.00', '0.00', '17.00', '17.00', '17.00', '0.00', '0.00', '0.00', '0.00', '2024-11-17 12:28:29', NULL, 1, '2024-11-17 17:28:29', '2024-11-17 17:28:29', 1, NULL, 0),
(128, NULL, '101', '95', 1, 10, 47, 3, 1, 1, 1, 4, '17.00', '0.00', '17.00', '17.00', '17.00', '0.00', '0.00', '0.00', '0.00', '2024-11-17 12:30:17', NULL, 1, '2024-11-17 17:30:17', '2024-11-17 17:30:17', 1, NULL, 0),
(129, 'jhonycre', '102', '96', 1, 10, 47, 3, 1, 1, 1, 4, '6.00', '0.00', '6.00', '6.00', '6.00', '0.00', '0.00', '0.00', '0.00', '2024-11-17 13:00:58', NULL, 1, '2024-11-17 18:00:58', '2024-11-17 18:00:58', 1, NULL, 0),
(130, NULL, '103', '97', 1, 10, 47, 3, 1, 1, 1, 4, '10.00', '1.50', '8.50', '8.50', '8.50', '0.00', '0.00', '0.00', '0.00', '2024-11-17 13:46:14', NULL, 1, '2024-11-17 18:46:14', '2024-11-17 18:46:14', 1, NULL, 0),
(131, NULL, '104', '98', 1, 10, 47, 3, 1, 1, 1, 4, '100.00', '90.00', '10.00', '10.00', '10.00', '0.00', '0.00', '0.00', '0.00', '2024-11-23 21:36:56', NULL, 1, '2024-11-24 02:36:56', '2024-11-24 02:36:56', 1, NULL, 1);

-- --------------------------------------------------------

--
-- Estructura de tabla para la tabla `venta_combos`
--

CREATE TABLE `venta_combos` (
  `id` bigint(20) UNSIGNED NOT NULL,
  `combo_id` bigint(20) UNSIGNED DEFAULT 1,
  `venta_id` bigint(20) UNSIGNED NOT NULL,
  `sucursal_id` bigint(20) UNSIGNED NOT NULL,
  `user_id` bigint(20) UNSIGNED NOT NULL,
  `combo_item_id` bigint(20) UNSIGNED NOT NULL,
  `cantidad` decimal(8,2) NOT NULL DEFAULT 0.00,
  `costo` decimal(8,2) NOT NULL,
  `precio_1` decimal(8,2) NOT NULL,
  `precio_2` decimal(8,2) NOT NULL,
  `precio_3` decimal(8,2) NOT NULL,
  `precio_4` decimal(8,2) NOT NULL,
  `descuento` decimal(8,2) NOT NULL,
  `total` decimal(8,2) NOT NULL,
  `estado` tinyint(1) NOT NULL DEFAULT 1,
  `created_at` timestamp NULL DEFAULT NULL,
  `updated_at` timestamp NULL DEFAULT NULL,
  `combo_item_movimiento_id` bigint(20) UNSIGNED DEFAULT NULL
) ENGINE=InnoDB DEFAULT CHARSET=utf8mb4 COLLATE=utf8mb4_unicode_ci;

--
-- Volcado de datos para la tabla `venta_combos`
--

INSERT INTO `venta_combos` (`id`, `combo_id`, `venta_id`, `sucursal_id`, `user_id`, `combo_item_id`, `cantidad`, `costo`, `precio_1`, `precio_2`, `precio_3`, `precio_4`, `descuento`, `total`, `estado`, `created_at`, `updated_at`, `combo_item_movimiento_id`) VALUES
(1, 1, 54, 1, 1, 1, '1.00', '1.00', '2.00', '3.00', '4.00', '5.00', '0.00', '5.00', 1, '2024-09-12 18:38:48', '2024-09-12 18:38:48', NULL),
(2, 1, 54, 1, 1, 3, '1.00', '1.00', '2.00', '3.00', '4.00', '5.00', '0.00', '5.00', 1, '2024-09-12 18:38:48', '2024-09-12 18:38:48', NULL),
(3, 1, 55, 1, 1, 1, '1.00', '1.00', '2.00', '3.00', '4.00', '5.00', '0.00', '5.00', 1, '2024-09-12 23:19:22', '2024-09-12 23:19:22', NULL),
(4, 1, 58, 1, 1, 3, '1.00', '1.00', '2.00', '3.00', '4.00', '5.00', '0.00', '5.00', 1, '2024-09-13 00:38:25', '2024-09-13 00:38:25', NULL),
(5, 1, 59, 1, 1, 2, '1.00', '1.00', '2.00', '3.00', '4.00', '5.00', '0.00', '5.00', 1, '2024-09-13 00:44:01', '2024-09-13 00:44:01', NULL),
(6, 1, 60, 1, 1, 2, '1.00', '1.00', '2.00', '3.00', '4.00', '5.00', '0.00', '5.00', 1, '2024-09-13 01:16:06', '2024-09-13 01:16:06', 7),
(7, 1, 61, 1, 1, 2, '3.00', '1.00', '2.00', '3.00', '4.00', '5.00', '0.00', '15.00', 1, '2024-09-13 01:16:29', '2024-09-13 01:16:29', 8),
(8, 1, 62, 1, 1, 2, '3.00', '1.00', '2.00', '3.00', '4.00', '5.00', '0.00', '15.00', 1, '2024-09-13 01:19:06', '2024-09-13 01:19:06', 9),
(9, 1, 63, 1, 1, 4, '1.00', '2.00', '3.00', '4.00', '5.00', '6.00', '0.00', '6.00', 1, '2024-09-13 02:00:41', '2024-09-13 02:00:41', 10),
(10, 5, 64, 1, 1, 3, '2.00', '1.00', '2.00', '3.00', '4.00', '5.00', '0.00', '10.00', 1, '2024-09-15 04:29:46', '2024-09-15 04:29:46', 13),
(11, 5, 66, 1, 1, 3, '1.00', '1.00', '2.00', '3.00', '4.00', '5.00', '0.00', '5.00', 1, '2024-09-15 04:49:26', '2024-09-15 04:49:26', 14),
(12, 5, 67, 1, 1, 3, '1.00', '1.00', '2.00', '3.00', '4.00', '5.00', '0.00', '5.00', 1, '2024-09-15 04:50:17', '2024-09-15 04:50:17', 15),
(13, 5, 73, 1, 1, 1, '1.00', '1.00', '2.00', '3.00', '4.00', '5.00', '0.00', '5.00', 1, '2024-09-15 16:10:09', '2024-09-15 16:10:09', 16),
(14, 5, 76, 1, 1, 1, '1.00', '1.00', '2.00', '3.00', '4.00', '5.00', '0.00', '5.00', 1, '2024-09-15 16:56:48', '2024-09-15 16:56:48', 17),
(15, 5, 82, 1, 1, 1, '1.00', '1.00', '2.00', '3.00', '4.00', '5.00', '0.00', '5.00', 1, '2024-09-15 17:35:28', '2024-09-15 17:35:28', 18),
(16, 5, 83, 1, 1, 1, '1.00', '1.00', '2.00', '3.00', '4.00', '5.00', '0.00', '5.00', 1, '2024-09-15 17:43:04', '2024-09-15 17:43:04', 19),
(17, 5, 84, 1, 1, 1, '1.00', '1.00', '2.00', '3.00', '4.00', '5.00', '0.00', '5.00', 1, '2024-09-15 20:03:25', '2024-09-15 20:03:25', 20),
(18, 5, 85, 1, 1, 1, '1.00', '1.00', '2.00', '3.00', '4.00', '5.00', '0.00', '5.00', 1, '2024-09-15 20:28:07', '2024-09-15 20:28:07', 21),
(19, 5, 89, 1, 1, 1, '1.00', '1.00', '2.00', '3.00', '4.00', '5.00', '0.00', '5.00', 1, '2024-09-16 00:47:37', '2024-09-16 00:47:37', NULL),
(20, 5, 89, 1, 1, 1, '2.00', '1.00', '2.00', '3.00', '4.00', '5.00', '0.00', '10.00', 1, '2024-09-16 00:47:37', '2024-09-16 00:47:37', NULL),
(21, 5, 89, 1, 1, 1, '2.00', '1.00', '2.00', '3.00', '4.00', '5.00', '0.00', '10.00', 1, '2024-09-16 00:47:37', '2024-09-16 00:47:37', NULL),
(22, 5, 91, 1, 1, 1, '2.00', '1.00', '2.00', '3.00', '4.00', '5.00', '0.00', '10.00', 1, '2024-09-16 00:49:05', '2024-09-16 00:49:05', NULL),
(23, 5, 92, 1, 1, 1, '2.00', '1.00', '2.00', '3.00', '4.00', '5.00', '0.00', '10.00', 1, '2024-09-18 01:08:03', '2024-09-18 01:08:03', 23),
(24, 5, 93, 1, 1, 1, '3.00', '1.00', '2.00', '3.00', '4.00', '5.00', '0.00', '15.00', 1, '2024-09-18 01:12:09', '2024-09-18 01:12:09', 22),
(25, 5, 95, 1, 1, 1, '1.00', '1.00', '2.00', '3.00', '4.00', '5.00', '0.00', '5.00', 1, '2024-09-18 01:36:29', '2024-09-18 01:36:29', 24),
(26, 5, 96, 1, 1, 1, '1.00', '1.00', '2.00', '3.00', '4.00', '5.00', '0.00', '5.00', 1, '2024-09-18 01:37:22', '2024-09-18 01:37:22', 24),
(27, 5, 97, 1, 1, 1, '1.00', '1.00', '2.00', '3.00', '4.00', '5.00', '0.00', '5.00', 1, '2024-09-18 01:38:07', '2024-09-18 01:38:07', 24),
(28, 5, 98, 1, 1, 1, '1.00', '1.00', '2.00', '3.00', '4.00', '5.00', '0.00', '5.00', 1, '2024-09-18 13:34:06', '2024-09-18 13:34:06', 26),
(29, 5, 99, 1, 1, 1, '1.00', '1.00', '2.00', '3.00', '4.00', '5.00', '0.00', '5.00', 1, '2024-09-18 13:36:47', '2024-09-18 13:36:47', 27),
(30, 5, 100, 1, 1, 9, '1.00', '1.00', '2.00', '3.00', '4.00', '5.00', '0.00', '5.00', 1, '2024-09-18 13:50:50', '2024-09-18 13:50:50', 28),
(31, 5, 101, 1, 1, 9, '1.00', '1.00', '2.00', '3.00', '4.00', '5.00', '0.00', '5.00', 1, '2024-09-18 13:52:11', '2024-09-18 13:52:11', 28),
(32, 5, 102, 1, 1, 9, '1.00', '1.00', '2.00', '3.00', '4.00', '5.00', '0.00', '5.00', 1, '2024-09-18 13:53:43', '2024-09-18 13:53:43', 28),
(33, 5, 103, 1, 1, 1, '1.00', '1.00', '2.00', '3.00', '4.00', '5.00', '0.00', '5.00', 1, '2024-09-18 14:06:20', '2024-09-18 14:06:20', NULL),
(34, 5, 104, 1, 1, 1, '1.00', '1.00', '2.00', '3.00', '4.00', '5.00', '0.00', '5.00', 1, '2024-09-18 14:12:18', '2024-09-18 14:12:18', NULL),
(35, 5, 105, 1, 1, 1, '1.00', '1.00', '2.00', '3.00', '4.00', '5.00', '0.00', '5.00', 1, '2024-09-18 14:15:46', '2024-09-18 14:15:46', NULL),
(36, 5, 106, 1, 1, 1, '1.00', '1.00', '2.00', '3.00', '4.00', '5.00', '0.00', '5.00', 1, '2024-09-18 14:17:38', '2024-09-18 14:17:38', NULL),
(37, 5, 107, 1, 1, 1, '1.00', '1.00', '2.00', '3.00', '4.00', '5.00', '0.00', '5.00', 1, '2024-09-18 14:18:14', '2024-09-18 14:18:14', NULL),
(38, 5, 108, 1, 1, 1, '1.00', '1.00', '2.00', '3.00', '4.00', '5.00', '0.00', '5.00', 1, '2024-09-20 21:08:54', '2024-09-20 21:08:54', 30),
(39, 5, 114, 1, 1, 1, '1.00', '1.00', '2.00', '3.00', '4.00', '5.00', '0.00', '5.00', 1, '2024-09-21 04:23:43', '2024-09-21 04:23:43', 31);

-- --------------------------------------------------------

--
-- Estructura de tabla para la tabla `venta_items`
--

CREATE TABLE `venta_items` (
  `id` bigint(20) UNSIGNED NOT NULL,
  `venta_id` bigint(20) UNSIGNED NOT NULL,
  `sucursal_id` bigint(20) UNSIGNED NOT NULL,
  `almacen_id` bigint(20) UNSIGNED NOT NULL,
  `user_id` bigint(20) UNSIGNED NOT NULL,
  `item_id` bigint(20) UNSIGNED NOT NULL,
  `producto_id` bigint(20) UNSIGNED NOT NULL,
  `item_movimiento_id` bigint(20) UNSIGNED NOT NULL,
  `cantidad` decimal(8,2) NOT NULL DEFAULT 0.00,
  `costo` decimal(8,2) NOT NULL,
  `precio_1` decimal(8,2) NOT NULL,
  `precio_2` decimal(8,2) NOT NULL,
  `precio_3` decimal(8,2) NOT NULL,
  `precio_4` decimal(8,2) NOT NULL,
  `estado` tinyint(1) NOT NULL DEFAULT 1,
  `created_at` timestamp NULL DEFAULT NULL,
  `updated_at` timestamp NULL DEFAULT NULL,
  `descuento` decimal(8,2) NOT NULL DEFAULT 0.00,
  `total` decimal(8,2) NOT NULL DEFAULT 0.00
) ENGINE=InnoDB DEFAULT CHARSET=utf8mb4 COLLATE=utf8mb4_unicode_ci;

--
-- Volcado de datos para la tabla `venta_items`
--

INSERT INTO `venta_items` (`id`, `venta_id`, `sucursal_id`, `almacen_id`, `user_id`, `item_id`, `producto_id`, `item_movimiento_id`, `cantidad`, `costo`, `precio_1`, `precio_2`, `precio_3`, `precio_4`, `estado`, `created_at`, `updated_at`, `descuento`, `total`) VALUES
(1, 1, 1, 2, 1, 3, 7, 9, '1.00', '23.00', '12.00', '13.00', '14.00', '15.00', 1, '2024-06-15 07:46:07', '2024-06-15 07:46:07', '0.00', '15.00'),
(2, 2, 1, 2, 1, 2, 7, 10, '4.00', '23.00', '12.00', '13.00', '14.00', '15.00', 1, '2024-06-15 08:37:27', '2024-06-15 08:37:27', '0.00', '60.00'),
(3, 4, 2, 8, 1, 3, 6, 18, '2.00', '2.00', '2.50', '3.00', '4.00', '5.00', 1, '2024-07-01 10:04:07', '2024-07-01 10:04:07', '0.00', '5.00'),
(4, 4, 2, 8, 1, 4, 6, 19, '2.00', '2.00', '2.50', '3.00', '4.00', '5.00', 1, '2024-07-01 10:04:07', '2024-07-01 10:04:07', '0.00', '10.00'),
(5, 4, 2, 8, 1, 5, 6, 20, '1.00', '2.00', '2.50', '3.00', '4.00', '5.00', 1, '2024-07-01 10:04:07', '2024-07-01 10:04:07', '0.00', '5.00'),
(6, 5, 2, 8, 1, 4, 6, 22, '2.00', '2.00', '2.50', '3.00', '4.00', '5.00', 1, '2024-07-01 10:04:57', '2024-07-01 10:04:57', '0.00', '5.00'),
(7, 5, 2, 8, 1, 4, 6, 23, '2.00', '2.00', '2.50', '3.00', '4.00', '5.00', 1, '2024-07-01 10:04:57', '2024-07-01 10:04:57', '0.00', '10.00'),
(8, 5, 2, 8, 1, 4, 6, 24, '1.00', '2.00', '2.50', '3.00', '4.00', '5.00', 1, '2024-07-01 10:04:57', '2024-07-01 10:04:57', '0.00', '5.00'),
(9, 6, 2, 8, 1, 4, 6, 26, '2.00', '2.00', '2.50', '3.00', '4.00', '5.00', 1, '2024-07-01 10:06:01', '2024-07-01 10:06:01', '0.00', '5.00'),
(10, 6, 2, 8, 1, 4, 6, 27, '2.00', '2.00', '2.50', '3.00', '4.00', '5.00', 1, '2024-07-01 10:06:01', '2024-07-01 10:06:01', '0.00', '10.00'),
(11, 6, 2, 8, 1, 4, 6, 28, '1.00', '2.00', '2.50', '3.00', '4.00', '5.00', 1, '2024-07-01 10:06:01', '2024-07-01 10:06:01', '0.00', '5.00'),
(12, 6, 2, 8, 1, 4, 6, 29, '1.00', '2.00', '2.50', '3.00', '4.00', '5.00', 1, '2024-07-01 10:06:01', '2024-07-01 10:06:01', '0.00', '5.00'),
(13, 7, 2, 8, 1, 4, 6, 30, '2.00', '2.00', '2.50', '3.00', '4.00', '5.00', 1, '2024-07-02 05:02:14', '2024-07-02 05:02:14', '0.00', '5.00'),
(14, 7, 2, 8, 1, 4, 6, 31, '2.00', '2.00', '2.50', '3.00', '4.00', '5.00', 1, '2024-07-02 05:02:14', '2024-07-02 05:02:14', '0.00', '10.00'),
(15, 7, 2, 8, 1, 4, 6, 32, '1.00', '2.00', '2.50', '3.00', '4.00', '5.00', 1, '2024-07-02 05:02:14', '2024-07-02 05:02:14', '0.00', '5.00'),
(16, 7, 2, 8, 1, 4, 6, 33, '1.00', '2.00', '2.50', '3.00', '4.00', '5.00', 1, '2024-07-02 05:02:14', '2024-07-02 05:02:14', '0.00', '5.00'),
(17, 8, 2, 8, 1, 4, 6, 34, '1.00', '2.00', '2.50', '3.00', '4.00', '5.00', 1, '2024-07-02 05:32:56', '2024-07-02 05:32:56', '0.00', '5.00'),
(18, 8, 2, 8, 1, 4, 6, 35, '3.00', '2.00', '2.50', '3.00', '4.00', '5.00', 1, '2024-07-02 05:32:56', '2024-07-02 05:32:56', '0.00', '15.00'),
(19, 9, 2, 8, 1, 4, 6, 36, '8.00', '2.00', '2.50', '3.00', '4.00', '5.00', 1, '2024-07-03 01:59:09', '2024-07-03 01:59:09', '0.00', '40.00'),
(20, 9, 2, 8, 1, 4, 6, 37, '16.00', '2.00', '2.50', '3.00', '4.00', '5.00', 1, '2024-07-03 01:59:09', '2024-07-03 01:59:09', '0.00', '80.00'),
(21, 9, 2, 8, 1, 4, 6, 38, '2.00', '2.00', '2.50', '3.00', '4.00', '5.00', 1, '2024-07-03 01:59:09', '2024-07-03 01:59:09', '0.00', '10.00'),
(22, 10, 2, 8, 1, 4, 6, 39, '5.00', '2.00', '2.50', '3.00', '4.00', '5.00', 1, '2024-07-03 02:03:34', '2024-07-03 02:03:34', '0.00', '25.00'),
(23, 10, 2, 8, 1, 4, 6, 40, '2.00', '2.00', '2.50', '3.00', '4.00', '5.00', 1, '2024-07-03 02:03:34', '2024-07-03 02:03:34', '0.00', '10.00'),
(24, 11, 2, 8, 1, 4, 6, 41, '1.00', '2.00', '2.50', '3.00', '4.00', '5.00', 1, '2024-07-03 02:04:42', '2024-07-03 02:04:42', '0.00', '5.00'),
(25, 12, 2, 8, 1, 4, 6, 47, '4.00', '2.00', '2.50', '3.00', '4.00', '5.00', 1, '2024-07-06 06:33:20', '2024-07-06 06:33:20', '0.00', '20.00'),
(26, 12, 2, 8, 1, 4, 6, 48, '8.00', '2.00', '2.50', '3.00', '4.00', '5.00', 1, '2024-07-06 06:33:20', '2024-07-06 06:33:20', '0.00', '40.00'),
(27, 13, 2, 8, 1, 4, 6, 51, '3.00', '2.00', '2.50', '3.00', '4.00', '5.00', 1, '2024-07-06 07:27:07', '2024-07-06 07:27:07', '0.00', '15.00'),
(28, 13, 2, 8, 1, 4, 6, 52, '5.00', '2.00', '2.50', '3.00', '4.00', '5.00', 1, '2024-07-06 07:27:07', '2024-07-06 07:27:07', '0.00', '25.00'),
(29, 14, 2, 8, 1, 4, 6, 62, '2.00', '2.00', '2.50', '3.00', '4.00', '5.00', 1, '2024-07-14 15:11:26', '2024-07-14 15:11:26', '0.00', '10.00'),
(30, 15, 2, 8, 1, 4, 6, 67, '1.00', '2.00', '2.50', '3.00', '4.00', '5.00', 1, '2024-07-16 23:11:47', '2024-07-16 23:11:47', '0.02', '4.99'),
(31, 18, 2, 8, 1, 4, 6, 72, '1.00', '2.00', '2.50', '3.00', '4.00', '5.00', 1, '2024-07-18 23:39:33', '2024-07-18 23:39:33', '0.00', '5.00'),
(32, 19, 2, 8, 1, 4, 6, 73, '1.00', '2.00', '2.50', '3.00', '4.00', '5.00', 1, '2024-07-19 00:27:37', '2024-07-19 00:27:37', '0.00', '5.00'),
(33, 20, 2, 8, 1, 4, 6, 77, '1.00', '2.00', '2.50', '3.00', '4.00', '5.00', 1, '2024-07-19 00:42:37', '2024-07-19 00:42:37', '0.00', '5.00'),
(34, 21, 2, 8, 1, 4, 6, 78, '1.00', '2.00', '2.50', '3.00', '4.00', '5.00', 1, '2024-07-19 00:48:17', '2024-07-19 00:48:17', '0.00', '5.00'),
(35, 22, 2, 8, 1, 4, 6, 79, '2.00', '2.00', '2.50', '3.00', '4.00', '5.00', 1, '2024-07-19 00:59:39', '2024-07-19 00:59:39', '0.00', '10.00'),
(36, 23, 1, 2, 1, 2, 7, 80, '1.00', '23.00', '12.00', '13.00', '14.00', '15.00', 1, '2024-07-27 05:37:35', '2024-07-27 05:37:35', '0.00', '15.00'),
(37, 24, 1, 2, 1, 2, 7, 81, '1.00', '23.00', '12.00', '13.00', '14.00', '15.00', 1, '2024-07-27 05:37:44', '2024-07-27 05:37:44', '0.00', '15.00'),
(38, 25, 1, 2, 1, 2, 7, 82, '1.00', '23.00', '12.00', '13.00', '14.00', '15.00', 1, '2024-07-27 05:38:35', '2024-07-27 05:38:35', '0.00', '15.00'),
(39, 26, 1, 2, 1, 1, 7, 83, '1.00', '23.00', '12.00', '13.00', '14.00', '15.00', 1, '2024-07-27 05:39:29', '2024-07-27 05:39:29', '0.00', '15.00'),
(40, 27, 1, 2, 1, 1, 7, 84, '1.00', '23.00', '12.00', '13.00', '14.00', '15.00', 1, '2024-07-28 00:10:15', '2024-07-28 00:10:15', '0.00', '15.00'),
(41, 28, 1, 2, 1, 1, 7, 85, '1.00', '23.00', '12.00', '13.00', '14.00', '15.00', 1, '2024-07-28 00:12:52', '2024-07-28 00:12:52', '0.00', '15.00'),
(42, 29, 1, 2, 1, 1, 7, 86, '1.00', '23.00', '12.00', '13.00', '14.00', '15.00', 1, '2024-07-28 00:41:42', '2024-07-28 00:41:42', '0.00', '15.00'),
(43, 30, 1, 2, 1, 1, 7, 87, '1.00', '23.00', '12.00', '13.00', '14.00', '15.00', 1, '2024-07-28 01:28:09', '2024-07-28 01:28:09', '0.00', '15.00'),
(44, 31, 1, 2, 1, 1, 7, 89, '1.00', '23.00', '12.00', '13.00', '14.00', '15.00', 1, '2024-07-28 01:34:55', '2024-07-28 01:34:55', '0.00', '15.00'),
(45, 32, 1, 2, 1, 1, 7, 90, '1.00', '23.00', '12.00', '13.00', '14.00', '15.00', 1, '2024-07-28 01:49:58', '2024-07-28 01:49:58', '0.00', '15.00'),
(46, 33, 1, 2, 1, 1, 7, 91, '2.00', '23.00', '12.00', '13.00', '14.00', '15.00', 1, '2024-07-28 02:00:11', '2024-07-28 02:00:11', '0.00', '30.00'),
(47, 34, 1, 2, 1, 1, 7, 92, '2.00', '23.00', '12.00', '13.00', '14.00', '15.00', 1, '2024-08-01 03:49:48', '2024-08-01 03:49:48', '0.00', '30.00'),
(48, 35, 1, 2, 1, 1, 7, 93, '2.00', '23.00', '12.00', '13.00', '14.00', '15.00', 1, '2024-08-01 04:22:03', '2024-08-01 04:22:03', '0.00', '30.00'),
(49, 36, 1, 2, 1, 1, 7, 94, '2.00', '23.00', '12.00', '13.00', '14.00', '15.00', 1, '2024-08-02 15:07:35', '2024-08-02 15:07:35', '0.00', '30.00'),
(50, 37, 1, 2, 1, 1, 7, 95, '1.00', '23.00', '12.00', '13.00', '14.00', '15.00', 1, '2024-08-04 17:23:05', '2024-08-04 17:23:05', '0.00', '15.00'),
(51, 38, 1, 2, 1, 1, 7, 96, '1.00', '23.00', '12.00', '13.00', '14.00', '15.00', 1, '2024-08-04 17:23:40', '2024-08-04 17:23:40', '0.00', '15.00'),
(52, 39, 1, 2, 1, 1, 7, 97, '1.00', '23.00', '12.00', '13.00', '14.00', '15.00', 1, '2024-08-04 17:24:46', '2024-08-04 17:24:46', '0.00', '15.00'),
(53, 40, 1, 2, 1, 1, 7, 98, '2.00', '23.00', '12.00', '13.00', '14.00', '15.00', 1, '2024-08-04 17:28:20', '2024-08-04 17:28:20', '0.00', '30.00'),
(54, 41, 1, 2, 1, 1, 7, 99, '1.00', '23.00', '12.00', '13.00', '14.00', '15.00', 1, '2024-08-04 18:31:38', '2024-08-04 18:31:38', '0.00', '15.00'),
(55, 42, 1, 2, 1, 972, 971, 1057, '10.00', '50.00', '0.00', '0.00', '0.00', '100.00', 1, '2024-08-30 02:48:29', '2024-08-30 02:48:29', '0.00', '1000.00'),
(56, 42, 1, 2, 1, 971, 970, 1058, '10.00', '50.00', '0.00', '0.00', '0.00', '100.00', 1, '2024-08-30 02:48:29', '2024-08-30 02:48:29', '0.00', '1000.00'),
(57, 42, 1, 2, 1, 970, 969, 1059, '10.00', '50.00', '0.00', '0.00', '0.00', '100.00', 1, '2024-08-30 02:48:29', '2024-08-30 02:48:29', '0.00', '1000.00'),
(58, 42, 1, 2, 1, 968, 967, 1060, '1.00', '50.00', '0.00', '0.00', '0.00', '100.00', 1, '2024-08-30 02:48:29', '2024-08-30 02:48:29', '0.00', '100.00'),
(59, 42, 1, 2, 1, 967, 966, 1061, '1.00', '50.00', '0.00', '0.00', '0.00', '100.00', 1, '2024-08-30 02:48:29', '2024-08-30 02:48:29', '0.00', '100.00'),
(60, 42, 1, 2, 1, 966, 965, 1062, '10.00', '50.00', '0.00', '0.00', '0.00', '100.00', 1, '2024-08-30 02:48:29', '2024-08-30 02:48:29', '0.00', '1000.00'),
(61, 42, 1, 2, 1, 964, 963, 1063, '10.00', '50.00', '0.00', '0.00', '0.00', '100.00', 1, '2024-08-30 02:48:29', '2024-08-30 02:48:29', '0.00', '1000.00'),
(62, 42, 1, 2, 1, 963, 962, 1064, '10.00', '50.00', '0.00', '0.00', '0.00', '100.00', 1, '2024-08-30 02:48:29', '2024-08-30 02:48:29', '0.00', '1000.00'),
(63, 42, 1, 2, 1, 962, 961, 1065, '10.00', '50.00', '0.00', '0.00', '0.00', '100.00', 1, '2024-08-30 02:48:29', '2024-08-30 02:48:29', '0.00', '1000.00'),
(64, 42, 1, 2, 1, 958, 957, 1066, '10.00', '50.00', '0.00', '0.00', '0.00', '100.00', 1, '2024-08-30 02:48:29', '2024-08-30 02:48:29', '0.00', '1000.00'),
(65, 42, 1, 2, 1, 957, 956, 1067, '10.00', '50.00', '0.00', '0.00', '0.00', '100.00', 1, '2024-08-30 02:48:29', '2024-08-30 02:48:29', '0.00', '1000.00'),
(66, 42, 1, 2, 1, 955, 954, 1068, '10.00', '50.00', '0.00', '0.00', '0.00', '100.00', 1, '2024-08-30 02:48:29', '2024-08-30 02:48:29', '0.00', '1000.00'),
(67, 43, 1, 2, 1, 964, 963, 1069, '1.00', '50.00', '0.00', '0.00', '0.00', '100.00', 1, '2024-08-30 03:00:06', '2024-08-30 03:00:06', '0.00', '100.00'),
(68, 43, 1, 2, 1, 965, 964, 1070, '1.00', '50.00', '0.00', '0.00', '0.00', '100.00', 1, '2024-08-30 03:00:06', '2024-08-30 03:00:06', '0.00', '100.00'),
(69, 43, 1, 2, 1, 966, 965, 1071, '1.00', '50.00', '0.00', '0.00', '0.00', '100.00', 1, '2024-08-30 03:00:06', '2024-08-30 03:00:06', '0.00', '100.00'),
(70, 43, 1, 2, 1, 967, 966, 1072, '1.00', '50.00', '0.00', '0.00', '0.00', '100.00', 1, '2024-08-30 03:00:06', '2024-08-30 03:00:06', '0.00', '100.00'),
(71, 43, 1, 2, 1, 968, 967, 1073, '1.00', '50.00', '0.00', '0.00', '0.00', '100.00', 1, '2024-08-30 03:00:06', '2024-08-30 03:00:06', '0.00', '100.00'),
(72, 43, 1, 2, 1, 969, 968, 1074, '1.00', '50.00', '0.00', '0.00', '0.00', '100.00', 1, '2024-08-30 03:00:06', '2024-08-30 03:00:06', '0.00', '100.00'),
(73, 43, 1, 2, 1, 970, 969, 1075, '1.00', '50.00', '0.00', '0.00', '0.00', '100.00', 1, '2024-08-30 03:00:06', '2024-08-30 03:00:06', '0.00', '100.00'),
(74, 43, 1, 2, 1, 972, 971, 1076, '1.00', '50.00', '0.00', '0.00', '0.00', '100.00', 1, '2024-08-30 03:00:06', '2024-08-30 03:00:06', '0.00', '100.00'),
(75, 43, 1, 2, 1, 971, 970, 1077, '1.00', '50.00', '0.00', '0.00', '0.00', '100.00', 1, '2024-08-30 03:00:06', '2024-08-30 03:00:06', '0.00', '100.00'),
(76, 44, 1, 2, 1, 964, 963, 1078, '1.00', '50.00', '0.00', '0.00', '0.00', '100.00', 1, '2024-08-30 03:15:33', '2024-08-30 03:15:33', '0.00', '100.00'),
(77, 44, 1, 2, 1, 965, 964, 1079, '1.00', '50.00', '0.00', '0.00', '0.00', '100.00', 1, '2024-08-30 03:15:33', '2024-08-30 03:15:33', '0.00', '100.00'),
(78, 44, 1, 2, 1, 966, 965, 1080, '1.00', '50.00', '0.00', '0.00', '0.00', '100.00', 1, '2024-08-30 03:15:33', '2024-08-30 03:15:33', '0.00', '100.00'),
(79, 44, 1, 2, 1, 967, 966, 1081, '1.00', '50.00', '0.00', '0.00', '0.00', '100.00', 1, '2024-08-30 03:15:33', '2024-08-30 03:15:33', '0.00', '100.00'),
(80, 44, 1, 2, 1, 968, 967, 1082, '1.00', '50.00', '0.00', '0.00', '0.00', '100.00', 1, '2024-08-30 03:15:33', '2024-08-30 03:15:33', '0.00', '100.00'),
(81, 44, 1, 2, 1, 969, 968, 1083, '1.00', '50.00', '0.00', '0.00', '0.00', '100.00', 1, '2024-08-30 03:15:33', '2024-08-30 03:15:33', '0.00', '100.00'),
(82, 44, 1, 2, 1, 970, 969, 1084, '1.00', '50.00', '0.00', '0.00', '0.00', '100.00', 1, '2024-08-30 03:15:33', '2024-08-30 03:15:33', '0.00', '100.00'),
(83, 44, 1, 2, 1, 972, 971, 1085, '1.00', '50.00', '0.00', '0.00', '0.00', '100.00', 1, '2024-08-30 03:15:33', '2024-08-30 03:15:33', '0.00', '100.00'),
(84, 44, 1, 2, 1, 971, 970, 1086, '1.00', '50.00', '0.00', '0.00', '0.00', '100.00', 1, '2024-08-30 03:15:33', '2024-08-30 03:15:33', '0.00', '100.00'),
(85, 45, 1, 2, 1, 964, 963, 1087, '1.00', '50.00', '0.00', '0.00', '0.00', '100.00', 1, '2024-08-30 03:18:10', '2024-08-30 03:18:10', '0.00', '100.00'),
(86, 45, 1, 2, 1, 965, 964, 1088, '1.00', '50.00', '0.00', '0.00', '0.00', '100.00', 1, '2024-08-30 03:18:10', '2024-08-30 03:18:10', '0.00', '100.00'),
(87, 45, 1, 2, 1, 966, 965, 1089, '1.00', '50.00', '0.00', '0.00', '0.00', '100.00', 1, '2024-08-30 03:18:10', '2024-08-30 03:18:10', '0.00', '100.00'),
(88, 45, 1, 2, 1, 967, 966, 1090, '1.00', '50.00', '0.00', '0.00', '0.00', '100.00', 1, '2024-08-30 03:18:10', '2024-08-30 03:18:10', '0.00', '100.00'),
(89, 45, 1, 2, 1, 968, 967, 1091, '1.00', '50.00', '0.00', '0.00', '0.00', '100.00', 1, '2024-08-30 03:18:10', '2024-08-30 03:18:10', '0.00', '100.00'),
(90, 45, 1, 2, 1, 969, 968, 1092, '1.00', '50.00', '0.00', '0.00', '0.00', '100.00', 1, '2024-08-30 03:18:10', '2024-08-30 03:18:10', '0.00', '100.00'),
(91, 45, 1, 2, 1, 970, 969, 1093, '1.00', '50.00', '0.00', '0.00', '0.00', '100.00', 1, '2024-08-30 03:18:10', '2024-08-30 03:18:10', '0.00', '100.00'),
(92, 45, 1, 2, 1, 972, 971, 1094, '1.00', '50.00', '0.00', '0.00', '0.00', '100.00', 1, '2024-08-30 03:18:10', '2024-08-30 03:18:10', '0.00', '100.00'),
(93, 45, 1, 2, 1, 971, 970, 1095, '1.00', '50.00', '0.00', '0.00', '0.00', '100.00', 1, '2024-08-30 03:18:10', '2024-08-30 03:18:10', '0.00', '100.00'),
(94, 46, 1, 2, 1, 964, 963, 1096, '1.00', '50.00', '0.00', '0.00', '0.00', '100.00', 1, '2024-08-30 03:22:11', '2024-08-30 03:22:11', '0.00', '100.00'),
(95, 46, 1, 2, 1, 965, 964, 1097, '1.00', '50.00', '0.00', '0.00', '0.00', '100.00', 1, '2024-08-30 03:22:11', '2024-08-30 03:22:11', '0.00', '100.00'),
(96, 46, 1, 2, 1, 966, 965, 1098, '1.00', '50.00', '0.00', '0.00', '0.00', '100.00', 1, '2024-08-30 03:22:11', '2024-08-30 03:22:11', '0.00', '100.00'),
(97, 46, 1, 2, 1, 967, 966, 1099, '1.00', '50.00', '0.00', '0.00', '0.00', '100.00', 1, '2024-08-30 03:22:11', '2024-08-30 03:22:11', '0.00', '100.00'),
(98, 46, 1, 2, 1, 968, 967, 1100, '1.00', '50.00', '0.00', '0.00', '0.00', '100.00', 1, '2024-08-30 03:22:11', '2024-08-30 03:22:11', '0.00', '100.00'),
(99, 46, 1, 2, 1, 969, 968, 1101, '1.00', '50.00', '0.00', '0.00', '0.00', '100.00', 1, '2024-08-30 03:22:11', '2024-08-30 03:22:11', '0.00', '100.00'),
(100, 46, 1, 2, 1, 970, 969, 1102, '1.00', '50.00', '0.00', '0.00', '0.00', '100.00', 1, '2024-08-30 03:22:11', '2024-08-30 03:22:11', '0.00', '100.00'),
(101, 46, 1, 2, 1, 972, 971, 1103, '1.00', '50.00', '0.00', '0.00', '0.00', '100.00', 1, '2024-08-30 03:22:11', '2024-08-30 03:22:11', '0.00', '100.00'),
(102, 46, 1, 2, 1, 971, 970, 1104, '1.00', '50.00', '0.00', '0.00', '0.00', '100.00', 1, '2024-08-30 03:22:11', '2024-08-30 03:22:11', '0.00', '100.00'),
(103, 47, 1, 2, 1, 969, 968, 1105, '1.00', '50.00', '0.00', '0.00', '0.00', '100.00', 1, '2024-08-30 04:26:15', '2024-08-30 04:26:15', '0.00', '100.00'),
(104, 48, 1, 3, 1, 18, 17, 1106, '1.00', '1.00', '2.00', '3.00', '43.00', '4.00', 1, '2024-08-30 04:37:02', '2024-08-30 04:37:02', '0.00', '4.00'),
(105, 49, 1, 3, 1, 18, 17, 1107, '2.00', '1.00', '2.00', '3.00', '43.00', '4.00', 1, '2024-08-30 05:22:40', '2024-08-30 05:22:40', '0.00', '8.00'),
(106, 49, 1, 2, 1, 19, 18, 1108, '1.00', '50.00', '0.00', '0.00', '0.00', '100.00', 1, '2024-08-30 05:22:40', '2024-08-30 05:22:40', '0.00', '100.00'),
(107, 49, 1, 3, 1, 17, 16, 1109, '1.00', '1.00', '2.00', '3.00', '43.00', '4.00', 1, '2024-08-30 05:22:40', '2024-08-30 05:22:40', '0.00', '4.00'),
(108, 49, 1, 2, 1, 1, 7, 1110, '1.00', '23.00', '12.00', '13.00', '14.00', '15.00', 1, '2024-08-30 05:22:40', '2024-08-30 05:22:40', '0.00', '15.00'),
(109, 49, 1, 2, 1, 21, 20, 1111, '1.00', '50.00', '0.00', '0.00', '0.00', '100.00', 1, '2024-08-30 05:22:40', '2024-08-30 05:22:40', '0.00', '100.00'),
(110, 49, 1, 2, 1, 22, 21, 1112, '1.00', '50.00', '0.00', '0.00', '0.00', '100.00', 1, '2024-08-30 05:22:40', '2024-08-30 05:22:40', '0.00', '100.00'),
(111, 49, 1, 2, 1, 23, 22, 1113, '1.00', '50.00', '0.00', '0.00', '0.00', '100.00', 1, '2024-08-30 05:22:40', '2024-08-30 05:22:40', '0.00', '100.00'),
(112, 49, 1, 2, 1, 35, 34, 1114, '1.00', '50.00', '0.00', '0.00', '0.00', '100.00', 1, '2024-08-30 05:22:40', '2024-08-30 05:22:40', '0.00', '100.00'),
(113, 49, 1, 2, 1, 34, 33, 1115, '1.00', '50.00', '0.00', '0.00', '0.00', '100.00', 1, '2024-08-30 05:22:40', '2024-08-30 05:22:40', '0.00', '100.00'),
(114, 49, 1, 2, 1, 33, 32, 1116, '1.00', '50.00', '0.00', '0.00', '0.00', '100.00', 1, '2024-08-30 05:22:40', '2024-08-30 05:22:40', '0.00', '100.00'),
(115, 49, 1, 2, 1, 32, 31, 1117, '1.00', '50.00', '0.00', '0.00', '0.00', '100.00', 1, '2024-08-30 05:22:40', '2024-08-30 05:22:40', '0.00', '100.00'),
(116, 49, 1, 2, 1, 39, 38, 1118, '1.00', '50.00', '0.00', '0.00', '0.00', '100.00', 1, '2024-08-30 05:22:40', '2024-08-30 05:22:40', '0.00', '100.00'),
(117, 49, 1, 2, 1, 38, 37, 1119, '1.00', '50.00', '0.00', '0.00', '0.00', '100.00', 1, '2024-08-30 05:22:40', '2024-08-30 05:22:40', '0.00', '100.00'),
(118, 49, 1, 2, 1, 123, 122, 1120, '1.00', '50.00', '0.00', '0.00', '0.00', '100.00', 1, '2024-08-30 05:22:40', '2024-08-30 05:22:40', '0.00', '100.00'),
(119, 49, 1, 2, 1, 122, 121, 1121, '1.00', '50.00', '0.00', '0.00', '0.00', '100.00', 1, '2024-08-30 05:22:40', '2024-08-30 05:22:40', '0.00', '100.00'),
(120, 49, 1, 2, 1, 121, 120, 1122, '1.00', '50.00', '0.00', '0.00', '0.00', '100.00', 1, '2024-08-30 05:22:40', '2024-08-30 05:22:40', '0.00', '100.00'),
(121, 49, 1, 2, 1, 120, 119, 1123, '1.00', '50.00', '0.00', '0.00', '0.00', '100.00', 1, '2024-08-30 05:22:40', '2024-08-30 05:22:40', '0.00', '100.00'),
(122, 49, 1, 2, 1, 131, 130, 1124, '1.00', '50.00', '0.00', '0.00', '0.00', '100.00', 1, '2024-08-30 05:22:40', '2024-08-30 05:22:40', '0.00', '100.00'),
(123, 49, 1, 2, 1, 130, 129, 1125, '1.00', '50.00', '0.00', '0.00', '0.00', '100.00', 1, '2024-08-30 05:22:40', '2024-08-30 05:22:40', '0.00', '100.00'),
(124, 50, 1, 2, 1, 972, 971, 1126, '10.00', '50.00', '0.00', '0.00', '0.00', '100.00', 1, '2024-09-08 21:26:11', '2024-09-08 21:26:11', '0.00', '1000.00'),
(125, 51, 1, 2, 1, 1, 7, 1127, '1.00', '23.00', '12.00', '13.00', '14.00', '15.00', 1, '2024-09-09 05:44:03', '2024-09-09 05:44:03', '0.00', '15.00'),
(126, 52, 1, 2, 1, 19, 18, 1128, '2.00', '50.00', '1.00', '1.00', '2.00', '110.00', 1, '2024-09-10 08:32:07', '2024-09-10 08:32:07', '0.00', '220.00'),
(127, 53, 1, 3, 1, 18, 17, 1129, '1.00', '1.00', '2.00', '3.00', '43.00', '4.00', 1, '2024-09-11 16:11:39', '2024-09-11 16:11:39', '0.00', '4.00'),
(128, 54, 1, 2, 1, 1, 7, 1130, '1.00', '23.00', '12.00', '13.00', '14.00', '15.00', 1, '2024-09-12 18:38:48', '2024-09-12 18:38:48', '0.00', '15.00'),
(129, 55, 1, 2, 1, 20, 19, 1132, '1.00', '50.00', '0.00', '0.00', '0.00', '100.00', 1, '2024-09-12 23:19:22', '2024-09-12 23:19:22', '0.00', '100.00'),
(130, 56, 1, 3, 1, 18, 17, 1133, '1.00', '1.00', '2.00', '3.00', '43.00', '4.00', 1, '2024-09-13 00:22:40', '2024-09-13 00:22:40', '0.00', '4.00'),
(131, 57, 1, 3, 1, 18, 17, 1134, '1.00', '1.00', '2.00', '3.00', '43.00', '4.00', 1, '2024-09-13 00:23:00', '2024-09-13 00:23:00', '0.00', '4.00'),
(132, 58, 1, 3, 1, 18, 17, 1135, '1.00', '1.00', '2.00', '3.00', '43.00', '4.00', 1, '2024-09-13 00:38:25', '2024-09-13 00:38:25', '0.00', '4.00'),
(133, 59, 1, 3, 1, 17, 16, 1136, '1.00', '1.00', '2.00', '3.00', '43.00', '4.00', 1, '2024-09-13 00:44:01', '2024-09-13 00:44:01', '0.00', '4.00'),
(134, 65, 1, 2, 1, 1, 7, 1140, '1.00', '23.00', '12.00', '13.00', '14.00', '15.00', 1, '2024-09-15 04:47:00', '2024-09-15 04:47:00', '0.00', '15.00'),
(135, 68, 1, 3, 1, 18, 17, 1144, '1.00', '1.00', '2.00', '3.00', '43.00', '4.00', 1, '2024-09-15 12:57:20', '2024-09-15 12:57:20', '0.00', '4.00'),
(136, 69, 1, 3, 1, 18, 17, 1145, '1.00', '1.00', '2.00', '3.00', '43.00', '4.00', 1, '2024-09-15 12:58:16', '2024-09-15 12:58:16', '0.00', '4.00'),
(137, 70, 1, 3, 1, 17, 16, 1146, '1.00', '1.00', '2.00', '3.00', '43.00', '4.00', 1, '2024-09-15 13:04:24', '2024-09-15 13:04:24', '0.00', '4.00'),
(138, 71, 1, 2, 1, 19, 18, 1147, '1.00', '50.00', '1.00', '1.00', '2.00', '110.00', 1, '2024-09-15 13:05:16', '2024-09-15 13:05:16', '0.00', '110.00'),
(139, 72, 1, 2, 1, 19, 18, 1148, '1.00', '50.00', '1.00', '1.00', '2.00', '110.00', 1, '2024-09-15 13:05:39', '2024-09-15 13:05:39', '0.00', '110.00'),
(140, 73, 1, 3, 1, 17, 16, 1149, '1.00', '1.00', '2.00', '3.00', '43.00', '4.00', 1, '2024-09-15 16:10:09', '2024-09-15 16:10:09', '0.00', '4.00'),
(141, 74, 1, 3, 1, 18, 17, 1151, '2.00', '1.00', '2.00', '3.00', '43.00', '4.00', 1, '2024-09-15 16:24:39', '2024-09-15 16:24:39', '0.00', '8.00'),
(142, 75, 1, 3, 1, 18, 17, 1152, '1.00', '1.00', '2.00', '3.00', '43.00', '4.00', 1, '2024-09-15 16:29:54', '2024-09-15 16:29:54', '0.00', '4.00'),
(143, 77, 1, 2, 1, 974, 973, 1156, '2.00', '12.00', '15.00', '17.00', '19.00', '20.00', 1, '2024-09-15 16:58:16', '2024-09-15 16:58:16', '0.00', '40.00'),
(144, 78, 1, 2, 1, 974, 973, 1157, '1.00', '12.00', '15.00', '17.00', '19.00', '20.00', 1, '2024-09-15 17:11:21', '2024-09-15 17:11:21', '0.00', '20.00'),
(145, 79, 1, 2, 1, 974, 973, 1158, '1.00', '12.00', '15.00', '17.00', '19.00', '20.00', 1, '2024-09-15 17:11:58', '2024-09-15 17:11:58', '0.00', '20.00'),
(146, 80, 1, 2, 1, 974, 973, 1159, '1.00', '12.00', '15.00', '17.00', '19.00', '20.00', 1, '2024-09-15 17:14:01', '2024-09-15 17:14:01', '0.00', '20.00'),
(147, 81, 1, 2, 1, 975, 973, 1160, '1.00', '12.00', '15.00', '17.00', '19.00', '20.00', 1, '2024-09-15 17:16:55', '2024-09-15 17:16:55', '0.00', '20.00'),
(148, 84, 1, 2, 1, 974, 973, 1163, '1.00', '12.00', '15.00', '17.00', '19.00', '20.00', 1, '2024-09-15 20:03:25', '2024-09-15 20:03:25', '0.00', '20.00'),
(149, 85, 1, 2, 1, 974, 973, 1165, '1.00', '12.00', '15.00', '17.00', '19.00', '20.00', 1, '2024-09-15 20:28:07', '2024-09-15 20:28:07', '0.00', '20.00'),
(150, 86, 1, 2, 1, 974, 973, 1172, '1.00', '12.00', '15.00', '17.00', '19.00', '20.00', 1, '2024-09-16 00:44:28', '2024-09-16 00:44:28', '0.00', '20.00'),
(151, 87, 1, 2, 1, 974, 973, 1171, '1.00', '12.00', '15.00', '17.00', '19.00', '20.00', 1, '2024-09-16 00:46:26', '2024-09-16 00:46:26', '0.00', '20.00'),
(152, 88, 1, 2, 1, 974, 973, 1171, '1.00', '12.00', '15.00', '17.00', '19.00', '20.00', 1, '2024-09-16 00:46:40', '2024-09-16 00:46:40', '0.00', '20.00'),
(153, 89, 1, 2, 1, 974, 973, 1171, '1.00', '12.00', '15.00', '17.00', '19.00', '20.00', 1, '2024-09-16 00:47:37', '2024-09-16 00:47:37', '0.00', '20.00'),
(154, 90, 1, 2, 1, 974, 973, 1173, '1.00', '12.00', '15.00', '17.00', '19.00', '20.00', 1, '2024-09-16 00:48:49', '2024-09-16 00:48:49', '0.00', '20.00'),
(155, 91, 1, 2, 1, 1, 7, 1174, '1.00', '23.00', '12.00', '13.00', '14.00', '15.00', 1, '2024-09-16 00:49:05', '2024-09-16 00:49:05', '0.00', '15.00'),
(156, 92, 1, 2, 1, 975, 973, 1190, '1.00', '12.00', '15.00', '17.00', '19.00', '20.00', 1, '2024-09-18 01:08:03', '2024-09-18 01:08:03', '0.00', '20.00'),
(157, 93, 1, 2, 1, 976, 973, 1189, '2.00', '12.00', '15.00', '17.00', '19.00', '20.00', 1, '2024-09-18 01:12:09', '2024-09-18 01:12:09', '0.00', '40.00'),
(158, 94, 1, 2, 1, 976, 973, 1192, '1.00', '12.00', '15.00', '17.00', '19.00', '20.00', 1, '2024-09-18 01:35:31', '2024-09-18 01:35:31', '0.00', '20.00'),
(159, 95, 1, 2, 1, 976, 973, 1192, '1.00', '12.00', '15.00', '17.00', '19.00', '20.00', 1, '2024-09-18 01:36:29', '2024-09-18 01:36:29', '0.00', '20.00'),
(160, 96, 1, 2, 1, 976, 973, 1192, '1.00', '12.00', '15.00', '17.00', '19.00', '20.00', 1, '2024-09-18 01:37:22', '2024-09-18 01:37:22', '0.00', '20.00'),
(161, 97, 1, 2, 1, 976, 973, 1192, '1.00', '12.00', '15.00', '17.00', '19.00', '20.00', 1, '2024-09-18 01:38:07', '2024-09-18 01:38:07', '0.00', '20.00'),
(162, 108, 1, 2, 1, 976, 973, 1204, '1.00', '12.00', '15.00', '17.00', '19.00', '20.00', 1, '2024-09-20 21:08:54', '2024-09-20 21:08:54', '0.00', '20.00'),
(163, 109, 1, 2, 1, 980, 973, 1211, '1.00', '12.00', '15.00', '17.00', '19.00', '20.00', 1, '2024-09-21 03:53:22', '2024-09-21 03:53:22', '0.00', '20.00'),
(164, 109, 1, 2, 1, 981, 973, 1212, '1.00', '12.00', '15.00', '17.00', '19.00', '20.00', 1, '2024-09-21 03:53:22', '2024-09-21 03:53:22', '0.00', '20.00'),
(165, 110, 1, 2, 1, 981, 973, 1213, '2.00', '12.00', '15.00', '17.00', '19.00', '20.00', 1, '2024-09-21 03:54:29', '2024-09-21 03:54:29', '0.00', '40.00'),
(166, 111, 1, 2, 1, 981, 973, 1214, '1.00', '12.00', '15.00', '17.00', '19.00', '20.00', 1, '2024-09-21 04:00:49', '2024-09-21 04:00:49', '0.00', '20.00'),
(167, 112, 1, 2, 1, 982, 973, 1215, '1.00', '12.00', '15.00', '17.00', '19.00', '20.00', 1, '2024-09-21 04:03:03', '2024-09-21 04:03:03', '0.00', '20.00'),
(168, 113, 1, 2, 1, 981, 973, 1216, '1.00', '12.00', '15.00', '17.00', '19.00', '20.00', 1, '2024-09-21 04:09:18', '2024-09-21 04:09:18', '0.00', '20.00'),
(169, 114, 1, 3, 1, 17, 16, 1217, '1.00', '1.00', '2.00', '3.00', '43.00', '4.00', 1, '2024-09-21 04:23:43', '2024-09-21 04:23:43', '0.00', '4.00'),
(170, 115, 1, 2, 1, 981, 973, 1226, '2.00', '12.00', '15.00', '17.00', '19.00', '20.00', 1, '2024-09-26 02:08:26', '2024-09-26 02:08:26', '0.00', '40.00'),
(171, 116, 1, 2, 1, 981, 973, 1227, '2.00', '12.00', '15.00', '17.00', '19.00', '20.00', 1, '2024-09-26 02:08:42', '2024-09-26 02:08:42', '0.00', '40.00'),
(172, 117, 2, 8, 1, 9, 13, 1231, '1.00', '2.00', '3.00', '4.00', '5.00', '6.00', 1, '2024-09-29 09:20:22', '2024-09-29 09:20:22', '0.00', '6.00'),
(173, 118, 2, 8, 1, 9, 13, 1232, '1.00', '2.00', '3.00', '4.00', '5.00', '6.00', 1, '2024-09-29 09:21:02', '2024-09-29 09:21:02', '0.00', '6.00'),
(174, 119, 2, 8, 1, 9, 13, 1233, '1.00', '2.00', '3.00', '4.00', '5.00', '6.00', 1, '2024-09-29 09:21:16', '2024-09-29 09:21:16', '0.00', '6.00'),
(175, 120, 1, 2, 1, 986, 974, 1234, '4.00', '10.00', '11.00', '12.00', '13.00', '14.00', 1, '2024-09-29 09:26:16', '2024-09-29 09:26:16', '0.00', '56.00'),
(176, 121, 1, 2, 1, 982, 973, 1235, '1.00', '12.00', '15.00', '17.00', '19.00', '20.00', 1, '2024-10-03 08:13:48', '2024-10-03 08:13:48', '0.00', '20.00'),
(177, 122, 1, 2, 1, 985, 973, 1236, '2.00', '12.00', '15.00', '17.00', '19.00', '20.00', 1, '2024-10-06 06:49:14', '2024-10-06 06:49:14', '0.00', '40.00'),
(178, 123, 1, 2, 1, 982, 973, 1237, '2.00', '12.00', '15.00', '17.00', '19.00', '20.00', 1, '2024-10-06 06:51:23', '2024-10-06 06:51:23', '0.00', '40.00'),
(179, 124, 1, 2, 1, 982, 973, 1238, '2.00', '12.00', '15.00', '17.00', '19.00', '20.00', 1, '2024-10-06 07:18:16', '2024-10-06 07:18:16', '0.00', '40.00');

-- --------------------------------------------------------

--
-- Estructura de tabla para la tabla `venta_item_manuals`
--

CREATE TABLE `venta_item_manuals` (
  `id` bigint(20) UNSIGNED NOT NULL,
  `venta_id` bigint(20) UNSIGNED NOT NULL,
  `sucursal_id` bigint(20) UNSIGNED NOT NULL,
  `user_id` bigint(20) UNSIGNED NOT NULL,
  `descripcion` longtext DEFAULT NULL,
  `cantidad` decimal(8,2) NOT NULL DEFAULT 0.00,
  `precio` decimal(8,2) NOT NULL,
  `impuesto` decimal(8,2) NOT NULL,
  `sub_total` decimal(8,2) NOT NULL,
  `total` decimal(8,2) NOT NULL,
  `tipo` int(11) NOT NULL DEFAULT 1,
  `estado` tinyint(1) NOT NULL DEFAULT 1,
  `created_at` timestamp NULL DEFAULT NULL,
  `updated_at` timestamp NULL DEFAULT NULL
) ENGINE=InnoDB DEFAULT CHARSET=utf8mb4 COLLATE=utf8mb4_unicode_ci;

--
-- Volcado de datos para la tabla `venta_item_manuals`
--

INSERT INTO `venta_item_manuals` (`id`, `venta_id`, `sucursal_id`, `user_id`, `descripcion`, `cantidad`, `precio`, `impuesto`, `sub_total`, `total`, `tipo`, `estado`, `created_at`, `updated_at`) VALUES
(1, 131, 1, 1, 'Lorem Ipsum is simply dummy text of the printing and typesetting industry. Lorem Ipsum has been the industry\'s standard dummy text ever since the 1500s, when an unknown printer took a galley of type and scrambled it to make a type specimen book. It has survived not only five centuries, but also the leap into electronic typesetting, remaining essentially unchanged. It was popularised in the 1960s with the release of Letraset sheets containing Lorem Ipsum passages, and more recently with desktop publishing software like Aldus PageMaker including versions of Lorem Ipsum.', '1.00', '10.00', '0.00', '10.00', '10.00', 1, 1, '2024-11-24 02:36:56', '2024-11-24 02:36:56');

-- --------------------------------------------------------

--
-- Estructura de tabla para la tabla `venta_servicios`
--

CREATE TABLE `venta_servicios` (
  `id` bigint(20) UNSIGNED NOT NULL,
  `venta_id` bigint(20) UNSIGNED NOT NULL,
  `sucursal_id` bigint(20) UNSIGNED NOT NULL,
  `user_id` bigint(20) UNSIGNED NOT NULL,
  `servicio_id` bigint(20) UNSIGNED NOT NULL,
  `cantidad` decimal(8,2) NOT NULL DEFAULT 0.00,
  `costo` decimal(8,2) NOT NULL,
  `precio_1` decimal(8,2) NOT NULL,
  `precio_2` decimal(8,2) NOT NULL,
  `precio_3` decimal(8,2) NOT NULL,
  `precio_4` decimal(8,2) NOT NULL,
  `descuento` decimal(8,2) NOT NULL,
  `total` decimal(8,2) NOT NULL,
  `estado` tinyint(1) NOT NULL DEFAULT 1,
  `created_at` timestamp NULL DEFAULT NULL,
  `updated_at` timestamp NULL DEFAULT NULL
) ENGINE=InnoDB DEFAULT CHARSET=utf8mb4 COLLATE=utf8mb4_unicode_ci;

--
-- Volcado de datos para la tabla `venta_servicios`
--

INSERT INTO `venta_servicios` (`id`, `venta_id`, `sucursal_id`, `user_id`, `servicio_id`, `cantidad`, `costo`, `precio_1`, `precio_2`, `precio_3`, `precio_4`, `descuento`, `total`, `estado`, `created_at`, `updated_at`) VALUES
(1, 17, 2, 1, 2, '1.00', '2.00', '3.00', '4.00', '5.00', '6.00', '0.00', '6.00', 1, '2024-07-17 05:23:12', '2024-07-17 05:23:12'),
(2, 18, 2, 1, 2, '3.00', '2.00', '3.00', '4.00', '5.00', '6.00', '0.00', '18.00', 1, '2024-07-18 23:39:33', '2024-07-18 23:39:33'),
(3, 18, 2, 1, 1, '2.00', '1.00', '1.00', '2.00', '3.00', '4.00', '0.00', '8.00', 1, '2024-07-18 23:39:33', '2024-07-18 23:39:33'),
(4, 18, 2, 1, 2, '1.00', '2.00', '3.00', '4.00', '5.00', '6.00', '0.00', '6.00', 1, '2024-07-18 23:39:33', '2024-07-18 23:39:33'),
(5, 19, 2, 1, 2, '2.00', '2.00', '3.00', '4.00', '5.00', '6.00', '0.00', '12.00', 1, '2024-07-19 00:27:37', '2024-07-19 00:27:37'),
(6, 19, 2, 1, 1, '3.00', '1.00', '1.00', '2.00', '3.00', '4.00', '0.00', '12.00', 1, '2024-07-19 00:27:37', '2024-07-19 00:27:37'),
(7, 19, 2, 1, 1, '1.00', '1.00', '1.00', '2.00', '3.00', '4.00', '0.00', '4.00', 1, '2024-07-19 00:27:37', '2024-07-19 00:27:37'),
(8, 20, 2, 1, 2, '1.00', '2.00', '3.00', '4.00', '5.00', '6.00', '0.00', '6.00', 1, '2024-07-19 00:42:37', '2024-07-19 00:42:37'),
(9, 21, 2, 1, 2, '1.00', '2.00', '3.00', '4.00', '5.00', '6.00', '0.00', '6.00', 1, '2024-07-19 00:48:17', '2024-07-19 00:48:17'),
(10, 37, 1, 1, 2, '1.00', '2.00', '3.00', '4.00', '5.00', '6.00', '0.00', '6.00', 1, '2024-08-04 17:23:05', '2024-08-04 17:23:05'),
(11, 39, 1, 1, 1, '1.00', '1.00', '1.00', '2.00', '3.00', '4.00', '0.00', '4.00', 1, '2024-08-04 17:24:46', '2024-08-04 17:24:46'),
(12, 40, 1, 1, 2, '2.00', '2.00', '3.00', '4.00', '5.00', '6.00', '0.00', '12.00', 1, '2024-08-04 17:28:20', '2024-08-04 17:28:20'),
(13, 85, 1, 1, 2, '1.00', '2.00', '3.00', '4.00', '5.00', '6.00', '0.00', '6.00', 1, '2024-09-15 20:28:07', '2024-09-15 20:28:07'),
(14, 87, 1, 1, 2, '1.00', '2.00', '3.00', '4.00', '5.00', '6.00', '0.00', '6.00', 1, '2024-09-16 00:46:26', '2024-09-16 00:46:26'),
(15, 88, 1, 1, 2, '1.00', '2.00', '3.00', '4.00', '5.00', '6.00', '0.00', '6.00', 1, '2024-09-16 00:46:40', '2024-09-16 00:46:40'),
(16, 89, 1, 1, 2, '1.00', '2.00', '3.00', '4.00', '5.00', '6.00', '0.00', '6.00', 1, '2024-09-16 00:47:37', '2024-09-16 00:47:37'),
(17, 90, 1, 1, 2, '1.00', '2.00', '3.00', '4.00', '5.00', '6.00', '0.00', '6.00', 1, '2024-09-16 00:48:49', '2024-09-16 00:48:49'),
(18, 108, 1, 1, 2, '1.00', '2.00', '3.00', '4.00', '5.00', '6.00', '0.00', '6.00', 1, '2024-09-20 21:08:54', '2024-09-20 21:08:54');

--
-- Índices para tablas volcadas
--

--
-- Indices de la tabla `ajuste_inventarios`
--
ALTER TABLE `ajuste_inventarios`
  ADD PRIMARY KEY (`id`),
  ADD KEY `ajuste_inventarios_sucursal_id_foreign` (`sucursal_id`),
  ADD KEY `ajuste_inventarios_user_id_foreign` (`user_id`);

--
-- Indices de la tabla `ajuste_inventario_detalles`
--
ALTER TABLE `ajuste_inventario_detalles`
  ADD PRIMARY KEY (`id`),
  ADD KEY `ajuste_inventario_detalles_ajuste_inventario_id_foreign` (`ajuste_inventario_id`),
  ADD KEY `ajuste_inventario_detalles_sucursal_id_foreign` (`sucursal_id`),
  ADD KEY `ajuste_inventario_detalles_user_id_foreign` (`user_id`),
  ADD KEY `ajuste_inventario_detalles_item_id_foreign` (`item_id`),
  ADD KEY `ajuste_inventario_detalles_producto_id_foreign` (`producto_id`),
  ADD KEY `ajuste_inventario_detalles_almacen_id_foreign` (`almacen_id`),
  ADD KEY `ajuste_inventario_detalles_item_movimiento_id_foreign` (`item_movimiento_id`);

--
-- Indices de la tabla `almacens`
--
ALTER TABLE `almacens`
  ADD PRIMARY KEY (`id`),
  ADD KEY `almacens_sucursal_id_foreign` (`sucursal_id`);

--
-- Indices de la tabla `archivos`
--
ALTER TABLE `archivos`
  ADD PRIMARY KEY (`id`);

--
-- Indices de la tabla `archivo_personas`
--
ALTER TABLE `archivo_personas`
  ADD PRIMARY KEY (`id`),
  ADD KEY `archivo_personas_persona_id_foreign` (`persona_id`),
  ADD KEY `archivo_personas_archivo_id_foreign` (`archivo_id`);

--
-- Indices de la tabla `archivo_productos`
--
ALTER TABLE `archivo_productos`
  ADD PRIMARY KEY (`id`),
  ADD KEY `archivo_productos_producto_id_foreign` (`producto_id`),
  ADD KEY `archivo_productos_archivo_id_foreign` (`archivo_id`);

--
-- Indices de la tabla `archivo_servicios`
--
ALTER TABLE `archivo_servicios`
  ADD PRIMARY KEY (`id`),
  ADD KEY `archivo_servicios_servicio_id_foreign` (`servicio_id`),
  ADD KEY `archivo_servicios_archivo_id_foreign` (`archivo_id`);

--
-- Indices de la tabla `archivo_sucursals`
--
ALTER TABLE `archivo_sucursals`
  ADD PRIMARY KEY (`id`),
  ADD KEY `archivo_sucursals_sucursal_id_foreign` (`sucursal_id`),
  ADD KEY `archivo_sucursals_archivo_id_foreign` (`archivo_id`);

--
-- Indices de la tabla `arqueos`
--
ALTER TABLE `arqueos`
  ADD PRIMARY KEY (`id`),
  ADD KEY `arqueos_sucursal_id_foreign` (`sucursal_id`),
  ADD KEY `arqueos_caja_id_foreign` (`caja_id`),
  ADD KEY `arqueos_user_id_foreign` (`user_id`);

--
-- Indices de la tabla `arqueo_movimientos`
--
ALTER TABLE `arqueo_movimientos`
  ADD PRIMARY KEY (`id`),
  ADD KEY `arqueo_movimientos_arqueo_id_foreign` (`arqueo_id`),
  ADD KEY `arqueo_movimientos_user_id_foreign` (`user_id`),
  ADD KEY `arqueo_movimientos_sucursal_id_foreign` (`sucursal_id`),
  ADD KEY `arqueo_movimientos_formapago_id_foreign` (`formapago_id`);

--
-- Indices de la tabla `cajas`
--
ALTER TABLE `cajas`
  ADD PRIMARY KEY (`id`),
  ADD KEY `cajas_sucursal_id_foreign` (`sucursal_id`),
  ADD KEY `cajas_user_id_foreign` (`user_id`);

--
-- Indices de la tabla `categorias`
--
ALTER TABLE `categorias`
  ADD PRIMARY KEY (`id`);

--
-- Indices de la tabla `clientes`
--
ALTER TABLE `clientes`
  ADD PRIMARY KEY (`id`),
  ADD KEY `clientes_documento_id_foreign` (`documento_id`);

--
-- Indices de la tabla `combos`
--
ALTER TABLE `combos`
  ADD PRIMARY KEY (`id`),
  ADD KEY `combos_medida_id_foreign` (`medida_id`);

--
-- Indices de la tabla `combo_archivos`
--
ALTER TABLE `combo_archivos`
  ADD PRIMARY KEY (`id`),
  ADD KEY `combo_archivos_combo_id_foreign` (`combo_id`),
  ADD KEY `combo_archivos_archivo_id_foreign` (`archivo_id`);

--
-- Indices de la tabla `combo_detalles`
--
ALTER TABLE `combo_detalles`
  ADD PRIMARY KEY (`id`),
  ADD KEY `combo_detalles_combo_id_foreign` (`combo_id`),
  ADD KEY `combo_detalles_producto_id_foreign` (`producto_id`);

--
-- Indices de la tabla `combo_items`
--
ALTER TABLE `combo_items`
  ADD PRIMARY KEY (`id`),
  ADD KEY `combo_items_combo_id_foreign` (`combo_id`),
  ADD KEY `combo_items_almacen_id_foreign` (`almacen_id`),
  ADD KEY `combo_items_sucursal_id_foreign` (`sucursal_id`);

--
-- Indices de la tabla `combo_item_movimientos`
--
ALTER TABLE `combo_item_movimientos`
  ADD PRIMARY KEY (`id`),
  ADD KEY `combo_item_movimientos_sucursal_id_foreign` (`sucursal_id`),
  ADD KEY `combo_item_movimientos_almacen_id_foreign` (`almacen_id`),
  ADD KEY `combo_item_movimientos_user_id_foreign` (`user_id`),
  ADD KEY `combo_item_movimientos_combo_item_id_foreign` (`combo_item_id`),
  ADD KEY `combo_item_movimientos_combo_id_foreign` (`combo_id`);

--
-- Indices de la tabla `compras`
--
ALTER TABLE `compras`
  ADD PRIMARY KEY (`id`),
  ADD KEY `compras_almacen_id_foreign` (`almacen_id`),
  ADD KEY `compras_sucursal_id_foreign` (`sucursal_id`),
  ADD KEY `compras_proveedor_id_foreign` (`proveedor_id`),
  ADD KEY `compras_comprobante_id_foreign` (`comprobante_id`);

--
-- Indices de la tabla `compra_items`
--
ALTER TABLE `compra_items`
  ADD PRIMARY KEY (`id`),
  ADD KEY `compra_items_compra_id_foreign` (`compra_id`),
  ADD KEY `compra_items_producto_id_foreign` (`producto_id`),
  ADD KEY `compra_items_item_id_foreign` (`item_id`);

--
-- Indices de la tabla `comprobantes`
--
ALTER TABLE `comprobantes`
  ADD PRIMARY KEY (`id`);

--
-- Indices de la tabla `cotizacions`
--
ALTER TABLE `cotizacions`
  ADD PRIMARY KEY (`id`),
  ADD KEY `cotizacions_sucursal_id_foreign` (`sucursal_id`),
  ADD KEY `cotizacions_arqueo_id_foreign` (`arqueo_id`),
  ADD KEY `cotizacions_cliente_id_foreign` (`cliente_id`),
  ADD KEY `cotizacions_user_id_foreign` (`user_id`);

--
-- Indices de la tabla `cotizacion_combos`
--
ALTER TABLE `cotizacion_combos`
  ADD PRIMARY KEY (`id`),
  ADD KEY `cotizacion_combos_cotizacion_id_foreign` (`cotizacion_id`),
  ADD KEY `cotizacion_combos_sucursal_id_foreign` (`sucursal_id`),
  ADD KEY `cotizacion_combos_user_id_foreign` (`user_id`),
  ADD KEY `cotizacion_combos_combo_item_id_foreign` (`combo_item_id`),
  ADD KEY `cotizacion_combos_combo_id_foreign` (`combo_id`);

--
-- Indices de la tabla `cotizacion_detalles`
--
ALTER TABLE `cotizacion_detalles`
  ADD PRIMARY KEY (`id`),
  ADD KEY `cotizacion_detalles_cotizacion_id_foreign` (`cotizacion_id`),
  ADD KEY `cotizacion_detalles_sucursal_id_foreign` (`sucursal_id`),
  ADD KEY `cotizacion_detalles_almacen_id_foreign` (`almacen_id`),
  ADD KEY `cotizacion_detalles_user_id_foreign` (`user_id`),
  ADD KEY `cotizacion_detalles_item_id_foreign` (`item_id`),
  ADD KEY `cotizacion_detalles_producto_id_foreign` (`producto_id`);

--
-- Indices de la tabla `cotizacion_servicios`
--
ALTER TABLE `cotizacion_servicios`
  ADD PRIMARY KEY (`id`),
  ADD KEY `cotizacion_servicios_cotizacion_id_foreign` (`cotizacion_id`),
  ADD KEY `cotizacion_servicios_sucursal_id_foreign` (`sucursal_id`),
  ADD KEY `cotizacion_servicios_user_id_foreign` (`user_id`),
  ADD KEY `cotizacion_servicios_servicio_id_foreign` (`servicio_id`);

--
-- Indices de la tabla `documentos`
--
ALTER TABLE `documentos`
  ADD PRIMARY KEY (`id`);

--
-- Indices de la tabla `facturas`
--
ALTER TABLE `facturas`
  ADD PRIMARY KEY (`id`);

--
-- Indices de la tabla `factura_anulacions`
--
ALTER TABLE `factura_anulacions`
  ADD PRIMARY KEY (`id`);

--
-- Indices de la tabla `formapagos`
--
ALTER TABLE `formapagos`
  ADD PRIMARY KEY (`id`);

--
-- Indices de la tabla `historico_precios`
--
ALTER TABLE `historico_precios`
  ADD PRIMARY KEY (`id`),
  ADD KEY `historico_precios_compra_id_foreign` (`compra_id`),
  ADD KEY `historico_precios_producto_id_foreign` (`producto_id`),
  ADD KEY `historico_precios_proveedor_id_foreign` (`proveedor_id`),
  ADD KEY `historico_precios_sucursal_id_foreign` (`sucursal_id`),
  ADD KEY `historico_precios_item_id_foreign` (`item_id`);

--
-- Indices de la tabla `items`
--
ALTER TABLE `items`
  ADD PRIMARY KEY (`id`),
  ADD KEY `items_producto_id_foreign` (`producto_id`),
  ADD KEY `items_almacen_id_foreign` (`almacen_id`),
  ADD KEY `items_sucursal_id_foreign` (`sucursal_id`);

--
-- Indices de la tabla `item_manuals`
--
ALTER TABLE `item_manuals`
  ADD PRIMARY KEY (`id`);

--
-- Indices de la tabla `item_movimientos`
--
ALTER TABLE `item_movimientos`
  ADD PRIMARY KEY (`id`),
  ADD KEY `item_movimientos_sucursal_id_foreign` (`sucursal_id`),
  ADD KEY `item_movimientos_almacen_id_foreign` (`almacen_id`),
  ADD KEY `item_movimientos_user_id_foreign` (`user_id`),
  ADD KEY `item_movimientos_item_id_foreign` (`item_id`),
  ADD KEY `item_movimientos_producto_id_foreign` (`producto_id`);

--
-- Indices de la tabla `item_perecederos`
--
ALTER TABLE `item_perecederos`
  ADD PRIMARY KEY (`id`),
  ADD KEY `item_perecederos_item_id_foreign` (`item_id`);

--
-- Indices de la tabla `kardexes`
--
ALTER TABLE `kardexes`
  ADD PRIMARY KEY (`id`),
  ADD KEY `kardexes_sucursal_id_foreign` (`sucursal_id`),
  ADD KEY `kardexes_user_id_foreign` (`user_id`),
  ADD KEY `kardexes_producto_id_foreign` (`producto_id`),
  ADD KEY `kardexes_item_id_foreign` (`item_id`),
  ADD KEY `kardexes_almacen_id_foreign` (`almacen_id`);

--
-- Indices de la tabla `kardex_combos`
--
ALTER TABLE `kardex_combos`
  ADD PRIMARY KEY (`id`),
  ADD KEY `kardex_combos_sucursal_id_foreign` (`sucursal_id`),
  ADD KEY `kardex_combos_user_id_foreign` (`user_id`),
  ADD KEY `kardex_combos_combo_id_foreign` (`combo_id`),
  ADD KEY `kardex_combos_combo_item_id_foreign` (`combo_item_id`),
  ADD KEY `kardex_combos_almacen_id_foreign` (`almacen_id`);

--
-- Indices de la tabla `marcas`
--
ALTER TABLE `marcas`
  ADD PRIMARY KEY (`id`);

--
-- Indices de la tabla `medidas`
--
ALTER TABLE `medidas`
  ADD PRIMARY KEY (`id`);

--
-- Indices de la tabla `migrations`
--
ALTER TABLE `migrations`
  ADD PRIMARY KEY (`id`);

--
-- Indices de la tabla `movimientos`
--
ALTER TABLE `movimientos`
  ADD PRIMARY KEY (`id`),
  ADD KEY `movimientos_sucursal_id_foreign` (`sucursal_id`),
  ADD KEY `movimientos_arqueo_id_foreign` (`arqueo_id`),
  ADD KEY `movimientos_formapago_id_foreign` (`formapago_id`),
  ADD KEY `movimientos_user_id_foreign` (`user_id`);

--
-- Indices de la tabla `pago_compras`
--
ALTER TABLE `pago_compras`
  ADD PRIMARY KEY (`id`),
  ADD KEY `pago_compras_sucursal_id_foreign` (`sucursal_id`),
  ADD KEY `pago_compras_compra_id_foreign` (`compra_id`),
  ADD KEY `pago_compras_proveedor_id_foreign` (`proveedor_id`),
  ADD KEY `pago_compras_formapago_id_foreign` (`formapago_id`);

--
-- Indices de la tabla `pago_ventas`
--
ALTER TABLE `pago_ventas`
  ADD PRIMARY KEY (`id`),
  ADD KEY `pago_ventas_sucursal_id_foreign` (`sucursal_id`),
  ADD KEY `pago_ventas_venta_id_foreign` (`venta_id`),
  ADD KEY `pago_ventas_cliente_id_foreign` (`cliente_id`),
  ADD KEY `pago_ventas_formapago_id_foreign` (`formapago_id`);

--
-- Indices de la tabla `personas`
--
ALTER TABLE `personas`
  ADD PRIMARY KEY (`id`),
  ADD KEY `personas_documento_id_foreign` (`documento_id`);

--
-- Indices de la tabla `preventas`
--
ALTER TABLE `preventas`
  ADD PRIMARY KEY (`id`),
  ADD KEY `preventas_sucursal_id_foreign` (`sucursal_id`),
  ADD KEY `preventas_arqueo_id_foreign` (`arqueo_id`),
  ADD KEY `preventas_cliente_id_foreign` (`cliente_id`),
  ADD KEY `preventas_user_id_foreign` (`user_id`);

--
-- Indices de la tabla `preventa_combos`
--
ALTER TABLE `preventa_combos`
  ADD PRIMARY KEY (`id`),
  ADD KEY `preventa_combos_preventa_id_foreign` (`preventa_id`),
  ADD KEY `preventa_combos_sucursal_id_foreign` (`sucursal_id`),
  ADD KEY `preventa_combos_user_id_foreign` (`user_id`),
  ADD KEY `preventa_combos_combo_item_id_foreign` (`combo_item_id`),
  ADD KEY `preventa_combos_combo_id_foreign` (`combo_id`),
  ADD KEY `preventa_combos_combo_item_movimiento_id_foreign` (`combo_item_movimiento_id`);

--
-- Indices de la tabla `preventa_detalles`
--
ALTER TABLE `preventa_detalles`
  ADD PRIMARY KEY (`id`),
  ADD KEY `preventa_detalles_preventa_id_foreign` (`preventa_id`),
  ADD KEY `preventa_detalles_sucursal_id_foreign` (`sucursal_id`),
  ADD KEY `preventa_detalles_almacen_id_foreign` (`almacen_id`),
  ADD KEY `preventa_detalles_user_id_foreign` (`user_id`),
  ADD KEY `preventa_detalles_item_id_foreign` (`item_id`),
  ADD KEY `preventa_detalles_item_movimiento_id_foreign` (`item_movimiento_id`),
  ADD KEY `preventa_detalles_producto_id_foreign` (`producto_id`);

--
-- Indices de la tabla `preventa_servicios`
--
ALTER TABLE `preventa_servicios`
  ADD PRIMARY KEY (`id`),
  ADD KEY `preventa_servicios_preventa_id_foreign` (`preventa_id`),
  ADD KEY `preventa_servicios_sucursal_id_foreign` (`sucursal_id`),
  ADD KEY `preventa_servicios_user_id_foreign` (`user_id`),
  ADD KEY `preventa_servicios_servicio_id_foreign` (`servicio_id`);

--
-- Indices de la tabla `productos`
--
ALTER TABLE `productos`
  ADD PRIMARY KEY (`id`),
  ADD KEY `productos_medida_id_foreign` (`medida_id`),
  ADD KEY `productos_marca_id_foreign` (`marca_id`),
  ADD KEY `productos_categoria_id_foreign` (`categoria_id`);

--
-- Indices de la tabla `proveedors`
--
ALTER TABLE `proveedors`
  ADD PRIMARY KEY (`id`),
  ADD KEY `proveedors_documento_id_foreign` (`documento_id`);

--
-- Indices de la tabla `servicios`
--
ALTER TABLE `servicios`
  ADD PRIMARY KEY (`id`);

--
-- Indices de la tabla `sessions`
--
ALTER TABLE `sessions`
  ADD PRIMARY KEY (`id`),
  ADD KEY `sessions_user_id_index` (`user_id`),
  ADD KEY `sessions_last_activity_index` (`last_activity`);

--
-- Indices de la tabla `sucursal_users`
--
ALTER TABLE `sucursal_users`
  ADD PRIMARY KEY (`id`),
  ADD KEY `sucursal_users_sucursal_id_foreign` (`sucursal_id`),
  ADD KEY `sucursal_users_user_id_foreign` (`user_id`);

--
-- Indices de la tabla `tirajes`
--
ALTER TABLE `tirajes`
  ADD PRIMARY KEY (`id`),
  ADD KEY `tirajes_sucursal_id_foreign` (`sucursal_id`),
  ADD KEY `tirajes_comprobante_id_foreign` (`comprobante_id`);

--
-- Indices de la tabla `traspaso_inventarios`
--
ALTER TABLE `traspaso_inventarios`
  ADD PRIMARY KEY (`id`),
  ADD KEY `traspaso_inventarios_sucursal_id_foreign` (`sucursal_id`),
  ADD KEY `traspaso_inventarios_sucursal_envio_id_foreign` (`sucursal_envio_id`),
  ADD KEY `traspaso_inventarios_almacen_id_foreign` (`almacen_id`),
  ADD KEY `traspaso_inventarios_user_id_foreign` (`user_id`);

--
-- Indices de la tabla `traspaso_inventario_detalles`
--
ALTER TABLE `traspaso_inventario_detalles`
  ADD PRIMARY KEY (`id`),
  ADD KEY `traspaso_inventario_detalles_traspaso_inventario_id_foreign` (`traspaso_inventario_id`),
  ADD KEY `traspaso_inventario_detalles_sucursal_id_foreign` (`sucursal_id`),
  ADD KEY `traspaso_inventario_detalles_almacen_id_foreign` (`almacen_id`),
  ADD KEY `traspaso_inventario_detalles_user_id_foreign` (`user_id`),
  ADD KEY `traspaso_inventario_detalles_item_id_foreign` (`item_id`),
  ADD KEY `traspaso_inventario_detalles_producto_id_foreign` (`producto_id`),
  ADD KEY `traspaso_inventario_detalles_item_movimiento_id_foreign` (`item_movimiento_id`);

--
-- Indices de la tabla `ventas`
--
ALTER TABLE `ventas`
  ADD PRIMARY KEY (`id`),
  ADD KEY `ventas_sucursal_id_foreign` (`sucursal_id`),
  ADD KEY `ventas_arqueo_id_foreign` (`arqueo_id`),
  ADD KEY `ventas_cliente_id_foreign` (`cliente_id`),
  ADD KEY `ventas_tiraje_id_foreign` (`tiraje_id`),
  ADD KEY `ventas_formapago_id_foreign` (`formapago_id`),
  ADD KEY `ventas_user_id_foreign` (`user_id`);

--
-- Indices de la tabla `venta_combos`
--
ALTER TABLE `venta_combos`
  ADD PRIMARY KEY (`id`),
  ADD KEY `venta_combos_venta_id_foreign` (`venta_id`),
  ADD KEY `venta_combos_sucursal_id_foreign` (`sucursal_id`),
  ADD KEY `venta_combos_user_id_foreign` (`user_id`),
  ADD KEY `venta_combos_combo_item_id_foreign` (`combo_item_id`),
  ADD KEY `venta_combos_combo_item_movimiento_id_foreign` (`combo_item_movimiento_id`),
  ADD KEY `venta_combos_combo_id_foreign` (`combo_id`);

--
-- Indices de la tabla `venta_items`
--
ALTER TABLE `venta_items`
  ADD PRIMARY KEY (`id`),
  ADD KEY `venta_items_venta_id_foreign` (`venta_id`),
  ADD KEY `venta_items_sucursal_id_foreign` (`sucursal_id`),
  ADD KEY `venta_items_almacen_id_foreign` (`almacen_id`),
  ADD KEY `venta_items_user_id_foreign` (`user_id`),
  ADD KEY `venta_items_item_id_foreign` (`item_id`),
  ADD KEY `venta_items_producto_id_foreign` (`producto_id`),
  ADD KEY `venta_items_item_movimiento_id_foreign` (`item_movimiento_id`);

--
-- Indices de la tabla `venta_item_manuals`
--
ALTER TABLE `venta_item_manuals`
  ADD PRIMARY KEY (`id`),
  ADD KEY `venta_item_manuals_venta_id_foreign` (`venta_id`),
  ADD KEY `venta_item_manuals_sucursal_id_foreign` (`sucursal_id`),
  ADD KEY `venta_item_manuals_user_id_foreign` (`user_id`);

--
-- Indices de la tabla `venta_servicios`
--
ALTER TABLE `venta_servicios`
  ADD PRIMARY KEY (`id`),
  ADD KEY `venta_servicios_venta_id_foreign` (`venta_id`),
  ADD KEY `venta_servicios_sucursal_id_foreign` (`sucursal_id`),
  ADD KEY `venta_servicios_user_id_foreign` (`user_id`),
  ADD KEY `venta_servicios_servicio_id_foreign` (`servicio_id`);

--
-- AUTO_INCREMENT de las tablas volcadas
--

--
-- AUTO_INCREMENT de la tabla `ajuste_inventarios`
--
ALTER TABLE `ajuste_inventarios`
  MODIFY `id` bigint(20) UNSIGNED NOT NULL AUTO_INCREMENT, AUTO_INCREMENT=11;

--
-- AUTO_INCREMENT de la tabla `ajuste_inventario_detalles`
--
ALTER TABLE `ajuste_inventario_detalles`
  MODIFY `id` bigint(20) UNSIGNED NOT NULL AUTO_INCREMENT, AUTO_INCREMENT=11;

--
-- AUTO_INCREMENT de la tabla `almacens`
--
ALTER TABLE `almacens`
  MODIFY `id` bigint(20) UNSIGNED NOT NULL AUTO_INCREMENT, AUTO_INCREMENT=10;

--
-- AUTO_INCREMENT de la tabla `archivos`
--
ALTER TABLE `archivos`
  MODIFY `id` bigint(20) UNSIGNED NOT NULL AUTO_INCREMENT, AUTO_INCREMENT=17;

--
-- AUTO_INCREMENT de la tabla `archivo_personas`
--
ALTER TABLE `archivo_personas`
  MODIFY `id` bigint(20) UNSIGNED NOT NULL AUTO_INCREMENT, AUTO_INCREMENT=3;

--
-- AUTO_INCREMENT de la tabla `archivo_productos`
--
ALTER TABLE `archivo_productos`
  MODIFY `id` bigint(20) UNSIGNED NOT NULL AUTO_INCREMENT, AUTO_INCREMENT=6;

--
-- AUTO_INCREMENT de la tabla `archivo_servicios`
--
ALTER TABLE `archivo_servicios`
  MODIFY `id` bigint(20) UNSIGNED NOT NULL AUTO_INCREMENT, AUTO_INCREMENT=3;

--
-- AUTO_INCREMENT de la tabla `archivo_sucursals`
--
ALTER TABLE `archivo_sucursals`
  MODIFY `id` bigint(20) UNSIGNED NOT NULL AUTO_INCREMENT, AUTO_INCREMENT=3;

--
-- AUTO_INCREMENT de la tabla `arqueos`
--
ALTER TABLE `arqueos`
  MODIFY `id` bigint(20) UNSIGNED NOT NULL AUTO_INCREMENT, AUTO_INCREMENT=11;

--
-- AUTO_INCREMENT de la tabla `arqueo_movimientos`
--
ALTER TABLE `arqueo_movimientos`
  MODIFY `id` bigint(20) UNSIGNED NOT NULL AUTO_INCREMENT, AUTO_INCREMENT=8;

--
-- AUTO_INCREMENT de la tabla `cajas`
--
ALTER TABLE `cajas`
  MODIFY `id` bigint(20) UNSIGNED NOT NULL AUTO_INCREMENT, AUTO_INCREMENT=3;

--
-- AUTO_INCREMENT de la tabla `categorias`
--
ALTER TABLE `categorias`
  MODIFY `id` bigint(20) UNSIGNED NOT NULL AUTO_INCREMENT, AUTO_INCREMENT=6;

--
-- AUTO_INCREMENT de la tabla `clientes`
--
ALTER TABLE `clientes`
  MODIFY `id` bigint(20) UNSIGNED NOT NULL AUTO_INCREMENT, AUTO_INCREMENT=48;

--
-- AUTO_INCREMENT de la tabla `combos`
--
ALTER TABLE `combos`
  MODIFY `id` bigint(20) UNSIGNED NOT NULL AUTO_INCREMENT, AUTO_INCREMENT=7;

--
-- AUTO_INCREMENT de la tabla `combo_archivos`
--
ALTER TABLE `combo_archivos`
  MODIFY `id` bigint(20) UNSIGNED NOT NULL AUTO_INCREMENT, AUTO_INCREMENT=3;

--
-- AUTO_INCREMENT de la tabla `combo_detalles`
--
ALTER TABLE `combo_detalles`
  MODIFY `id` bigint(20) UNSIGNED NOT NULL AUTO_INCREMENT, AUTO_INCREMENT=10;

--
-- AUTO_INCREMENT de la tabla `combo_items`
--
ALTER TABLE `combo_items`
  MODIFY `id` bigint(20) UNSIGNED NOT NULL AUTO_INCREMENT, AUTO_INCREMENT=10;

--
-- AUTO_INCREMENT de la tabla `combo_item_movimientos`
--
ALTER TABLE `combo_item_movimientos`
  MODIFY `id` bigint(20) UNSIGNED NOT NULL AUTO_INCREMENT, AUTO_INCREMENT=32;

--
-- AUTO_INCREMENT de la tabla `compras`
--
ALTER TABLE `compras`
  MODIFY `id` bigint(20) UNSIGNED NOT NULL AUTO_INCREMENT, AUTO_INCREMENT=15;

--
-- AUTO_INCREMENT de la tabla `compra_items`
--
ALTER TABLE `compra_items`
  MODIFY `id` bigint(20) UNSIGNED NOT NULL AUTO_INCREMENT, AUTO_INCREMENT=15;

--
-- AUTO_INCREMENT de la tabla `comprobantes`
--
ALTER TABLE `comprobantes`
  MODIFY `id` bigint(20) UNSIGNED NOT NULL AUTO_INCREMENT, AUTO_INCREMENT=4;

--
-- AUTO_INCREMENT de la tabla `cotizacions`
--
ALTER TABLE `cotizacions`
  MODIFY `id` bigint(20) UNSIGNED NOT NULL AUTO_INCREMENT, AUTO_INCREMENT=23;

--
-- AUTO_INCREMENT de la tabla `cotizacion_combos`
--
ALTER TABLE `cotizacion_combos`
  MODIFY `id` bigint(20) UNSIGNED NOT NULL AUTO_INCREMENT, AUTO_INCREMENT=8;

--
-- AUTO_INCREMENT de la tabla `cotizacion_detalles`
--
ALTER TABLE `cotizacion_detalles`
  MODIFY `id` bigint(20) UNSIGNED NOT NULL AUTO_INCREMENT, AUTO_INCREMENT=27;

--
-- AUTO_INCREMENT de la tabla `cotizacion_servicios`
--
ALTER TABLE `cotizacion_servicios`
  MODIFY `id` bigint(20) UNSIGNED NOT NULL AUTO_INCREMENT, AUTO_INCREMENT=7;

--
-- AUTO_INCREMENT de la tabla `documentos`
--
ALTER TABLE `documentos`
  MODIFY `id` bigint(20) UNSIGNED NOT NULL AUTO_INCREMENT, AUTO_INCREMENT=8;

--
-- AUTO_INCREMENT de la tabla `facturas`
--
ALTER TABLE `facturas`
  MODIFY `id` bigint(20) UNSIGNED NOT NULL AUTO_INCREMENT, AUTO_INCREMENT=18;

--
-- AUTO_INCREMENT de la tabla `factura_anulacions`
--
ALTER TABLE `factura_anulacions`
  MODIFY `id` bigint(20) UNSIGNED NOT NULL AUTO_INCREMENT, AUTO_INCREMENT=3;

--
-- AUTO_INCREMENT de la tabla `formapagos`
--
ALTER TABLE `formapagos`
  MODIFY `id` bigint(20) UNSIGNED NOT NULL AUTO_INCREMENT, AUTO_INCREMENT=6;

--
-- AUTO_INCREMENT de la tabla `historico_precios`
--
ALTER TABLE `historico_precios`
  MODIFY `id` bigint(20) UNSIGNED NOT NULL AUTO_INCREMENT, AUTO_INCREMENT=15;

--
-- AUTO_INCREMENT de la tabla `items`
--
ALTER TABLE `items`
  MODIFY `id` bigint(20) UNSIGNED NOT NULL AUTO_INCREMENT, AUTO_INCREMENT=992;

--
-- AUTO_INCREMENT de la tabla `item_manuals`
--
ALTER TABLE `item_manuals`
  MODIFY `id` bigint(20) UNSIGNED NOT NULL AUTO_INCREMENT, AUTO_INCREMENT=2;

--
-- AUTO_INCREMENT de la tabla `item_movimientos`
--
ALTER TABLE `item_movimientos`
  MODIFY `id` bigint(20) UNSIGNED NOT NULL AUTO_INCREMENT, AUTO_INCREMENT=1239;

--
-- AUTO_INCREMENT de la tabla `item_perecederos`
--
ALTER TABLE `item_perecederos`
  MODIFY `id` bigint(20) UNSIGNED NOT NULL AUTO_INCREMENT, AUTO_INCREMENT=7;

--
-- AUTO_INCREMENT de la tabla `kardexes`
--
ALTER TABLE `kardexes`
  MODIFY `id` bigint(20) UNSIGNED NOT NULL AUTO_INCREMENT, AUTO_INCREMENT=1038;

--
-- AUTO_INCREMENT de la tabla `kardex_combos`
--
ALTER TABLE `kardex_combos`
  MODIFY `id` bigint(20) UNSIGNED NOT NULL AUTO_INCREMENT, AUTO_INCREMENT=16;

--
-- AUTO_INCREMENT de la tabla `marcas`
--
ALTER TABLE `marcas`
  MODIFY `id` bigint(20) UNSIGNED NOT NULL AUTO_INCREMENT, AUTO_INCREMENT=8;

--
-- AUTO_INCREMENT de la tabla `medidas`
--
ALTER TABLE `medidas`
  MODIFY `id` bigint(20) UNSIGNED NOT NULL AUTO_INCREMENT, AUTO_INCREMENT=4;

--
-- AUTO_INCREMENT de la tabla `migrations`
--
ALTER TABLE `migrations`
  MODIFY `id` int(10) UNSIGNED NOT NULL AUTO_INCREMENT, AUTO_INCREMENT=131;

--
-- AUTO_INCREMENT de la tabla `movimientos`
--
ALTER TABLE `movimientos`
  MODIFY `id` bigint(20) UNSIGNED NOT NULL AUTO_INCREMENT, AUTO_INCREMENT=2;

--
-- AUTO_INCREMENT de la tabla `pago_compras`
--
ALTER TABLE `pago_compras`
  MODIFY `id` bigint(20) UNSIGNED NOT NULL AUTO_INCREMENT, AUTO_INCREMENT=3;

--
-- AUTO_INCREMENT de la tabla `pago_ventas`
--
ALTER TABLE `pago_ventas`
  MODIFY `id` bigint(20) UNSIGNED NOT NULL AUTO_INCREMENT, AUTO_INCREMENT=9;

--
-- AUTO_INCREMENT de la tabla `personas`
--
ALTER TABLE `personas`
  MODIFY `id` bigint(20) UNSIGNED NOT NULL AUTO_INCREMENT, AUTO_INCREMENT=3;

--
-- AUTO_INCREMENT de la tabla `preventas`
--
ALTER TABLE `preventas`
  MODIFY `id` bigint(20) UNSIGNED NOT NULL AUTO_INCREMENT, AUTO_INCREMENT=19;

--
-- AUTO_INCREMENT de la tabla `preventa_combos`
--
ALTER TABLE `preventa_combos`
  MODIFY `id` bigint(20) UNSIGNED NOT NULL AUTO_INCREMENT, AUTO_INCREMENT=9;

--
-- AUTO_INCREMENT de la tabla `preventa_detalles`
--
ALTER TABLE `preventa_detalles`
  MODIFY `id` bigint(20) UNSIGNED NOT NULL AUTO_INCREMENT, AUTO_INCREMENT=28;

--
-- AUTO_INCREMENT de la tabla `preventa_servicios`
--
ALTER TABLE `preventa_servicios`
  MODIFY `id` bigint(20) UNSIGNED NOT NULL AUTO_INCREMENT, AUTO_INCREMENT=10;

--
-- AUTO_INCREMENT de la tabla `productos`
--
ALTER TABLE `productos`
  MODIFY `id` bigint(20) UNSIGNED NOT NULL AUTO_INCREMENT, AUTO_INCREMENT=977;

--
-- AUTO_INCREMENT de la tabla `proveedors`
--
ALTER TABLE `proveedors`
  MODIFY `id` bigint(20) UNSIGNED NOT NULL AUTO_INCREMENT, AUTO_INCREMENT=2;

--
-- AUTO_INCREMENT de la tabla `servicios`
--
ALTER TABLE `servicios`
  MODIFY `id` bigint(20) UNSIGNED NOT NULL AUTO_INCREMENT, AUTO_INCREMENT=3;

--
-- AUTO_INCREMENT de la tabla `sucursal_users`
--
ALTER TABLE `sucursal_users`
  MODIFY `id` bigint(20) UNSIGNED NOT NULL AUTO_INCREMENT, AUTO_INCREMENT=5;

--
-- AUTO_INCREMENT de la tabla `tirajes`
--
ALTER TABLE `tirajes`
  MODIFY `id` bigint(20) UNSIGNED NOT NULL AUTO_INCREMENT, AUTO_INCREMENT=8;

--
-- AUTO_INCREMENT de la tabla `traspaso_inventarios`
--
ALTER TABLE `traspaso_inventarios`
  MODIFY `id` bigint(20) UNSIGNED NOT NULL AUTO_INCREMENT, AUTO_INCREMENT=2;

--
-- AUTO_INCREMENT de la tabla `traspaso_inventario_detalles`
--
ALTER TABLE `traspaso_inventario_detalles`
  MODIFY `id` bigint(20) UNSIGNED NOT NULL AUTO_INCREMENT, AUTO_INCREMENT=3;

--
-- AUTO_INCREMENT de la tabla `ventas`
--
ALTER TABLE `ventas`
  MODIFY `id` bigint(20) UNSIGNED NOT NULL AUTO_INCREMENT, AUTO_INCREMENT=132;

--
-- AUTO_INCREMENT de la tabla `venta_combos`
--
ALTER TABLE `venta_combos`
  MODIFY `id` bigint(20) UNSIGNED NOT NULL AUTO_INCREMENT, AUTO_INCREMENT=40;

--
-- AUTO_INCREMENT de la tabla `venta_items`
--
ALTER TABLE `venta_items`
  MODIFY `id` bigint(20) UNSIGNED NOT NULL AUTO_INCREMENT, AUTO_INCREMENT=180;

--
-- AUTO_INCREMENT de la tabla `venta_item_manuals`
--
ALTER TABLE `venta_item_manuals`
  MODIFY `id` bigint(20) UNSIGNED NOT NULL AUTO_INCREMENT, AUTO_INCREMENT=2;

--
-- AUTO_INCREMENT de la tabla `venta_servicios`
--
ALTER TABLE `venta_servicios`
  MODIFY `id` bigint(20) UNSIGNED NOT NULL AUTO_INCREMENT, AUTO_INCREMENT=19;

--
-- Restricciones para tablas volcadas
--

--
-- Filtros para la tabla `ajuste_inventarios`
--
ALTER TABLE `ajuste_inventarios`
  ADD CONSTRAINT `ajuste_inventarios_sucursal_id_foreign` FOREIGN KEY (`sucursal_id`) REFERENCES `sucursals` (`id`),
  ADD CONSTRAINT `ajuste_inventarios_user_id_foreign` FOREIGN KEY (`user_id`) REFERENCES `users` (`id`);

--
-- Filtros para la tabla `ajuste_inventario_detalles`
--
ALTER TABLE `ajuste_inventario_detalles`
  ADD CONSTRAINT `ajuste_inventario_detalles_ajuste_inventario_id_foreign` FOREIGN KEY (`ajuste_inventario_id`) REFERENCES `ajuste_inventarios` (`id`),
  ADD CONSTRAINT `ajuste_inventario_detalles_almacen_id_foreign` FOREIGN KEY (`almacen_id`) REFERENCES `almacens` (`id`),
  ADD CONSTRAINT `ajuste_inventario_detalles_item_id_foreign` FOREIGN KEY (`item_id`) REFERENCES `items` (`id`),
  ADD CONSTRAINT `ajuste_inventario_detalles_item_movimiento_id_foreign` FOREIGN KEY (`item_movimiento_id`) REFERENCES `item_movimientos` (`id`),
  ADD CONSTRAINT `ajuste_inventario_detalles_producto_id_foreign` FOREIGN KEY (`producto_id`) REFERENCES `productos` (`id`),
  ADD CONSTRAINT `ajuste_inventario_detalles_sucursal_id_foreign` FOREIGN KEY (`sucursal_id`) REFERENCES `sucursals` (`id`),
  ADD CONSTRAINT `ajuste_inventario_detalles_user_id_foreign` FOREIGN KEY (`user_id`) REFERENCES `users` (`id`);

--
-- Filtros para la tabla `almacens`
--
ALTER TABLE `almacens`
  ADD CONSTRAINT `almacens_sucursal_id_foreign` FOREIGN KEY (`sucursal_id`) REFERENCES `sucursals` (`id`);

--
-- Filtros para la tabla `archivo_personas`
--
ALTER TABLE `archivo_personas`
  ADD CONSTRAINT `archivo_personas_archivo_id_foreign` FOREIGN KEY (`archivo_id`) REFERENCES `archivos` (`id`),
  ADD CONSTRAINT `archivo_personas_persona_id_foreign` FOREIGN KEY (`persona_id`) REFERENCES `personas` (`id`);

--
-- Filtros para la tabla `archivo_productos`
--
ALTER TABLE `archivo_productos`
  ADD CONSTRAINT `archivo_productos_archivo_id_foreign` FOREIGN KEY (`archivo_id`) REFERENCES `archivos` (`id`),
  ADD CONSTRAINT `archivo_productos_producto_id_foreign` FOREIGN KEY (`producto_id`) REFERENCES `productos` (`id`);

--
-- Filtros para la tabla `archivo_servicios`
--
ALTER TABLE `archivo_servicios`
  ADD CONSTRAINT `archivo_servicios_archivo_id_foreign` FOREIGN KEY (`archivo_id`) REFERENCES `archivos` (`id`),
  ADD CONSTRAINT `archivo_servicios_servicio_id_foreign` FOREIGN KEY (`servicio_id`) REFERENCES `servicios` (`id`);

--
-- Filtros para la tabla `archivo_sucursals`
--
ALTER TABLE `archivo_sucursals`
  ADD CONSTRAINT `archivo_sucursals_archivo_id_foreign` FOREIGN KEY (`archivo_id`) REFERENCES `archivos` (`id`),
  ADD CONSTRAINT `archivo_sucursals_sucursal_id_foreign` FOREIGN KEY (`sucursal_id`) REFERENCES `sucursals` (`id`);

--
-- Filtros para la tabla `arqueos`
--
ALTER TABLE `arqueos`
  ADD CONSTRAINT `arqueos_caja_id_foreign` FOREIGN KEY (`caja_id`) REFERENCES `cajas` (`id`),
  ADD CONSTRAINT `arqueos_sucursal_id_foreign` FOREIGN KEY (`sucursal_id`) REFERENCES `sucursals` (`id`),
  ADD CONSTRAINT `arqueos_user_id_foreign` FOREIGN KEY (`user_id`) REFERENCES `users` (`id`);

--
-- Filtros para la tabla `arqueo_movimientos`
--
ALTER TABLE `arqueo_movimientos`
  ADD CONSTRAINT `arqueo_movimientos_arqueo_id_foreign` FOREIGN KEY (`arqueo_id`) REFERENCES `arqueos` (`id`) ON DELETE CASCADE,
  ADD CONSTRAINT `arqueo_movimientos_formapago_id_foreign` FOREIGN KEY (`formapago_id`) REFERENCES `formapagos` (`id`) ON DELETE CASCADE,
  ADD CONSTRAINT `arqueo_movimientos_sucursal_id_foreign` FOREIGN KEY (`sucursal_id`) REFERENCES `sucursals` (`id`) ON DELETE CASCADE,
  ADD CONSTRAINT `arqueo_movimientos_user_id_foreign` FOREIGN KEY (`user_id`) REFERENCES `users` (`id`);

--
-- Filtros para la tabla `cajas`
--
ALTER TABLE `cajas`
  ADD CONSTRAINT `cajas_sucursal_id_foreign` FOREIGN KEY (`sucursal_id`) REFERENCES `sucursals` (`id`),
  ADD CONSTRAINT `cajas_user_id_foreign` FOREIGN KEY (`user_id`) REFERENCES `users` (`id`);

--
-- Filtros para la tabla `clientes`
--
ALTER TABLE `clientes`
  ADD CONSTRAINT `clientes_documento_id_foreign` FOREIGN KEY (`documento_id`) REFERENCES `documentos` (`id`);

--
-- Filtros para la tabla `combos`
--
ALTER TABLE `combos`
  ADD CONSTRAINT `combos_medida_id_foreign` FOREIGN KEY (`medida_id`) REFERENCES `medidas` (`id`);

--
-- Filtros para la tabla `combo_archivos`
--
ALTER TABLE `combo_archivos`
  ADD CONSTRAINT `combo_archivos_archivo_id_foreign` FOREIGN KEY (`archivo_id`) REFERENCES `archivos` (`id`),
  ADD CONSTRAINT `combo_archivos_combo_id_foreign` FOREIGN KEY (`combo_id`) REFERENCES `combos` (`id`);

--
-- Filtros para la tabla `combo_detalles`
--
ALTER TABLE `combo_detalles`
  ADD CONSTRAINT `combo_detalles_combo_id_foreign` FOREIGN KEY (`combo_id`) REFERENCES `combos` (`id`),
  ADD CONSTRAINT `combo_detalles_producto_id_foreign` FOREIGN KEY (`producto_id`) REFERENCES `productos` (`id`);

--
-- Filtros para la tabla `combo_items`
--
ALTER TABLE `combo_items`
  ADD CONSTRAINT `combo_items_almacen_id_foreign` FOREIGN KEY (`almacen_id`) REFERENCES `almacens` (`id`),
  ADD CONSTRAINT `combo_items_combo_id_foreign` FOREIGN KEY (`combo_id`) REFERENCES `combos` (`id`),
  ADD CONSTRAINT `combo_items_sucursal_id_foreign` FOREIGN KEY (`sucursal_id`) REFERENCES `sucursals` (`id`);

--
-- Filtros para la tabla `combo_item_movimientos`
--
ALTER TABLE `combo_item_movimientos`
  ADD CONSTRAINT `combo_item_movimientos_almacen_id_foreign` FOREIGN KEY (`almacen_id`) REFERENCES `almacens` (`id`),
  ADD CONSTRAINT `combo_item_movimientos_combo_id_foreign` FOREIGN KEY (`combo_id`) REFERENCES `combos` (`id`),
  ADD CONSTRAINT `combo_item_movimientos_combo_item_id_foreign` FOREIGN KEY (`combo_item_id`) REFERENCES `combo_items` (`id`),
  ADD CONSTRAINT `combo_item_movimientos_sucursal_id_foreign` FOREIGN KEY (`sucursal_id`) REFERENCES `sucursals` (`id`),
  ADD CONSTRAINT `combo_item_movimientos_user_id_foreign` FOREIGN KEY (`user_id`) REFERENCES `users` (`id`);

--
-- Filtros para la tabla `compras`
--
ALTER TABLE `compras`
  ADD CONSTRAINT `compras_almacen_id_foreign` FOREIGN KEY (`almacen_id`) REFERENCES `almacens` (`id`),
  ADD CONSTRAINT `compras_comprobante_id_foreign` FOREIGN KEY (`comprobante_id`) REFERENCES `comprobantes` (`id`),
  ADD CONSTRAINT `compras_proveedor_id_foreign` FOREIGN KEY (`proveedor_id`) REFERENCES `proveedors` (`id`),
  ADD CONSTRAINT `compras_sucursal_id_foreign` FOREIGN KEY (`sucursal_id`) REFERENCES `sucursals` (`id`);

--
-- Filtros para la tabla `compra_items`
--
ALTER TABLE `compra_items`
  ADD CONSTRAINT `compra_items_compra_id_foreign` FOREIGN KEY (`compra_id`) REFERENCES `compras` (`id`),
  ADD CONSTRAINT `compra_items_item_id_foreign` FOREIGN KEY (`item_id`) REFERENCES `items` (`id`),
  ADD CONSTRAINT `compra_items_producto_id_foreign` FOREIGN KEY (`producto_id`) REFERENCES `productos` (`id`);

--
-- Filtros para la tabla `cotizacions`
--
ALTER TABLE `cotizacions`
  ADD CONSTRAINT `cotizacions_arqueo_id_foreign` FOREIGN KEY (`arqueo_id`) REFERENCES `arqueos` (`id`),
  ADD CONSTRAINT `cotizacions_cliente_id_foreign` FOREIGN KEY (`cliente_id`) REFERENCES `clientes` (`id`),
  ADD CONSTRAINT `cotizacions_sucursal_id_foreign` FOREIGN KEY (`sucursal_id`) REFERENCES `sucursals` (`id`),
  ADD CONSTRAINT `cotizacions_user_id_foreign` FOREIGN KEY (`user_id`) REFERENCES `users` (`id`);

--
-- Filtros para la tabla `cotizacion_combos`
--
ALTER TABLE `cotizacion_combos`
  ADD CONSTRAINT `cotizacion_combos_combo_id_foreign` FOREIGN KEY (`combo_id`) REFERENCES `combos` (`id`),
  ADD CONSTRAINT `cotizacion_combos_combo_item_id_foreign` FOREIGN KEY (`combo_item_id`) REFERENCES `combo_items` (`id`),
  ADD CONSTRAINT `cotizacion_combos_cotizacion_id_foreign` FOREIGN KEY (`cotizacion_id`) REFERENCES `cotizacions` (`id`),
  ADD CONSTRAINT `cotizacion_combos_sucursal_id_foreign` FOREIGN KEY (`sucursal_id`) REFERENCES `sucursals` (`id`),
  ADD CONSTRAINT `cotizacion_combos_user_id_foreign` FOREIGN KEY (`user_id`) REFERENCES `users` (`id`);

--
-- Filtros para la tabla `cotizacion_detalles`
--
ALTER TABLE `cotizacion_detalles`
  ADD CONSTRAINT `cotizacion_detalles_almacen_id_foreign` FOREIGN KEY (`almacen_id`) REFERENCES `almacens` (`id`),
  ADD CONSTRAINT `cotizacion_detalles_cotizacion_id_foreign` FOREIGN KEY (`cotizacion_id`) REFERENCES `cotizacions` (`id`),
  ADD CONSTRAINT `cotizacion_detalles_item_id_foreign` FOREIGN KEY (`item_id`) REFERENCES `items` (`id`),
  ADD CONSTRAINT `cotizacion_detalles_producto_id_foreign` FOREIGN KEY (`producto_id`) REFERENCES `productos` (`id`),
  ADD CONSTRAINT `cotizacion_detalles_sucursal_id_foreign` FOREIGN KEY (`sucursal_id`) REFERENCES `sucursals` (`id`),
  ADD CONSTRAINT `cotizacion_detalles_user_id_foreign` FOREIGN KEY (`user_id`) REFERENCES `users` (`id`);

--
-- Filtros para la tabla `cotizacion_servicios`
--
ALTER TABLE `cotizacion_servicios`
  ADD CONSTRAINT `cotizacion_servicios_cotizacion_id_foreign` FOREIGN KEY (`cotizacion_id`) REFERENCES `cotizacions` (`id`),
  ADD CONSTRAINT `cotizacion_servicios_servicio_id_foreign` FOREIGN KEY (`servicio_id`) REFERENCES `servicios` (`id`),
  ADD CONSTRAINT `cotizacion_servicios_sucursal_id_foreign` FOREIGN KEY (`sucursal_id`) REFERENCES `sucursals` (`id`),
  ADD CONSTRAINT `cotizacion_servicios_user_id_foreign` FOREIGN KEY (`user_id`) REFERENCES `users` (`id`);

--
-- Filtros para la tabla `historico_precios`
--
ALTER TABLE `historico_precios`
  ADD CONSTRAINT `historico_precios_compra_id_foreign` FOREIGN KEY (`compra_id`) REFERENCES `compras` (`id`),
  ADD CONSTRAINT `historico_precios_item_id_foreign` FOREIGN KEY (`item_id`) REFERENCES `items` (`id`),
  ADD CONSTRAINT `historico_precios_producto_id_foreign` FOREIGN KEY (`producto_id`) REFERENCES `productos` (`id`),
  ADD CONSTRAINT `historico_precios_proveedor_id_foreign` FOREIGN KEY (`proveedor_id`) REFERENCES `proveedors` (`id`),
  ADD CONSTRAINT `historico_precios_sucursal_id_foreign` FOREIGN KEY (`sucursal_id`) REFERENCES `sucursals` (`id`);

--
-- Filtros para la tabla `items`
--
ALTER TABLE `items`
  ADD CONSTRAINT `items_almacen_id_foreign` FOREIGN KEY (`almacen_id`) REFERENCES `almacens` (`id`),
  ADD CONSTRAINT `items_producto_id_foreign` FOREIGN KEY (`producto_id`) REFERENCES `productos` (`id`),
  ADD CONSTRAINT `items_sucursal_id_foreign` FOREIGN KEY (`sucursal_id`) REFERENCES `sucursals` (`id`);

--
-- Filtros para la tabla `item_movimientos`
--
ALTER TABLE `item_movimientos`
  ADD CONSTRAINT `item_movimientos_almacen_id_foreign` FOREIGN KEY (`almacen_id`) REFERENCES `almacens` (`id`),
  ADD CONSTRAINT `item_movimientos_item_id_foreign` FOREIGN KEY (`item_id`) REFERENCES `items` (`id`),
  ADD CONSTRAINT `item_movimientos_producto_id_foreign` FOREIGN KEY (`producto_id`) REFERENCES `productos` (`id`),
  ADD CONSTRAINT `item_movimientos_sucursal_id_foreign` FOREIGN KEY (`sucursal_id`) REFERENCES `sucursals` (`id`),
  ADD CONSTRAINT `item_movimientos_user_id_foreign` FOREIGN KEY (`user_id`) REFERENCES `users` (`id`);

--
-- Filtros para la tabla `item_perecederos`
--
ALTER TABLE `item_perecederos`
  ADD CONSTRAINT `item_perecederos_item_id_foreign` FOREIGN KEY (`item_id`) REFERENCES `items` (`id`);

--
-- Filtros para la tabla `kardex_combos`
--
ALTER TABLE `kardex_combos`
  ADD CONSTRAINT `kardex_combos_almacen_id_foreign` FOREIGN KEY (`almacen_id`) REFERENCES `almacens` (`id`),
  ADD CONSTRAINT `kardex_combos_combo_id_foreign` FOREIGN KEY (`combo_id`) REFERENCES `combos` (`id`),
  ADD CONSTRAINT `kardex_combos_combo_item_id_foreign` FOREIGN KEY (`combo_item_id`) REFERENCES `combo_items` (`id`),
  ADD CONSTRAINT `kardex_combos_sucursal_id_foreign` FOREIGN KEY (`sucursal_id`) REFERENCES `sucursals` (`id`),
  ADD CONSTRAINT `kardex_combos_user_id_foreign` FOREIGN KEY (`user_id`) REFERENCES `users` (`id`);

--
-- Filtros para la tabla `movimientos`
--
ALTER TABLE `movimientos`
  ADD CONSTRAINT `movimientos_arqueo_id_foreign` FOREIGN KEY (`arqueo_id`) REFERENCES `arqueos` (`id`),
  ADD CONSTRAINT `movimientos_formapago_id_foreign` FOREIGN KEY (`formapago_id`) REFERENCES `formapagos` (`id`),
  ADD CONSTRAINT `movimientos_sucursal_id_foreign` FOREIGN KEY (`sucursal_id`) REFERENCES `sucursals` (`id`),
  ADD CONSTRAINT `movimientos_user_id_foreign` FOREIGN KEY (`user_id`) REFERENCES `users` (`id`);

--
-- Filtros para la tabla `pago_ventas`
--
ALTER TABLE `pago_ventas`
  ADD CONSTRAINT `pago_ventas_cliente_id_foreign` FOREIGN KEY (`cliente_id`) REFERENCES `clientes` (`id`),
  ADD CONSTRAINT `pago_ventas_formapago_id_foreign` FOREIGN KEY (`formapago_id`) REFERENCES `formapagos` (`id`),
  ADD CONSTRAINT `pago_ventas_sucursal_id_foreign` FOREIGN KEY (`sucursal_id`) REFERENCES `sucursals` (`id`),
  ADD CONSTRAINT `pago_ventas_venta_id_foreign` FOREIGN KEY (`venta_id`) REFERENCES `ventas` (`id`);

--
-- Filtros para la tabla `personas`
--
ALTER TABLE `personas`
  ADD CONSTRAINT `personas_documento_id_foreign` FOREIGN KEY (`documento_id`) REFERENCES `documentos` (`id`);

--
-- Filtros para la tabla `preventas`
--
ALTER TABLE `preventas`
  ADD CONSTRAINT `preventas_arqueo_id_foreign` FOREIGN KEY (`arqueo_id`) REFERENCES `arqueos` (`id`),
  ADD CONSTRAINT `preventas_cliente_id_foreign` FOREIGN KEY (`cliente_id`) REFERENCES `clientes` (`id`),
  ADD CONSTRAINT `preventas_sucursal_id_foreign` FOREIGN KEY (`sucursal_id`) REFERENCES `sucursals` (`id`),
  ADD CONSTRAINT `preventas_user_id_foreign` FOREIGN KEY (`user_id`) REFERENCES `users` (`id`);

--
-- Filtros para la tabla `preventa_combos`
--
ALTER TABLE `preventa_combos`
  ADD CONSTRAINT `preventa_combos_combo_id_foreign` FOREIGN KEY (`combo_id`) REFERENCES `combos` (`id`),
  ADD CONSTRAINT `preventa_combos_combo_item_id_foreign` FOREIGN KEY (`combo_item_id`) REFERENCES `combo_items` (`id`),
  ADD CONSTRAINT `preventa_combos_combo_item_movimiento_id_foreign` FOREIGN KEY (`combo_item_movimiento_id`) REFERENCES `combo_item_movimientos` (`id`),
  ADD CONSTRAINT `preventa_combos_preventa_id_foreign` FOREIGN KEY (`preventa_id`) REFERENCES `preventas` (`id`),
  ADD CONSTRAINT `preventa_combos_sucursal_id_foreign` FOREIGN KEY (`sucursal_id`) REFERENCES `sucursals` (`id`),
  ADD CONSTRAINT `preventa_combos_user_id_foreign` FOREIGN KEY (`user_id`) REFERENCES `users` (`id`);

--
-- Filtros para la tabla `preventa_detalles`
--
ALTER TABLE `preventa_detalles`
  ADD CONSTRAINT `preventa_detalles_almacen_id_foreign` FOREIGN KEY (`almacen_id`) REFERENCES `almacens` (`id`),
  ADD CONSTRAINT `preventa_detalles_item_id_foreign` FOREIGN KEY (`item_id`) REFERENCES `items` (`id`),
  ADD CONSTRAINT `preventa_detalles_item_movimiento_id_foreign` FOREIGN KEY (`item_movimiento_id`) REFERENCES `item_movimientos` (`id`),
  ADD CONSTRAINT `preventa_detalles_preventa_id_foreign` FOREIGN KEY (`preventa_id`) REFERENCES `preventas` (`id`),
  ADD CONSTRAINT `preventa_detalles_producto_id_foreign` FOREIGN KEY (`producto_id`) REFERENCES `productos` (`id`),
  ADD CONSTRAINT `preventa_detalles_sucursal_id_foreign` FOREIGN KEY (`sucursal_id`) REFERENCES `sucursals` (`id`),
  ADD CONSTRAINT `preventa_detalles_user_id_foreign` FOREIGN KEY (`user_id`) REFERENCES `users` (`id`);

--
-- Filtros para la tabla `venta_combos`
--
ALTER TABLE `venta_combos`
  ADD CONSTRAINT `venta_combos_combo_id_foreign` FOREIGN KEY (`combo_id`) REFERENCES `combos` (`id`),
  ADD CONSTRAINT `venta_combos_combo_item_id_foreign` FOREIGN KEY (`combo_item_id`) REFERENCES `combo_items` (`id`),
  ADD CONSTRAINT `venta_combos_combo_item_movimiento_id_foreign` FOREIGN KEY (`combo_item_movimiento_id`) REFERENCES `combo_item_movimientos` (`id`),
  ADD CONSTRAINT `venta_combos_sucursal_id_foreign` FOREIGN KEY (`sucursal_id`) REFERENCES `sucursals` (`id`),
  ADD CONSTRAINT `venta_combos_user_id_foreign` FOREIGN KEY (`user_id`) REFERENCES `users` (`id`),
  ADD CONSTRAINT `venta_combos_venta_id_foreign` FOREIGN KEY (`venta_id`) REFERENCES `ventas` (`id`);

--
-- Filtros para la tabla `venta_item_manuals`
--
ALTER TABLE `venta_item_manuals`
  ADD CONSTRAINT `venta_item_manuals_sucursal_id_foreign` FOREIGN KEY (`sucursal_id`) REFERENCES `sucursals` (`id`),
  ADD CONSTRAINT `venta_item_manuals_user_id_foreign` FOREIGN KEY (`user_id`) REFERENCES `users` (`id`),
  ADD CONSTRAINT `venta_item_manuals_venta_id_foreign` FOREIGN KEY (`venta_id`) REFERENCES `ventas` (`id`);
COMMIT;

